{"id":82831,"date":"2024-01-29T13:59:50","date_gmt":"2024-01-29T12:59:50","guid":{"rendered":"https:\/\/lilleartup.com\/?post_type=gallery&#038;p=82831"},"modified":"2025-02-19T12:36:13","modified_gmt":"2025-02-19T11:36:13","slug":"crp-centre-regional-de-la-photographie-hauts-de-france","status":"publish","type":"gallery","link":"https:\/\/lilleartup.com\/en\/all-gallery\/crp-centre-regional-de-la-photographie-hauts-de-france\/","title":{"rendered":"CRP\/ Centre r\u00e9gional de la photographie Hauts-de-France"},"content":{"rendered":"<p>Lieu de r\u00e9f\u00e9rence, le CRP\/ Centre r\u00e9gional de la photographie Hauts-de-France agit en faveur de la cr\u00e9ation et la diffusion de l\u2019image contemporaine en France.<\/p>\n<p>Dans sa galerie \u00e0 Douchy-les-Mines, le CRP\/ d\u00e9cline une programmation originale et engag\u00e9e de trois \u00e0 quatre expositions par an. En \u00e9cho, des visites, des rencontres et des ateliers, gratuits et accessibles \u00e0 tous, sont propos\u00e9s pour exp\u00e9rimenter l\u2019image sous toutes ses formes. Depuis quarante ans, le CRP\/ conserve et g\u00e8re une collection exceptionnelle ainsi qu\u2019une artoth\u00e8que recouvrant pr\u00e8s de 10 000 \u0153uvres dont le rayonnement s\u2019\u00e9tend sur une \u00e9chelle tant r\u00e9gionale qu\u2019internationale. Ressource majeure sur le m\u00e9dium, le centre d\u2019art met \u00e0 disposition une biblioth\u00e8que sp\u00e9cialis\u00e9e, un laboratoire argentique, un espace de m\u00e9diation d\u00e9di\u00e9 LaBOX et un parc de mat\u00e9riel p\u00e9dagogique et technique.<\/p>\n<p>Son histoire, ses missions et sa sp\u00e9cificit\u00e9 font du CRP\/ un lieu unique, ancr\u00e9 sur son territoire et ouvert sur le monde.<\/p>\n","protected":false},"author":600,"featured_media":103386,"template":"","taxo_mouvement":[85],"taxo_technique":[22],"taxo_year_participe":[135,136],"taxo_type_d_exposants":[122],"class_list":["post-82831","gallery","type-gallery","status-publish","has-post-thumbnail","hentry"],"acf":[],"yoast_head":"<!-- This site is optimized with the Yoast SEO plugin v27.4 - https:\/\/yoast.com\/product\/yoast-seo-wordpress\/ -->\n<title>CRP\/ Centre r\u00e9gional de la photographie Hauts-de-France - Lille art up!<\/title>\n<meta name=\"robots\" content=\"index, follow, max-snippet:-1, max-image-preview:large, max-video-preview:-1\" \/>\n<meta property=\"og:locale\" content=\"en_US\" \/>\n<meta property=\"og:type\" content=\"article\" \/>\n<meta property=\"og:title\" content=\"CRP\/ Centre r\u00e9gional de la photographie Hauts-de-France - Lille art up!\" \/>\n<meta property=\"og:description\" content=\"Lieu de r\u00e9f\u00e9rence, le CRP\/ Centre r\u00e9gional de la photographie Hauts-de-France agit en faveur de la cr\u00e9ation et la diffusion de l\u2019image contemporaine en France. Dans sa galerie \u00e0 Douchy-les-Mines, le CRP\/ d\u00e9cline une programmation originale et engag\u00e9e de trois \u00e0 quatre expositions par an. En \u00e9cho, des visites, des rencontres et des ateliers, gratuits [&hellip;]\" \/>\n<meta property=\"og:url\" content=\"https:\/\/lilleartup.com\/en\/all-gallery\/crp-centre-regional-de-la-photographie-hauts-de-france\/\" \/>\n<meta property=\"og:site_name\" content=\"Lille art up!\" \/>\n<meta property=\"article:modified_time\" content=\"2025-02-19T11:36:13+00:00\" \/>\n<meta property=\"og:image\" content=\"https:\/\/lilleartup.com\/wp-content\/uploads\/2025\/01\/Hideyuki-Ishibashi-serie-Chromophore-.-Exposition-En-Creux.-Commande-photographique-sur-le-Bassin-minier-2023.-\u00a9-Alexis-Ouvrier-.jpg\" \/>\n\t<meta property=\"og:image:width\" content=\"1619\" \/>\n\t<meta property=\"og:image:height\" content=\"1080\" \/>\n\t<meta property=\"og:image:type\" content=\"image\/jpeg\" \/>\n<meta name=\"twitter:card\" content=\"summary_large_image\" \/>\n<script type=\"application\/ld+json\" class=\"yoast-schema-graph\">{\"@context\":\"https:\\\/\\\/schema.org\",\"@graph\":[{\"@type\":\"WebPage\",\"@id\":\"https:\\\/\\\/lilleartup.com\\\/en\\\/all-gallery\\\/crp-centre-regional-de-la-photographie-hauts-de-france\\\/\",\"url\":\"https:\\\/\\\/lilleartup.com\\\/en\\\/all-gallery\\\/crp-centre-regional-de-la-photographie-hauts-de-france\\\/\",\"name\":\"CRP\\\/ Centre r\u00e9gional de la photographie Hauts-de-France - Lille art up!\",\"isPartOf\":{\"@id\":\"https:\\\/\\\/lilleartup.com\\\/en\\\/#website\"},\"primaryImageOfPage\":{\"@id\":\"https:\\\/\\\/lilleartup.com\\\/en\\\/all-gallery\\\/crp-centre-regional-de-la-photographie-hauts-de-france\\\/#primaryimage\"},\"image\":{\"@id\":\"https:\\\/\\\/lilleartup.com\\\/en\\\/all-gallery\\\/crp-centre-regional-de-la-photographie-hauts-de-france\\\/#primaryimage\"},\"thumbnailUrl\":\"https:\\\/\\\/lilleartup.com\\\/wp-content\\\/uploads\\\/2025\\\/01\\\/Hideyuki-Ishibashi-serie-Chromophore-.-Exposition-En-Creux.-Commande-photographique-sur-le-Bassin-minier-2023.-\u00a9-Alexis-Ouvrier-.jpg\",\"datePublished\":\"2024-01-29T12:59:50+00:00\",\"dateModified\":\"2025-02-19T11:36:13+00:00\",\"breadcrumb\":{\"@id\":\"https:\\\/\\\/lilleartup.com\\\/en\\\/all-gallery\\\/crp-centre-regional-de-la-photographie-hauts-de-france\\\/#breadcrumb\"},\"inLanguage\":\"en-US\",\"potentialAction\":[{\"@type\":\"ReadAction\",\"target\":[\"https:\\\/\\\/lilleartup.com\\\/en\\\/all-gallery\\\/crp-centre-regional-de-la-photographie-hauts-de-france\\\/\"]}]},{\"@type\":\"ImageObject\",\"inLanguage\":\"en-US\",\"@id\":\"https:\\\/\\\/lilleartup.com\\\/en\\\/all-gallery\\\/crp-centre-regional-de-la-photographie-hauts-de-france\\\/#primaryimage\",\"url\":\"https:\\\/\\\/lilleartup.com\\\/wp-content\\\/uploads\\\/2025\\\/01\\\/Hideyuki-Ishibashi-serie-Chromophore-.-Exposition-En-Creux.-Commande-photographique-sur-le-Bassin-minier-2023.-\u00a9-Alexis-Ouvrier-.jpg\",\"contentUrl\":\"https:\\\/\\\/lilleartup.com\\\/wp-content\\\/uploads\\\/2025\\\/01\\\/Hideyuki-Ishibashi-serie-Chromophore-.-Exposition-En-Creux.-Commande-photographique-sur-le-Bassin-minier-2023.-\u00a9-Alexis-Ouvrier-.jpg\",\"width\":1619,\"height\":1080},{\"@type\":\"BreadcrumbList\",\"@id\":\"https:\\\/\\\/lilleartup.com\\\/en\\\/all-gallery\\\/crp-centre-regional-de-la-photographie-hauts-de-france\\\/#breadcrumb\",\"itemListElement\":[{\"@type\":\"ListItem\",\"position\":1,\"name\":\"Home\",\"item\":\"https:\\\/\\\/lilleartup.com\\\/en\\\/\"},{\"@type\":\"ListItem\",\"position\":2,\"name\":\"Galeries\",\"item\":\"https:\\\/\\\/lilleartup.com\\\/en\\\/all-gallery\\\/\"},{\"@type\":\"ListItem\",\"position\":3,\"name\":\"CRP\\\/ Centre r\u00e9gional de la photographie Hauts-de-France\"}]},{\"@type\":\"WebSite\",\"@id\":\"https:\\\/\\\/lilleartup.com\\\/en\\\/#website\",\"url\":\"https:\\\/\\\/lilleartup.com\\\/en\\\/\",\"name\":\"Lille art up!\",\"description\":\"\",\"potentialAction\":[{\"@type\":\"SearchAction\",\"target\":{\"@type\":\"EntryPoint\",\"urlTemplate\":\"https:\\\/\\\/lilleartup.com\\\/en\\\/?s={search_term_string}\"},\"query-input\":{\"@type\":\"PropertyValueSpecification\",\"valueRequired\":true,\"valueName\":\"search_term_string\"}}],\"inLanguage\":\"en-US\"}]}<\/script>\n<!-- \/ Yoast SEO plugin. -->","yoast_head_json":{"title":"CRP\/ Centre r\u00e9gional de la photographie Hauts-de-France - Lille art up!","robots":{"index":"index","follow":"follow","max-snippet":"max-snippet:-1","max-image-preview":"max-image-preview:large","max-video-preview":"max-video-preview:-1"},"og_locale":"en_US","og_type":"article","og_title":"CRP\/ Centre r\u00e9gional de la photographie Hauts-de-France - Lille art up!","og_description":"Lieu de r\u00e9f\u00e9rence, le CRP\/ Centre r\u00e9gional de la photographie Hauts-de-France agit en faveur de la cr\u00e9ation et la diffusion de l\u2019image contemporaine en France. Dans sa galerie \u00e0 Douchy-les-Mines, le CRP\/ d\u00e9cline une programmation originale et engag\u00e9e de trois \u00e0 quatre expositions par an. En \u00e9cho, des visites, des rencontres et des ateliers, gratuits [&hellip;]","og_url":"https:\/\/lilleartup.com\/en\/all-gallery\/crp-centre-regional-de-la-photographie-hauts-de-france\/","og_site_name":"Lille art up!","article_modified_time":"2025-02-19T11:36:13+00:00","og_image":[{"width":1619,"height":1080,"url":"https:\/\/lilleartup.com\/wp-content\/uploads\/2025\/01\/Hideyuki-Ishibashi-serie-Chromophore-.-Exposition-En-Creux.-Commande-photographique-sur-le-Bassin-minier-2023.-\u00a9-Alexis-Ouvrier-.jpg","type":"image\/jpeg"}],"twitter_card":"summary_large_image","schema":{"@context":"https:\/\/schema.org","@graph":[{"@type":"WebPage","@id":"https:\/\/lilleartup.com\/en\/all-gallery\/crp-centre-regional-de-la-photographie-hauts-de-france\/","url":"https:\/\/lilleartup.com\/en\/all-gallery\/crp-centre-regional-de-la-photographie-hauts-de-france\/","name":"CRP\/ Centre r\u00e9gional de la photographie Hauts-de-France - Lille art up!","isPartOf":{"@id":"https:\/\/lilleartup.com\/en\/#website"},"primaryImageOfPage":{"@id":"https:\/\/lilleartup.com\/en\/all-gallery\/crp-centre-regional-de-la-photographie-hauts-de-france\/#primaryimage"},"image":{"@id":"https:\/\/lilleartup.com\/en\/all-gallery\/crp-centre-regional-de-la-photographie-hauts-de-france\/#primaryimage"},"thumbnailUrl":"https:\/\/lilleartup.com\/wp-content\/uploads\/2025\/01\/Hideyuki-Ishibashi-serie-Chromophore-.-Exposition-En-Creux.-Commande-photographique-sur-le-Bassin-minier-2023.-\u00a9-Alexis-Ouvrier-.jpg","datePublished":"2024-01-29T12:59:50+00:00","dateModified":"2025-02-19T11:36:13+00:00","breadcrumb":{"@id":"https:\/\/lilleartup.com\/en\/all-gallery\/crp-centre-regional-de-la-photographie-hauts-de-france\/#breadcrumb"},"inLanguage":"en-US","potentialAction":[{"@type":"ReadAction","target":["https:\/\/lilleartup.com\/en\/all-gallery\/crp-centre-regional-de-la-photographie-hauts-de-france\/"]}]},{"@type":"ImageObject","inLanguage":"en-US","@id":"https:\/\/lilleartup.com\/en\/all-gallery\/crp-centre-regional-de-la-photographie-hauts-de-france\/#primaryimage","url":"https:\/\/lilleartup.com\/wp-content\/uploads\/2025\/01\/Hideyuki-Ishibashi-serie-Chromophore-.-Exposition-En-Creux.-Commande-photographique-sur-le-Bassin-minier-2023.-\u00a9-Alexis-Ouvrier-.jpg","contentUrl":"https:\/\/lilleartup.com\/wp-content\/uploads\/2025\/01\/Hideyuki-Ishibashi-serie-Chromophore-.-Exposition-En-Creux.-Commande-photographique-sur-le-Bassin-minier-2023.-\u00a9-Alexis-Ouvrier-.jpg","width":1619,"height":1080},{"@type":"BreadcrumbList","@id":"https:\/\/lilleartup.com\/en\/all-gallery\/crp-centre-regional-de-la-photographie-hauts-de-france\/#breadcrumb","itemListElement":[{"@type":"ListItem","position":1,"name":"Home","item":"https:\/\/lilleartup.com\/en\/"},{"@type":"ListItem","position":2,"name":"Galeries","item":"https:\/\/lilleartup.com\/en\/all-gallery\/"},{"@type":"ListItem","position":3,"name":"CRP\/ Centre r\u00e9gional de la photographie Hauts-de-France"}]},{"@type":"WebSite","@id":"https:\/\/lilleartup.com\/en\/#website","url":"https:\/\/lilleartup.com\/en\/","name":"Lille art up!","description":"","potentialAction":[{"@type":"SearchAction","target":{"@type":"EntryPoint","urlTemplate":"https:\/\/lilleartup.com\/en\/?s={search_term_string}"},"query-input":{"@type":"PropertyValueSpecification","valueRequired":true,"valueName":"search_term_string"}}],"inLanguage":"en-US"}]}},"_links":{"self":[{"href":"https:\/\/lilleartup.com\/en\/wp-json\/wp\/v2\/gallery\/82831","targetHints":{"allow":["GET"]}}],"collection":[{"href":"https:\/\/lilleartup.com\/en\/wp-json\/wp\/v2\/gallery"}],"about":[{"href":"https:\/\/lilleartup.com\/en\/wp-json\/wp\/v2\/types\/gallery"}],"author":[{"embeddable":true,"href":"https:\/\/lilleartup.com\/en\/wp-json\/wp\/v2\/users\/600"}],"version-history":[{"count":2,"href":"https:\/\/lilleartup.com\/en\/wp-json\/wp\/v2\/gallery\/82831\/revisions"}],"predecessor-version":[{"id":109300,"href":"https:\/\/lilleartup.com\/en\/wp-json\/wp\/v2\/gallery\/82831\/revisions\/109300"}],"wp:featuredmedia":[{"embeddable":true,"href":"https:\/\/lilleartup.com\/en\/wp-json\/wp\/v2\/media\/103386"}],"wp:attachment":[{"href":"https:\/\/lilleartup.com\/en\/wp-json\/wp\/v2\/media?parent=82831"}],"wp:term":[{"taxonomy":"taxo_mouvement","embeddable":true,"href":"https:\/\/lilleartup.com\/en\/wp-json\/wp\/v2\/taxo_mouvement?post=82831"},{"taxonomy":"taxo_technique","embeddable":true,"href":"https:\/\/lilleartup.com\/en\/wp-json\/wp\/v2\/taxo_technique?post=82831"},{"taxonomy":"taxo_year_participe","embeddable":true,"href":"https:\/\/lilleartup.com\/en\/wp-json\/wp\/v2\/taxo_year_participe?post=82831"},{"taxonomy":"taxo_type_d_exposants","embeddable":true,"href":"https:\/\/lilleartup.com\/en\/wp-json\/wp\/v2\/taxo_type_d_exposants?post=82831"}],"curies":[{"name":"wp","href":"https:\/\/api.w.org\/{rel}","templated":true}]}}

CRP/ Centre régional de la photographie Hauts-de-France

<p>Lieu de référence, le CRP/ Centre régional de la photographie Hauts-de-France agit en faveur de la création et la diffusion de l’image contemporaine en France.</p>
<p>Dans sa galerie à Douchy-les-Mines, le CRP/ décline une programmation originale et engagée de trois à quatre expositions par an. En écho, des visites, des rencontres et des ateliers, gratuits et accessibles à tous, sont proposés pour expérimenter l’image sous toutes ses formes. Depuis quarante ans, le CRP/ conserve et gère une collection exceptionnelle ainsi qu’une artothèque recouvrant près de 10 000 œuvres dont le rayonnement s’étend sur une échelle tant régionale qu’internationale. Ressource majeure sur le médium, le centre d’art met à disposition une bibliothèque spécialisée, un laboratoire argentique, un espace de médiation dédié LaBOX et un parc de matériel pédagogique et technique.</p>
<p>Son histoire, ses missions et sa spécificité font du CRP/ un lieu unique, ancré sur son territoire et ouvert sur le monde.</p>

<!-- This site is optimized with the Yoast SEO plugin v27.4 - https://yoast.com/product/yoast-seo-wordpress/ -->
<title>CRP/ Centre régional de la photographie Hauts-de-France - Lille art up!</title>
<meta name="robots" content="index, follow, max-snippet:-1, max-image-preview:large, max-video-preview:-1" />
<meta property="og:locale" content="en_US" />
<meta property="og:type" content="article" />
<meta property="og:title" content="CRP/ Centre régional de la photographie Hauts-de-France - Lille art up!" />
<meta property="og:description" content="Lieu de référence, le CRP/ Centre régional de la photographie Hauts-de-France agit en faveur de la création et la diffusion de l’image contemporaine en France. Dans sa galerie à Douchy-les-Mines, le CRP/ décline une programmation originale et engagée de trois à quatre expositions par an. En écho, des visites, des rencontres et des ateliers, gratuits [&hellip;]" />
<meta property="og:url" content="https://lilleartup.com/en/all-gallery/crp-centre-regional-de-la-photographie-hauts-de-france/" />
<meta property="og:site_name" content="Lille art up!" />
<meta property="article:modified_time" content="2025-02-19T11:36:13+00:00" />
<meta property="og:image" content="https://lilleartup.com/wp-content/uploads/2025/01/Hideyuki-Ishibashi-serie-Chromophore-.-Exposition-En-Creux.-Commande-photographique-sur-le-Bassin-minier-2023.-©-Alexis-Ouvrier-.jpg" />
	<meta property="og:image:width" content="1619" />
	<meta property="og:image:height" content="1080" />
	<meta property="og:image:type" content="image/jpeg" />
<meta name="twitter:card" content="summary_large_image" />
<script type="application/ld+json" class="yoast-schema-graph">{"@context":"https:\/\/schema.org","@graph":[{"@type":"WebPage","@id":"https:\/\/lilleartup.com\/en\/all-gallery\/crp-centre-regional-de-la-photographie-hauts-de-france\/","url":"https:\/\/lilleartup.com\/en\/all-gallery\/crp-centre-regional-de-la-photographie-hauts-de-france\/","name":"CRP\/ Centre régional de la photographie Hauts-de-France - Lille art up!","isPartOf":{"@id":"https:\/\/lilleartup.com\/en\/#website"},"primaryImageOfPage":{"@id":"https:\/\/lilleartup.com\/en\/all-gallery\/crp-centre-regional-de-la-photographie-hauts-de-france\/#primaryimage"},"image":{"@id":"https:\/\/lilleartup.com\/en\/all-gallery\/crp-centre-regional-de-la-photographie-hauts-de-france\/#primaryimage"},"thumbnailUrl":"https:\/\/lilleartup.com\/wp-content\/uploads\/2025\/01\/Hideyuki-Ishibashi-serie-Chromophore-.-Exposition-En-Creux.-Commande-photographique-sur-le-Bassin-minier-2023.-©-Alexis-Ouvrier-.jpg","datePublished":"2024-01-29T12:59:50+00:00","dateModified":"2025-02-19T11:36:13+00:00","breadcrumb":{"@id":"https:\/\/lilleartup.com\/en\/all-gallery\/crp-centre-regional-de-la-photographie-hauts-de-france\/#breadcrumb"},"inLanguage":"en-US","potentialAction":[{"@type":"ReadAction","target":["https:\/\/lilleartup.com\/en\/all-gallery\/crp-centre-regional-de-la-photographie-hauts-de-france\/"]}]},{"@type":"ImageObject","inLanguage":"en-US","@id":"https:\/\/lilleartup.com\/en\/all-gallery\/crp-centre-regional-de-la-photographie-hauts-de-france\/#primaryimage","url":"https:\/\/lilleartup.com\/wp-content\/uploads\/2025\/01\/Hideyuki-Ishibashi-serie-Chromophore-.-Exposition-En-Creux.-Commande-photographique-sur-le-Bassin-minier-2023.-©-Alexis-Ouvrier-.jpg","contentUrl":"https:\/\/lilleartup.com\/wp-content\/uploads\/2025\/01\/Hideyuki-Ishibashi-serie-Chromophore-.-Exposition-En-Creux.-Commande-photographique-sur-le-Bassin-minier-2023.-©-Alexis-Ouvrier-.jpg","width":1619,"height":1080},{"@type":"BreadcrumbList","@id":"https:\/\/lilleartup.com\/en\/all-gallery\/crp-centre-regional-de-la-photographie-hauts-de-france\/#breadcrumb","itemListElement":[{"@type":"ListItem","position":1,"name":"Home","item":"https:\/\/lilleartup.com\/en\/"},{"@type":"ListItem","position":2,"name":"Galeries","item":"https:\/\/lilleartup.com\/en\/all-gallery\/"},{"@type":"ListItem","position":3,"name":"CRP\/ Centre régional de la photographie Hauts-de-France"}]},{"@type":"WebSite","@id":"https:\/\/lilleartup.com\/en\/#website","url":"https:\/\/lilleartup.com\/en\/","name":"Lille art up!","description":"","potentialAction":[{"@type":"SearchAction","target":{"@type":"EntryPoint","urlTemplate":"https:\/\/lilleartup.com\/en\/?s={search_term_string}"},"query-input":{"@type":"PropertyValueSpecification","valueRequired":true,"valueName":"search_term_string"}}],"inLanguage":"en-US"}]}</script>
<!-- / Yoast SEO plugin. -->

CRP/ Centre régional de la photographie Hauts-de-France - Lille art up!

Lieu de référence, le CRP/ Centre régional de la photographie Hauts-de-France agit en faveur de la création et la diffusion de l’image contemporaine en France. Dans sa galerie à Douchy-les-Mines, le CRP/ décline une programmation originale et engagée de trois à quatre expositions par an. En écho, des visites, des rencontres et des ateliers, gratuits [&hellip;]
