{"id":69847,"date":"2023-10-25T13:35:01","date_gmt":"2023-10-25T11:35:01","guid":{"rendered":"https:\/\/lilleartup.com\/?post_type=gallery&#038;p=69847"},"modified":"2025-01-08T11:47:15","modified_gmt":"2025-01-08T10:47:15","slug":"bel-air-fine-art","status":"publish","type":"gallery","link":"https:\/\/lilleartup.com\/en\/all-gallery\/bel-air-fine-art\/","title":{"rendered":"Bel-Air Fine Art"},"content":{"rendered":"<p>Since its first opening in Geneva in 2004, the Bel-Air Fine Art group of contemporary art galleries has also opened locations in Paris, Saint-Tropez, Cannes, Aix-en-Provence, Venice, Forte dei Marmi, Crans-Montana, Verbier, Courchevel, Meg\u00e8ve, Gstaad, Knokke and Miami. At the head of the group, Fran\u00e7ois Chabanian, art dealer for now more than thirty years, art collector himself, and his son Gr\u00e9gory are involved in the promotion of their most iconic artists at exclusive events and international art fairs.<\/p>\n","protected":false},"author":519,"featured_media":69848,"template":"","taxo_mouvement":[],"taxo_technique":[],"taxo_year_participe":[135],"taxo_type_d_exposants":[],"class_list":["post-69847","gallery","type-gallery","status-publish","has-post-thumbnail","hentry"],"acf":[],"yoast_head":"<!-- This site is optimized with the Yoast SEO plugin v27.4 - https:\/\/yoast.com\/product\/yoast-seo-wordpress\/ -->\n<title>Bel-Air Fine Art - Lille art up!<\/title>\n<meta name=\"robots\" content=\"index, follow, max-snippet:-1, max-image-preview:large, max-video-preview:-1\" \/>\n<meta property=\"og:locale\" content=\"en_US\" \/>\n<meta property=\"og:type\" content=\"article\" \/>\n<meta property=\"og:title\" content=\"Bel-Air Fine Art - Lille art up!\" \/>\n<meta property=\"og:description\" content=\"Since its first opening in Geneva in 2004, the Bel-Air Fine Art group of contemporary art galleries has also opened locations in Paris, Saint-Tropez, Cannes, Aix-en-Provence, Venice, Forte dei Marmi, Crans-Montana, Verbier, Courchevel, Meg\u00e8ve, Gstaad, Knokke and Miami. At the head of the group, Fran\u00e7ois Chabanian, art dealer for now more than thirty years, art [&hellip;]\" \/>\n<meta property=\"og:url\" content=\"https:\/\/lilleartup.com\/en\/all-gallery\/bel-air-fine-art\/\" \/>\n<meta property=\"og:site_name\" content=\"Lille art up!\" \/>\n<meta property=\"article:modified_time\" content=\"2025-01-08T10:47:15+00:00\" \/>\n<meta property=\"og:image\" content=\"https:\/\/lilleartup.com\/wp-content\/uploads\/2023\/09\/Capture-decran-2023-09-08-a-14.22.13.png\" \/>\n\t<meta property=\"og:image:width\" content=\"632\" \/>\n\t<meta property=\"og:image:height\" content=\"632\" \/>\n\t<meta property=\"og:image:type\" content=\"image\/png\" \/>\n<meta name=\"twitter:card\" content=\"summary_large_image\" \/>\n<meta name=\"twitter:label1\" content=\"Est. reading time\" \/>\n\t<meta name=\"twitter:data1\" content=\"1 minute\" \/>\n<script type=\"application\/ld+json\" class=\"yoast-schema-graph\">{\"@context\":\"https:\\\/\\\/schema.org\",\"@graph\":[{\"@type\":\"WebPage\",\"@id\":\"https:\\\/\\\/lilleartup.com\\\/en\\\/all-gallery\\\/bel-air-fine-art\\\/\",\"url\":\"https:\\\/\\\/lilleartup.com\\\/en\\\/all-gallery\\\/bel-air-fine-art\\\/\",\"name\":\"Bel-Air Fine Art - Lille art up!\",\"isPartOf\":{\"@id\":\"https:\\\/\\\/lilleartup.com\\\/en\\\/#website\"},\"primaryImageOfPage\":{\"@id\":\"https:\\\/\\\/lilleartup.com\\\/en\\\/all-gallery\\\/bel-air-fine-art\\\/#primaryimage\"},\"image\":{\"@id\":\"https:\\\/\\\/lilleartup.com\\\/en\\\/all-gallery\\\/bel-air-fine-art\\\/#primaryimage\"},\"thumbnailUrl\":\"https:\\\/\\\/lilleartup.com\\\/wp-content\\\/uploads\\\/2023\\\/09\\\/Capture-decran-2023-09-08-a-14.22.13.png\",\"datePublished\":\"2023-10-25T11:35:01+00:00\",\"dateModified\":\"2025-01-08T10:47:15+00:00\",\"breadcrumb\":{\"@id\":\"https:\\\/\\\/lilleartup.com\\\/en\\\/all-gallery\\\/bel-air-fine-art\\\/#breadcrumb\"},\"inLanguage\":\"en-US\",\"potentialAction\":[{\"@type\":\"ReadAction\",\"target\":[\"https:\\\/\\\/lilleartup.com\\\/en\\\/all-gallery\\\/bel-air-fine-art\\\/\"]}]},{\"@type\":\"ImageObject\",\"inLanguage\":\"en-US\",\"@id\":\"https:\\\/\\\/lilleartup.com\\\/en\\\/all-gallery\\\/bel-air-fine-art\\\/#primaryimage\",\"url\":\"https:\\\/\\\/lilleartup.com\\\/wp-content\\\/uploads\\\/2023\\\/09\\\/Capture-decran-2023-09-08-a-14.22.13.png\",\"contentUrl\":\"https:\\\/\\\/lilleartup.com\\\/wp-content\\\/uploads\\\/2023\\\/09\\\/Capture-decran-2023-09-08-a-14.22.13.png\",\"width\":632,\"height\":632},{\"@type\":\"BreadcrumbList\",\"@id\":\"https:\\\/\\\/lilleartup.com\\\/en\\\/all-gallery\\\/bel-air-fine-art\\\/#breadcrumb\",\"itemListElement\":[{\"@type\":\"ListItem\",\"position\":1,\"name\":\"Home\",\"item\":\"https:\\\/\\\/lilleartup.com\\\/en\\\/\"},{\"@type\":\"ListItem\",\"position\":2,\"name\":\"Galeries\",\"item\":\"https:\\\/\\\/lilleartup.com\\\/en\\\/all-gallery\\\/\"},{\"@type\":\"ListItem\",\"position\":3,\"name\":\"Bel-Air Fine Art\"}]},{\"@type\":\"WebSite\",\"@id\":\"https:\\\/\\\/lilleartup.com\\\/en\\\/#website\",\"url\":\"https:\\\/\\\/lilleartup.com\\\/en\\\/\",\"name\":\"Lille art up!\",\"description\":\"\",\"potentialAction\":[{\"@type\":\"SearchAction\",\"target\":{\"@type\":\"EntryPoint\",\"urlTemplate\":\"https:\\\/\\\/lilleartup.com\\\/en\\\/?s={search_term_string}\"},\"query-input\":{\"@type\":\"PropertyValueSpecification\",\"valueRequired\":true,\"valueName\":\"search_term_string\"}}],\"inLanguage\":\"en-US\"}]}<\/script>\n<!-- \/ Yoast SEO plugin. -->","yoast_head_json":{"title":"Bel-Air Fine Art - Lille art up!","robots":{"index":"index","follow":"follow","max-snippet":"max-snippet:-1","max-image-preview":"max-image-preview:large","max-video-preview":"max-video-preview:-1"},"og_locale":"en_US","og_type":"article","og_title":"Bel-Air Fine Art - Lille art up!","og_description":"Since its first opening in Geneva in 2004, the Bel-Air Fine Art group of contemporary art galleries has also opened locations in Paris, Saint-Tropez, Cannes, Aix-en-Provence, Venice, Forte dei Marmi, Crans-Montana, Verbier, Courchevel, Meg\u00e8ve, Gstaad, Knokke and Miami. At the head of the group, Fran\u00e7ois Chabanian, art dealer for now more than thirty years, art [&hellip;]","og_url":"https:\/\/lilleartup.com\/en\/all-gallery\/bel-air-fine-art\/","og_site_name":"Lille art up!","article_modified_time":"2025-01-08T10:47:15+00:00","og_image":[{"width":632,"height":632,"url":"https:\/\/lilleartup.com\/wp-content\/uploads\/2023\/09\/Capture-decran-2023-09-08-a-14.22.13.png","type":"image\/png"}],"twitter_card":"summary_large_image","twitter_misc":{"Est. reading time":"1 minute"},"schema":{"@context":"https:\/\/schema.org","@graph":[{"@type":"WebPage","@id":"https:\/\/lilleartup.com\/en\/all-gallery\/bel-air-fine-art\/","url":"https:\/\/lilleartup.com\/en\/all-gallery\/bel-air-fine-art\/","name":"Bel-Air Fine Art - Lille art up!","isPartOf":{"@id":"https:\/\/lilleartup.com\/en\/#website"},"primaryImageOfPage":{"@id":"https:\/\/lilleartup.com\/en\/all-gallery\/bel-air-fine-art\/#primaryimage"},"image":{"@id":"https:\/\/lilleartup.com\/en\/all-gallery\/bel-air-fine-art\/#primaryimage"},"thumbnailUrl":"https:\/\/lilleartup.com\/wp-content\/uploads\/2023\/09\/Capture-decran-2023-09-08-a-14.22.13.png","datePublished":"2023-10-25T11:35:01+00:00","dateModified":"2025-01-08T10:47:15+00:00","breadcrumb":{"@id":"https:\/\/lilleartup.com\/en\/all-gallery\/bel-air-fine-art\/#breadcrumb"},"inLanguage":"en-US","potentialAction":[{"@type":"ReadAction","target":["https:\/\/lilleartup.com\/en\/all-gallery\/bel-air-fine-art\/"]}]},{"@type":"ImageObject","inLanguage":"en-US","@id":"https:\/\/lilleartup.com\/en\/all-gallery\/bel-air-fine-art\/#primaryimage","url":"https:\/\/lilleartup.com\/wp-content\/uploads\/2023\/09\/Capture-decran-2023-09-08-a-14.22.13.png","contentUrl":"https:\/\/lilleartup.com\/wp-content\/uploads\/2023\/09\/Capture-decran-2023-09-08-a-14.22.13.png","width":632,"height":632},{"@type":"BreadcrumbList","@id":"https:\/\/lilleartup.com\/en\/all-gallery\/bel-air-fine-art\/#breadcrumb","itemListElement":[{"@type":"ListItem","position":1,"name":"Home","item":"https:\/\/lilleartup.com\/en\/"},{"@type":"ListItem","position":2,"name":"Galeries","item":"https:\/\/lilleartup.com\/en\/all-gallery\/"},{"@type":"ListItem","position":3,"name":"Bel-Air Fine Art"}]},{"@type":"WebSite","@id":"https:\/\/lilleartup.com\/en\/#website","url":"https:\/\/lilleartup.com\/en\/","name":"Lille art up!","description":"","potentialAction":[{"@type":"SearchAction","target":{"@type":"EntryPoint","urlTemplate":"https:\/\/lilleartup.com\/en\/?s={search_term_string}"},"query-input":{"@type":"PropertyValueSpecification","valueRequired":true,"valueName":"search_term_string"}}],"inLanguage":"en-US"}]}},"_links":{"self":[{"href":"https:\/\/lilleartup.com\/en\/wp-json\/wp\/v2\/gallery\/69847","targetHints":{"allow":["GET"]}}],"collection":[{"href":"https:\/\/lilleartup.com\/en\/wp-json\/wp\/v2\/gallery"}],"about":[{"href":"https:\/\/lilleartup.com\/en\/wp-json\/wp\/v2\/types\/gallery"}],"author":[{"embeddable":true,"href":"https:\/\/lilleartup.com\/en\/wp-json\/wp\/v2\/users\/519"}],"version-history":[{"count":5,"href":"https:\/\/lilleartup.com\/en\/wp-json\/wp\/v2\/gallery\/69847\/revisions"}],"predecessor-version":[{"id":101526,"href":"https:\/\/lilleartup.com\/en\/wp-json\/wp\/v2\/gallery\/69847\/revisions\/101526"}],"wp:featuredmedia":[{"embeddable":true,"href":"https:\/\/lilleartup.com\/en\/wp-json\/wp\/v2\/media\/69848"}],"wp:attachment":[{"href":"https:\/\/lilleartup.com\/en\/wp-json\/wp\/v2\/media?parent=69847"}],"wp:term":[{"taxonomy":"taxo_mouvement","embeddable":true,"href":"https:\/\/lilleartup.com\/en\/wp-json\/wp\/v2\/taxo_mouvement?post=69847"},{"taxonomy":"taxo_technique","embeddable":true,"href":"https:\/\/lilleartup.com\/en\/wp-json\/wp\/v2\/taxo_technique?post=69847"},{"taxonomy":"taxo_year_participe","embeddable":true,"href":"https:\/\/lilleartup.com\/en\/wp-json\/wp\/v2\/taxo_year_participe?post=69847"},{"taxonomy":"taxo_type_d_exposants","embeddable":true,"href":"https:\/\/lilleartup.com\/en\/wp-json\/wp\/v2\/taxo_type_d_exposants?post=69847"}],"curies":[{"name":"wp","href":"https:\/\/api.w.org\/{rel}","templated":true}]}}

<p>Since its first opening in Geneva in 2004, the Bel-Air Fine Art group of contemporary art galleries has also opened locations in Paris, Saint-Tropez, Cannes, Aix-en-Provence, Venice, Forte dei Marmi, Crans-Montana, Verbier, Courchevel, Megève, Gstaad, Knokke and Miami. At the head of the group, François Chabanian, art dealer for now more than thirty years, art collector himself, and his son Grégory are involved in the promotion of their most iconic artists at exclusive events and international art fairs.</p>

<!-- This site is optimized with the Yoast SEO plugin v27.4 - https://yoast.com/product/yoast-seo-wordpress/ -->
<title>Bel-Air Fine Art - Lille art up!</title>
<meta name="robots" content="index, follow, max-snippet:-1, max-image-preview:large, max-video-preview:-1" />
<meta property="og:locale" content="en_US" />
<meta property="og:type" content="article" />
<meta property="og:title" content="Bel-Air Fine Art - Lille art up!" />
<meta property="og:description" content="Since its first opening in Geneva in 2004, the Bel-Air Fine Art group of contemporary art galleries has also opened locations in Paris, Saint-Tropez, Cannes, Aix-en-Provence, Venice, Forte dei Marmi, Crans-Montana, Verbier, Courchevel, Megève, Gstaad, Knokke and Miami. At the head of the group, François Chabanian, art dealer for now more than thirty years, art [&hellip;]" />
<meta property="og:url" content="https://lilleartup.com/en/all-gallery/bel-air-fine-art/" />
<meta property="og:site_name" content="Lille art up!" />
<meta property="article:modified_time" content="2025-01-08T10:47:15+00:00" />
<meta property="og:image" content="https://lilleartup.com/wp-content/uploads/2023/09/Capture-decran-2023-09-08-a-14.22.13.png" />
	<meta property="og:image:width" content="632" />
	<meta property="og:image:height" content="632" />
	<meta property="og:image:type" content="image/png" />
<meta name="twitter:card" content="summary_large_image" />
<meta name="twitter:label1" content="Est. reading time" />
	<meta name="twitter:data1" content="1 minute" />
<script type="application/ld+json" class="yoast-schema-graph">{"@context":"https:\/\/schema.org","@graph":[{"@type":"WebPage","@id":"https:\/\/lilleartup.com\/en\/all-gallery\/bel-air-fine-art\/","url":"https:\/\/lilleartup.com\/en\/all-gallery\/bel-air-fine-art\/","name":"Bel-Air Fine Art - Lille art up!","isPartOf":{"@id":"https:\/\/lilleartup.com\/en\/#website"},"primaryImageOfPage":{"@id":"https:\/\/lilleartup.com\/en\/all-gallery\/bel-air-fine-art\/#primaryimage"},"image":{"@id":"https:\/\/lilleartup.com\/en\/all-gallery\/bel-air-fine-art\/#primaryimage"},"thumbnailUrl":"https:\/\/lilleartup.com\/wp-content\/uploads\/2023\/09\/Capture-decran-2023-09-08-a-14.22.13.png","datePublished":"2023-10-25T11:35:01+00:00","dateModified":"2025-01-08T10:47:15+00:00","breadcrumb":{"@id":"https:\/\/lilleartup.com\/en\/all-gallery\/bel-air-fine-art\/#breadcrumb"},"inLanguage":"en-US","potentialAction":[{"@type":"ReadAction","target":["https:\/\/lilleartup.com\/en\/all-gallery\/bel-air-fine-art\/"]}]},{"@type":"ImageObject","inLanguage":"en-US","@id":"https:\/\/lilleartup.com\/en\/all-gallery\/bel-air-fine-art\/#primaryimage","url":"https:\/\/lilleartup.com\/wp-content\/uploads\/2023\/09\/Capture-decran-2023-09-08-a-14.22.13.png","contentUrl":"https:\/\/lilleartup.com\/wp-content\/uploads\/2023\/09\/Capture-decran-2023-09-08-a-14.22.13.png","width":632,"height":632},{"@type":"BreadcrumbList","@id":"https:\/\/lilleartup.com\/en\/all-gallery\/bel-air-fine-art\/#breadcrumb","itemListElement":[{"@type":"ListItem","position":1,"name":"Home","item":"https:\/\/lilleartup.com\/en\/"},{"@type":"ListItem","position":2,"name":"Galeries","item":"https:\/\/lilleartup.com\/en\/all-gallery\/"},{"@type":"ListItem","position":3,"name":"Bel-Air Fine Art"}]},{"@type":"WebSite","@id":"https:\/\/lilleartup.com\/en\/#website","url":"https:\/\/lilleartup.com\/en\/","name":"Lille art up!","description":"","potentialAction":[{"@type":"SearchAction","target":{"@type":"EntryPoint","urlTemplate":"https:\/\/lilleartup.com\/en\/?s={search_term_string}"},"query-input":{"@type":"PropertyValueSpecification","valueRequired":true,"valueName":"search_term_string"}}],"inLanguage":"en-US"}]}</script>
<!-- / Yoast SEO plugin. -->

Since its first opening in Geneva in 2004, the Bel-Air Fine Art group of contemporary art galleries has also opened locations in Paris, Saint-Tropez, Cannes, Aix-en-Provence, Venice, Forte dei Marmi, Crans-Montana, Verbier, Courchevel, Megève, Gstaad, Knokke and Miami. At the head of the group, François Chabanian, art dealer for now more than thirty years, art [&hellip;]
