{"id":109167,"date":"2025-02-19T10:48:57","date_gmt":"2025-02-19T09:48:57","guid":{"rendered":"https:\/\/lilleartup.com\/?post_type=gallery&#038;p=109167"},"modified":"2025-03-11T09:26:58","modified_gmt":"2025-03-11T08:26:58","slug":"institut-pour-la-photographie","status":"publish","type":"gallery","link":"https:\/\/lilleartup.com\/en\/all-gallery\/institut-pour-la-photographie\/","title":{"rendered":"INSTITUT POUR LA PHOTOGRAPHIE"},"content":{"rendered":"<p>Ferm\u00e9 au public depuis la fin de sa derni\u00e8re programmation de pr\u00e9figuration pour laisser place aux travaux de restauration et d\u2019agrandissement de ses locaux du Vieux-Lille, l\u2019Institut pour la photographie poursuit d\u00e9sormais l\u2019ensemble de ses activit\u00e9s hors-les-murs.<\/p>\n<p>C\u2019est dans ce cadre qu\u2019il a pr\u00e9sent\u00e9 la 4e \u00e9dition des Openfolios \u00e0 l\u2019Eglise Sainte-Marie-Madeleine \u00e0 Lille, les 25 et 26 mai derniers. Destin\u00e9es aux photographes professionnels ou amateurs issus de l\u2019Euror\u00e9gion, ces lectures ouvertes de portfolios associent un jury d\u2019experts internationaux et le public. \u00c0 chaque \u00e9dition, une trentaine de photographes sont s\u00e9lectionn\u00e9s \u00e0 l\u2019issue d\u2019un appel \u00e0 candidatures pour participer \u00e0 ces lectures. Selon les ann\u00e9es, 4 \u00e0 5 d\u2019entre eux sont d\u00e9sign\u00e9s laur\u00e9ats et b\u00e9n\u00e9ficient d\u2019un moment de restitution publique.<\/p>\n<p>\u00c0 l\u2019occasion de la prochaine \u00e9dition d\u2019Art Up!, l\u2019Institut pour la photographie propose de pr\u00e9senter une s\u00e9lection de travaux des cinq laur\u00e9ates de l\u2019Openfolio #4 qui s\u2019est tenu en avril dernier.<\/p>\n","protected":false},"author":88,"featured_media":109766,"template":"","taxo_mouvement":[],"taxo_technique":[],"taxo_year_participe":[136],"taxo_type_d_exposants":[],"class_list":["post-109167","gallery","type-gallery","status-publish","has-post-thumbnail","hentry"],"acf":[],"yoast_head":"<!-- This site is optimized with the Yoast SEO plugin v27.4 - https:\/\/yoast.com\/product\/yoast-seo-wordpress\/ -->\n<title>INSTITUT POUR LA PHOTOGRAPHIE - Lille art up!<\/title>\n<meta name=\"robots\" content=\"index, follow, max-snippet:-1, max-image-preview:large, max-video-preview:-1\" \/>\n<meta property=\"og:locale\" content=\"en_US\" \/>\n<meta property=\"og:type\" content=\"article\" \/>\n<meta property=\"og:title\" content=\"INSTITUT POUR LA PHOTOGRAPHIE - Lille art up!\" \/>\n<meta property=\"og:description\" content=\"Ferm\u00e9 au public depuis la fin de sa derni\u00e8re programmation de pr\u00e9figuration pour laisser place aux travaux de restauration et d\u2019agrandissement de ses locaux du Vieux-Lille, l\u2019Institut pour la photographie poursuit d\u00e9sormais l\u2019ensemble de ses activit\u00e9s hors-les-murs. C\u2019est dans ce cadre qu\u2019il a pr\u00e9sent\u00e9 la 4e \u00e9dition des Openfolios \u00e0 l\u2019Eglise Sainte-Marie-Madeleine \u00e0 Lille, les [&hellip;]\" \/>\n<meta property=\"og:url\" content=\"https:\/\/lilleartup.com\/en\/all-gallery\/institut-pour-la-photographie\/\" \/>\n<meta property=\"og:site_name\" content=\"Lille art up!\" \/>\n<meta property=\"article:modified_time\" content=\"2025-03-11T08:26:58+00:00\" \/>\n<meta property=\"og:image\" content=\"https:\/\/lilleartup.com\/wp-content\/uploads\/2025\/02\/Institut-de-la-photographie.jpg\" \/>\n\t<meta property=\"og:image:width\" content=\"1024\" \/>\n\t<meta property=\"og:image:height\" content=\"681\" \/>\n\t<meta property=\"og:image:type\" content=\"image\/jpeg\" \/>\n<meta name=\"twitter:card\" content=\"summary_large_image\" \/>\n<meta name=\"twitter:label1\" content=\"Est. reading time\" \/>\n\t<meta name=\"twitter:data1\" content=\"1 minute\" \/>\n<script type=\"application\/ld+json\" class=\"yoast-schema-graph\">{\"@context\":\"https:\\\/\\\/schema.org\",\"@graph\":[{\"@type\":\"WebPage\",\"@id\":\"https:\\\/\\\/lilleartup.com\\\/en\\\/all-gallery\\\/institut-pour-la-photographie\\\/\",\"url\":\"https:\\\/\\\/lilleartup.com\\\/en\\\/all-gallery\\\/institut-pour-la-photographie\\\/\",\"name\":\"INSTITUT POUR LA PHOTOGRAPHIE - Lille art up!\",\"isPartOf\":{\"@id\":\"https:\\\/\\\/lilleartup.com\\\/en\\\/#website\"},\"primaryImageOfPage\":{\"@id\":\"https:\\\/\\\/lilleartup.com\\\/en\\\/all-gallery\\\/institut-pour-la-photographie\\\/#primaryimage\"},\"image\":{\"@id\":\"https:\\\/\\\/lilleartup.com\\\/en\\\/all-gallery\\\/institut-pour-la-photographie\\\/#primaryimage\"},\"thumbnailUrl\":\"https:\\\/\\\/lilleartup.com\\\/wp-content\\\/uploads\\\/2025\\\/02\\\/11102019__DSF7135_Inauguration_IPP_x_Pitinome.jpg\",\"datePublished\":\"2025-02-19T09:48:57+00:00\",\"dateModified\":\"2025-03-11T08:26:58+00:00\",\"breadcrumb\":{\"@id\":\"https:\\\/\\\/lilleartup.com\\\/en\\\/all-gallery\\\/institut-pour-la-photographie\\\/#breadcrumb\"},\"inLanguage\":\"en-US\",\"potentialAction\":[{\"@type\":\"ReadAction\",\"target\":[\"https:\\\/\\\/lilleartup.com\\\/en\\\/all-gallery\\\/institut-pour-la-photographie\\\/\"]}]},{\"@type\":\"ImageObject\",\"inLanguage\":\"en-US\",\"@id\":\"https:\\\/\\\/lilleartup.com\\\/en\\\/all-gallery\\\/institut-pour-la-photographie\\\/#primaryimage\",\"url\":\"https:\\\/\\\/lilleartup.com\\\/wp-content\\\/uploads\\\/2025\\\/02\\\/11102019__DSF7135_Inauguration_IPP_x_Pitinome.jpg\",\"contentUrl\":\"https:\\\/\\\/lilleartup.com\\\/wp-content\\\/uploads\\\/2025\\\/02\\\/11102019__DSF7135_Inauguration_IPP_x_Pitinome.jpg\",\"width\":1620,\"height\":1080},{\"@type\":\"BreadcrumbList\",\"@id\":\"https:\\\/\\\/lilleartup.com\\\/en\\\/all-gallery\\\/institut-pour-la-photographie\\\/#breadcrumb\",\"itemListElement\":[{\"@type\":\"ListItem\",\"position\":1,\"name\":\"Home\",\"item\":\"https:\\\/\\\/lilleartup.com\\\/en\\\/\"},{\"@type\":\"ListItem\",\"position\":2,\"name\":\"Galeries\",\"item\":\"https:\\\/\\\/lilleartup.com\\\/en\\\/all-gallery\\\/\"},{\"@type\":\"ListItem\",\"position\":3,\"name\":\"INSTITUT POUR LA PHOTOGRAPHIE\"}]},{\"@type\":\"WebSite\",\"@id\":\"https:\\\/\\\/lilleartup.com\\\/en\\\/#website\",\"url\":\"https:\\\/\\\/lilleartup.com\\\/en\\\/\",\"name\":\"Lille art up!\",\"description\":\"\",\"potentialAction\":[{\"@type\":\"SearchAction\",\"target\":{\"@type\":\"EntryPoint\",\"urlTemplate\":\"https:\\\/\\\/lilleartup.com\\\/en\\\/?s={search_term_string}\"},\"query-input\":{\"@type\":\"PropertyValueSpecification\",\"valueRequired\":true,\"valueName\":\"search_term_string\"}}],\"inLanguage\":\"en-US\"}]}<\/script>\n<!-- \/ Yoast SEO plugin. -->","yoast_head_json":{"title":"INSTITUT POUR LA PHOTOGRAPHIE - Lille art up!","robots":{"index":"index","follow":"follow","max-snippet":"max-snippet:-1","max-image-preview":"max-image-preview:large","max-video-preview":"max-video-preview:-1"},"og_locale":"en_US","og_type":"article","og_title":"INSTITUT POUR LA PHOTOGRAPHIE - Lille art up!","og_description":"Ferm\u00e9 au public depuis la fin de sa derni\u00e8re programmation de pr\u00e9figuration pour laisser place aux travaux de restauration et d\u2019agrandissement de ses locaux du Vieux-Lille, l\u2019Institut pour la photographie poursuit d\u00e9sormais l\u2019ensemble de ses activit\u00e9s hors-les-murs. C\u2019est dans ce cadre qu\u2019il a pr\u00e9sent\u00e9 la 4e \u00e9dition des Openfolios \u00e0 l\u2019Eglise Sainte-Marie-Madeleine \u00e0 Lille, les [&hellip;]","og_url":"https:\/\/lilleartup.com\/en\/all-gallery\/institut-pour-la-photographie\/","og_site_name":"Lille art up!","article_modified_time":"2025-03-11T08:26:58+00:00","og_image":[{"width":1024,"height":681,"url":"https:\/\/lilleartup.com\/wp-content\/uploads\/2025\/02\/Institut-de-la-photographie.jpg","type":"image\/jpeg"}],"twitter_card":"summary_large_image","twitter_misc":{"Est. reading time":"1 minute"},"schema":{"@context":"https:\/\/schema.org","@graph":[{"@type":"WebPage","@id":"https:\/\/lilleartup.com\/en\/all-gallery\/institut-pour-la-photographie\/","url":"https:\/\/lilleartup.com\/en\/all-gallery\/institut-pour-la-photographie\/","name":"INSTITUT POUR LA PHOTOGRAPHIE - Lille art up!","isPartOf":{"@id":"https:\/\/lilleartup.com\/en\/#website"},"primaryImageOfPage":{"@id":"https:\/\/lilleartup.com\/en\/all-gallery\/institut-pour-la-photographie\/#primaryimage"},"image":{"@id":"https:\/\/lilleartup.com\/en\/all-gallery\/institut-pour-la-photographie\/#primaryimage"},"thumbnailUrl":"https:\/\/lilleartup.com\/wp-content\/uploads\/2025\/02\/11102019__DSF7135_Inauguration_IPP_x_Pitinome.jpg","datePublished":"2025-02-19T09:48:57+00:00","dateModified":"2025-03-11T08:26:58+00:00","breadcrumb":{"@id":"https:\/\/lilleartup.com\/en\/all-gallery\/institut-pour-la-photographie\/#breadcrumb"},"inLanguage":"en-US","potentialAction":[{"@type":"ReadAction","target":["https:\/\/lilleartup.com\/en\/all-gallery\/institut-pour-la-photographie\/"]}]},{"@type":"ImageObject","inLanguage":"en-US","@id":"https:\/\/lilleartup.com\/en\/all-gallery\/institut-pour-la-photographie\/#primaryimage","url":"https:\/\/lilleartup.com\/wp-content\/uploads\/2025\/02\/11102019__DSF7135_Inauguration_IPP_x_Pitinome.jpg","contentUrl":"https:\/\/lilleartup.com\/wp-content\/uploads\/2025\/02\/11102019__DSF7135_Inauguration_IPP_x_Pitinome.jpg","width":1620,"height":1080},{"@type":"BreadcrumbList","@id":"https:\/\/lilleartup.com\/en\/all-gallery\/institut-pour-la-photographie\/#breadcrumb","itemListElement":[{"@type":"ListItem","position":1,"name":"Home","item":"https:\/\/lilleartup.com\/en\/"},{"@type":"ListItem","position":2,"name":"Galeries","item":"https:\/\/lilleartup.com\/en\/all-gallery\/"},{"@type":"ListItem","position":3,"name":"INSTITUT POUR LA PHOTOGRAPHIE"}]},{"@type":"WebSite","@id":"https:\/\/lilleartup.com\/en\/#website","url":"https:\/\/lilleartup.com\/en\/","name":"Lille art up!","description":"","potentialAction":[{"@type":"SearchAction","target":{"@type":"EntryPoint","urlTemplate":"https:\/\/lilleartup.com\/en\/?s={search_term_string}"},"query-input":{"@type":"PropertyValueSpecification","valueRequired":true,"valueName":"search_term_string"}}],"inLanguage":"en-US"}]}},"_links":{"self":[{"href":"https:\/\/lilleartup.com\/en\/wp-json\/wp\/v2\/gallery\/109167","targetHints":{"allow":["GET"]}}],"collection":[{"href":"https:\/\/lilleartup.com\/en\/wp-json\/wp\/v2\/gallery"}],"about":[{"href":"https:\/\/lilleartup.com\/en\/wp-json\/wp\/v2\/types\/gallery"}],"author":[{"embeddable":true,"href":"https:\/\/lilleartup.com\/en\/wp-json\/wp\/v2\/users\/88"}],"version-history":[{"count":4,"href":"https:\/\/lilleartup.com\/en\/wp-json\/wp\/v2\/gallery\/109167\/revisions"}],"predecessor-version":[{"id":109765,"href":"https:\/\/lilleartup.com\/en\/wp-json\/wp\/v2\/gallery\/109167\/revisions\/109765"}],"wp:featuredmedia":[{"embeddable":true,"href":"https:\/\/lilleartup.com\/en\/wp-json\/wp\/v2\/media\/109766"}],"wp:attachment":[{"href":"https:\/\/lilleartup.com\/en\/wp-json\/wp\/v2\/media?parent=109167"}],"wp:term":[{"taxonomy":"taxo_mouvement","embeddable":true,"href":"https:\/\/lilleartup.com\/en\/wp-json\/wp\/v2\/taxo_mouvement?post=109167"},{"taxonomy":"taxo_technique","embeddable":true,"href":"https:\/\/lilleartup.com\/en\/wp-json\/wp\/v2\/taxo_technique?post=109167"},{"taxonomy":"taxo_year_participe","embeddable":true,"href":"https:\/\/lilleartup.com\/en\/wp-json\/wp\/v2\/taxo_year_participe?post=109167"},{"taxonomy":"taxo_type_d_exposants","embeddable":true,"href":"https:\/\/lilleartup.com\/en\/wp-json\/wp\/v2\/taxo_type_d_exposants?post=109167"}],"curies":[{"name":"wp","href":"https:\/\/api.w.org\/{rel}","templated":true}]}}

<p>Fermé au public depuis la fin de sa dernière programmation de préfiguration pour laisser place aux travaux de restauration et d’agrandissement de ses locaux du Vieux-Lille, l’Institut pour la photographie poursuit désormais l’ensemble de ses activités hors-les-murs.</p>
<p>C’est dans ce cadre qu’il a présenté la 4e édition des Openfolios à l’Eglise Sainte-Marie-Madeleine à Lille, les 25 et 26 mai derniers. Destinées aux photographes professionnels ou amateurs issus de l’Eurorégion, ces lectures ouvertes de portfolios associent un jury d’experts internationaux et le public. À chaque édition, une trentaine de photographes sont sélectionnés à l’issue d’un appel à candidatures pour participer à ces lectures. Selon les années, 4 à 5 d’entre eux sont désignés lauréats et bénéficient d’un moment de restitution publique.</p>
<p>À l’occasion de la prochaine édition d’Art Up!, l’Institut pour la photographie propose de présenter une sélection de travaux des cinq lauréates de l’Openfolio #4 qui s’est tenu en avril dernier.</p>

<!-- This site is optimized with the Yoast SEO plugin v27.4 - https://yoast.com/product/yoast-seo-wordpress/ -->
<title>INSTITUT POUR LA PHOTOGRAPHIE - Lille art up!</title>
<meta name="robots" content="index, follow, max-snippet:-1, max-image-preview:large, max-video-preview:-1" />
<meta property="og:locale" content="en_US" />
<meta property="og:type" content="article" />
<meta property="og:title" content="INSTITUT POUR LA PHOTOGRAPHIE - Lille art up!" />
<meta property="og:description" content="Fermé au public depuis la fin de sa dernière programmation de préfiguration pour laisser place aux travaux de restauration et d’agrandissement de ses locaux du Vieux-Lille, l’Institut pour la photographie poursuit désormais l’ensemble de ses activités hors-les-murs. C’est dans ce cadre qu’il a présenté la 4e édition des Openfolios à l’Eglise Sainte-Marie-Madeleine à Lille, les [&hellip;]" />
<meta property="og:url" content="https://lilleartup.com/en/all-gallery/institut-pour-la-photographie/" />
<meta property="og:site_name" content="Lille art up!" />
<meta property="article:modified_time" content="2025-03-11T08:26:58+00:00" />
<meta property="og:image" content="https://lilleartup.com/wp-content/uploads/2025/02/Institut-de-la-photographie.jpg" />
	<meta property="og:image:width" content="1024" />
	<meta property="og:image:height" content="681" />
	<meta property="og:image:type" content="image/jpeg" />
<meta name="twitter:card" content="summary_large_image" />
<meta name="twitter:label1" content="Est. reading time" />
	<meta name="twitter:data1" content="1 minute" />
<script type="application/ld+json" class="yoast-schema-graph">{"@context":"https:\/\/schema.org","@graph":[{"@type":"WebPage","@id":"https:\/\/lilleartup.com\/en\/all-gallery\/institut-pour-la-photographie\/","url":"https:\/\/lilleartup.com\/en\/all-gallery\/institut-pour-la-photographie\/","name":"INSTITUT POUR LA PHOTOGRAPHIE - Lille art up!","isPartOf":{"@id":"https:\/\/lilleartup.com\/en\/#website"},"primaryImageOfPage":{"@id":"https:\/\/lilleartup.com\/en\/all-gallery\/institut-pour-la-photographie\/#primaryimage"},"image":{"@id":"https:\/\/lilleartup.com\/en\/all-gallery\/institut-pour-la-photographie\/#primaryimage"},"thumbnailUrl":"https:\/\/lilleartup.com\/wp-content\/uploads\/2025\/02\/11102019__DSF7135_Inauguration_IPP_x_Pitinome.jpg","datePublished":"2025-02-19T09:48:57+00:00","dateModified":"2025-03-11T08:26:58+00:00","breadcrumb":{"@id":"https:\/\/lilleartup.com\/en\/all-gallery\/institut-pour-la-photographie\/#breadcrumb"},"inLanguage":"en-US","potentialAction":[{"@type":"ReadAction","target":["https:\/\/lilleartup.com\/en\/all-gallery\/institut-pour-la-photographie\/"]}]},{"@type":"ImageObject","inLanguage":"en-US","@id":"https:\/\/lilleartup.com\/en\/all-gallery\/institut-pour-la-photographie\/#primaryimage","url":"https:\/\/lilleartup.com\/wp-content\/uploads\/2025\/02\/11102019__DSF7135_Inauguration_IPP_x_Pitinome.jpg","contentUrl":"https:\/\/lilleartup.com\/wp-content\/uploads\/2025\/02\/11102019__DSF7135_Inauguration_IPP_x_Pitinome.jpg","width":1620,"height":1080},{"@type":"BreadcrumbList","@id":"https:\/\/lilleartup.com\/en\/all-gallery\/institut-pour-la-photographie\/#breadcrumb","itemListElement":[{"@type":"ListItem","position":1,"name":"Home","item":"https:\/\/lilleartup.com\/en\/"},{"@type":"ListItem","position":2,"name":"Galeries","item":"https:\/\/lilleartup.com\/en\/all-gallery\/"},{"@type":"ListItem","position":3,"name":"INSTITUT POUR LA PHOTOGRAPHIE"}]},{"@type":"WebSite","@id":"https:\/\/lilleartup.com\/en\/#website","url":"https:\/\/lilleartup.com\/en\/","name":"Lille art up!","description":"","potentialAction":[{"@type":"SearchAction","target":{"@type":"EntryPoint","urlTemplate":"https:\/\/lilleartup.com\/en\/?s={search_term_string}"},"query-input":{"@type":"PropertyValueSpecification","valueRequired":true,"valueName":"search_term_string"}}],"inLanguage":"en-US"}]}</script>
<!-- / Yoast SEO plugin. -->

Fermé au public depuis la fin de sa dernière programmation de préfiguration pour laisser place aux travaux de restauration et d’agrandissement de ses locaux du Vieux-Lille, l’Institut pour la photographie poursuit désormais l’ensemble de ses activités hors-les-murs. C’est dans ce cadre qu’il a présenté la 4e édition des Openfolios à l’Eglise Sainte-Marie-Madeleine à Lille, les [&hellip;]
