{"id":99366,"date":"2024-11-28T14:43:50","date_gmt":"2024-11-28T13:43:50","guid":{"rendered":"https:\/\/lilleartup.com\/?post_type=artist&#038;p=99366"},"modified":"2024-12-31T15:01:46","modified_gmt":"2024-12-31T14:01:46","slug":"halbreich","status":"publish","type":"artist","link":"https:\/\/lilleartup.com\/en\/all-artists\/halbreich\/","title":{"rendered":"Fr\u00e9d\u00e9ric Halbreich"},"content":{"rendered":"<p>Fr\u00e9d\u00e9ric Halbreich n\u00e9 \u00e0 Paris 1962, est un peintre de nationalit\u00e9s fran\u00e7aise et belge, Il commence \u00e0 peindre vers 16 ans.<\/p>\n<p>Autodidacte, il est cependant pass\u00e9 par l&#8217;Acad\u00e9mie des beaux-arts de Watermael-Boitsfort et a notamment assist\u00e9 au cours d&#8217;art monumental de Roger Someville.<\/p>\n<p>Fr\u00e9d\u00e9ric affiche des affinit\u00e9s avec une abstraction dont les Franz Kline aux \u00c9tats-Unis, Pierre Soulages et Andr\u00e9 Marfaing en France furent les t\u00eates de file. N\u00e9anmoins l&#8217;artiste se distingue de cette parent\u00e9 par l&#8217;utilisation d&#8217;un mat\u00e9riau pictural sp\u00e9cifique : la laque.<\/p>\n<p>Cette technique complexe de laquage, l&#8217;artiste est all\u00e9 l&#8217;apprendre en Russie, vient ensuite un travail de patience, compos\u00e9 de diff\u00e9rentes \u00e9tapes qui feront le reste.<\/p>\n<p>L\u2019artiste maintient son univers noir tout en laissant transpara\u00eetre des luminosit\u00e9s nuanc\u00e9es \u00e9mergeant des profondeurs nocturnes. Mais si par le pass\u00e9 ses noirs faisaient l&#8217;impasse sur toute autre couleur, g\u00e9n\u00e9rant la lumi\u00e8re par leur seule existence, les voici qui flirtent avec l&#8217;ambre, le brou, l&#8217;indigo&#8230; le blanc. Naissent ainsi de nouvelles perspectives, cette fois ci plus li\u00e9es \u00e0 la forme et au volume qu&#8217;\u00e0 une atmosph\u00e8re g\u00e9n\u00e9rale. Avec toujours ce dialogue entre le mat et le satin: la couleur absorb\u00e9e et la couleur d\u00e9livr\u00e9e.<\/p>\n","protected":false},"author":169,"featured_media":99367,"template":"","taxo_year_participe":[136],"class_list":["post-99366","artist","type-artist","status-publish","has-post-thumbnail","hentry"],"acf":[],"yoast_head":"<!-- This site is optimized with the Yoast SEO plugin v27.4 - https:\/\/yoast.com\/product\/yoast-seo-wordpress\/ -->\n<title>Fr\u00e9d\u00e9ric Halbreich - Lille art up!<\/title>\n<meta name=\"robots\" content=\"index, follow, max-snippet:-1, max-image-preview:large, max-video-preview:-1\" \/>\n<meta property=\"og:locale\" content=\"en_US\" \/>\n<meta property=\"og:type\" content=\"article\" \/>\n<meta property=\"og:title\" content=\"Fr\u00e9d\u00e9ric Halbreich - Lille art up!\" \/>\n<meta property=\"og:description\" content=\"Fr\u00e9d\u00e9ric Halbreich n\u00e9 \u00e0 Paris 1962, est un peintre de nationalit\u00e9s fran\u00e7aise et belge, Il commence \u00e0 peindre vers 16 ans. Autodidacte, il est cependant pass\u00e9 par l&#8217;Acad\u00e9mie des beaux-arts de Watermael-Boitsfort et a notamment assist\u00e9 au cours d&#8217;art monumental de Roger Someville. Fr\u00e9d\u00e9ric affiche des affinit\u00e9s avec une abstraction dont les Franz Kline aux [&hellip;]\" \/>\n<meta property=\"og:url\" content=\"https:\/\/lilleartup.com\/en\/all-artists\/halbreich\/\" \/>\n<meta property=\"og:site_name\" content=\"Lille art up!\" \/>\n<meta property=\"article:modified_time\" content=\"2024-12-31T14:01:46+00:00\" \/>\n<meta property=\"og:image\" content=\"https:\/\/lilleartup.com\/wp-content\/uploads\/2024\/11\/71e79878-ee82-4040-94d8-d892cdaaf719.JPG\" \/>\n\t<meta property=\"og:image:width\" content=\"607\" \/>\n\t<meta property=\"og:image:height\" content=\"1080\" \/>\n\t<meta property=\"og:image:type\" content=\"image\/jpeg\" \/>\n<meta name=\"twitter:card\" content=\"summary_large_image\" \/>\n<meta name=\"twitter:label1\" content=\"Est. reading time\" \/>\n\t<meta name=\"twitter:data1\" content=\"1 minute\" \/>\n<script type=\"application\/ld+json\" class=\"yoast-schema-graph\">{\"@context\":\"https:\\\/\\\/schema.org\",\"@graph\":[{\"@type\":\"WebPage\",\"@id\":\"https:\\\/\\\/lilleartup.com\\\/en\\\/all-artists\\\/halbreich\\\/\",\"url\":\"https:\\\/\\\/lilleartup.com\\\/en\\\/all-artists\\\/halbreich\\\/\",\"name\":\"Fr\u00e9d\u00e9ric Halbreich - Lille art up!\",\"isPartOf\":{\"@id\":\"https:\\\/\\\/lilleartup.com\\\/en\\\/#website\"},\"primaryImageOfPage\":{\"@id\":\"https:\\\/\\\/lilleartup.com\\\/en\\\/all-artists\\\/halbreich\\\/#primaryimage\"},\"image\":{\"@id\":\"https:\\\/\\\/lilleartup.com\\\/en\\\/all-artists\\\/halbreich\\\/#primaryimage\"},\"thumbnailUrl\":\"https:\\\/\\\/lilleartup.com\\\/wp-content\\\/uploads\\\/2024\\\/11\\\/71e79878-ee82-4040-94d8-d892cdaaf719.JPG\",\"datePublished\":\"2024-11-28T13:43:50+00:00\",\"dateModified\":\"2024-12-31T14:01:46+00:00\",\"breadcrumb\":{\"@id\":\"https:\\\/\\\/lilleartup.com\\\/en\\\/all-artists\\\/halbreich\\\/#breadcrumb\"},\"inLanguage\":\"en-US\",\"potentialAction\":[{\"@type\":\"ReadAction\",\"target\":[\"https:\\\/\\\/lilleartup.com\\\/en\\\/all-artists\\\/halbreich\\\/\"]}]},{\"@type\":\"ImageObject\",\"inLanguage\":\"en-US\",\"@id\":\"https:\\\/\\\/lilleartup.com\\\/en\\\/all-artists\\\/halbreich\\\/#primaryimage\",\"url\":\"https:\\\/\\\/lilleartup.com\\\/wp-content\\\/uploads\\\/2024\\\/11\\\/71e79878-ee82-4040-94d8-d892cdaaf719.JPG\",\"contentUrl\":\"https:\\\/\\\/lilleartup.com\\\/wp-content\\\/uploads\\\/2024\\\/11\\\/71e79878-ee82-4040-94d8-d892cdaaf719.JPG\",\"width\":607,\"height\":1080},{\"@type\":\"BreadcrumbList\",\"@id\":\"https:\\\/\\\/lilleartup.com\\\/en\\\/all-artists\\\/halbreich\\\/#breadcrumb\",\"itemListElement\":[{\"@type\":\"ListItem\",\"position\":1,\"name\":\"Home\",\"item\":\"https:\\\/\\\/lilleartup.com\\\/en\\\/\"},{\"@type\":\"ListItem\",\"position\":2,\"name\":\"Artistes\",\"item\":\"https:\\\/\\\/lilleartup.com\\\/en\\\/all-artists\\\/\"},{\"@type\":\"ListItem\",\"position\":3,\"name\":\"Fr\u00e9d\u00e9ric Halbreich\"}]},{\"@type\":\"WebSite\",\"@id\":\"https:\\\/\\\/lilleartup.com\\\/en\\\/#website\",\"url\":\"https:\\\/\\\/lilleartup.com\\\/en\\\/\",\"name\":\"Lille art up!\",\"description\":\"\",\"potentialAction\":[{\"@type\":\"SearchAction\",\"target\":{\"@type\":\"EntryPoint\",\"urlTemplate\":\"https:\\\/\\\/lilleartup.com\\\/en\\\/?s={search_term_string}\"},\"query-input\":{\"@type\":\"PropertyValueSpecification\",\"valueRequired\":true,\"valueName\":\"search_term_string\"}}],\"inLanguage\":\"en-US\"}]}<\/script>\n<!-- \/ Yoast SEO plugin. -->","yoast_head_json":{"title":"Fr\u00e9d\u00e9ric Halbreich - Lille art up!","robots":{"index":"index","follow":"follow","max-snippet":"max-snippet:-1","max-image-preview":"max-image-preview:large","max-video-preview":"max-video-preview:-1"},"og_locale":"en_US","og_type":"article","og_title":"Fr\u00e9d\u00e9ric Halbreich - Lille art up!","og_description":"Fr\u00e9d\u00e9ric Halbreich n\u00e9 \u00e0 Paris 1962, est un peintre de nationalit\u00e9s fran\u00e7aise et belge, Il commence \u00e0 peindre vers 16 ans. Autodidacte, il est cependant pass\u00e9 par l&#8217;Acad\u00e9mie des beaux-arts de Watermael-Boitsfort et a notamment assist\u00e9 au cours d&#8217;art monumental de Roger Someville. Fr\u00e9d\u00e9ric affiche des affinit\u00e9s avec une abstraction dont les Franz Kline aux [&hellip;]","og_url":"https:\/\/lilleartup.com\/en\/all-artists\/halbreich\/","og_site_name":"Lille art up!","article_modified_time":"2024-12-31T14:01:46+00:00","og_image":[{"width":607,"height":1080,"url":"https:\/\/lilleartup.com\/wp-content\/uploads\/2024\/11\/71e79878-ee82-4040-94d8-d892cdaaf719.JPG","type":"image\/jpeg"}],"twitter_card":"summary_large_image","twitter_misc":{"Est. reading time":"1 minute"},"schema":{"@context":"https:\/\/schema.org","@graph":[{"@type":"WebPage","@id":"https:\/\/lilleartup.com\/en\/all-artists\/halbreich\/","url":"https:\/\/lilleartup.com\/en\/all-artists\/halbreich\/","name":"Fr\u00e9d\u00e9ric Halbreich - Lille art up!","isPartOf":{"@id":"https:\/\/lilleartup.com\/en\/#website"},"primaryImageOfPage":{"@id":"https:\/\/lilleartup.com\/en\/all-artists\/halbreich\/#primaryimage"},"image":{"@id":"https:\/\/lilleartup.com\/en\/all-artists\/halbreich\/#primaryimage"},"thumbnailUrl":"https:\/\/lilleartup.com\/wp-content\/uploads\/2024\/11\/71e79878-ee82-4040-94d8-d892cdaaf719.JPG","datePublished":"2024-11-28T13:43:50+00:00","dateModified":"2024-12-31T14:01:46+00:00","breadcrumb":{"@id":"https:\/\/lilleartup.com\/en\/all-artists\/halbreich\/#breadcrumb"},"inLanguage":"en-US","potentialAction":[{"@type":"ReadAction","target":["https:\/\/lilleartup.com\/en\/all-artists\/halbreich\/"]}]},{"@type":"ImageObject","inLanguage":"en-US","@id":"https:\/\/lilleartup.com\/en\/all-artists\/halbreich\/#primaryimage","url":"https:\/\/lilleartup.com\/wp-content\/uploads\/2024\/11\/71e79878-ee82-4040-94d8-d892cdaaf719.JPG","contentUrl":"https:\/\/lilleartup.com\/wp-content\/uploads\/2024\/11\/71e79878-ee82-4040-94d8-d892cdaaf719.JPG","width":607,"height":1080},{"@type":"BreadcrumbList","@id":"https:\/\/lilleartup.com\/en\/all-artists\/halbreich\/#breadcrumb","itemListElement":[{"@type":"ListItem","position":1,"name":"Home","item":"https:\/\/lilleartup.com\/en\/"},{"@type":"ListItem","position":2,"name":"Artistes","item":"https:\/\/lilleartup.com\/en\/all-artists\/"},{"@type":"ListItem","position":3,"name":"Fr\u00e9d\u00e9ric Halbreich"}]},{"@type":"WebSite","@id":"https:\/\/lilleartup.com\/en\/#website","url":"https:\/\/lilleartup.com\/en\/","name":"Lille art up!","description":"","potentialAction":[{"@type":"SearchAction","target":{"@type":"EntryPoint","urlTemplate":"https:\/\/lilleartup.com\/en\/?s={search_term_string}"},"query-input":{"@type":"PropertyValueSpecification","valueRequired":true,"valueName":"search_term_string"}}],"inLanguage":"en-US"}]}},"_links":{"self":[{"href":"https:\/\/lilleartup.com\/en\/wp-json\/wp\/v2\/artist\/99366","targetHints":{"allow":["GET"]}}],"collection":[{"href":"https:\/\/lilleartup.com\/en\/wp-json\/wp\/v2\/artist"}],"about":[{"href":"https:\/\/lilleartup.com\/en\/wp-json\/wp\/v2\/types\/artist"}],"author":[{"embeddable":true,"href":"https:\/\/lilleartup.com\/en\/wp-json\/wp\/v2\/users\/169"}],"version-history":[{"count":2,"href":"https:\/\/lilleartup.com\/en\/wp-json\/wp\/v2\/artist\/99366\/revisions"}],"predecessor-version":[{"id":100951,"href":"https:\/\/lilleartup.com\/en\/wp-json\/wp\/v2\/artist\/99366\/revisions\/100951"}],"wp:featuredmedia":[{"embeddable":true,"href":"https:\/\/lilleartup.com\/en\/wp-json\/wp\/v2\/media\/99367"}],"wp:attachment":[{"href":"https:\/\/lilleartup.com\/en\/wp-json\/wp\/v2\/media?parent=99366"}],"wp:term":[{"taxonomy":"taxo_year_participe","embeddable":true,"href":"https:\/\/lilleartup.com\/en\/wp-json\/wp\/v2\/taxo_year_participe?post=99366"}],"curies":[{"name":"wp","href":"https:\/\/api.w.org\/{rel}","templated":true}]}}

Frédéric Halbreich

<p>Frédéric Halbreich né à Paris 1962, est un peintre de nationalités française et belge, Il commence à peindre vers 16 ans.</p>
<p>Autodidacte, il est cependant passé par l&#8217;Académie des beaux-arts de Watermael-Boitsfort et a notamment assisté au cours d&#8217;art monumental de Roger Someville.</p>
<p>Frédéric affiche des affinités avec une abstraction dont les Franz Kline aux États-Unis, Pierre Soulages et André Marfaing en France furent les têtes de file. Néanmoins l&#8217;artiste se distingue de cette parenté par l&#8217;utilisation d&#8217;un matériau pictural spécifique : la laque.</p>
<p>Cette technique complexe de laquage, l&#8217;artiste est allé l&#8217;apprendre en Russie, vient ensuite un travail de patience, composé de différentes étapes qui feront le reste.</p>
<p>L’artiste maintient son univers noir tout en laissant transparaître des luminosités nuancées émergeant des profondeurs nocturnes. Mais si par le passé ses noirs faisaient l&#8217;impasse sur toute autre couleur, générant la lumière par leur seule existence, les voici qui flirtent avec l&#8217;ambre, le brou, l&#8217;indigo&#8230; le blanc. Naissent ainsi de nouvelles perspectives, cette fois ci plus liées à la forme et au volume qu&#8217;à une atmosphère générale. Avec toujours ce dialogue entre le mat et le satin: la couleur absorbée et la couleur délivrée.</p>

<!-- This site is optimized with the Yoast SEO plugin v27.4 - https://yoast.com/product/yoast-seo-wordpress/ -->
<title>Frédéric Halbreich - Lille art up!</title>
<meta name="robots" content="index, follow, max-snippet:-1, max-image-preview:large, max-video-preview:-1" />
<meta property="og:locale" content="en_US" />
<meta property="og:type" content="article" />
<meta property="og:title" content="Frédéric Halbreich - Lille art up!" />
<meta property="og:description" content="Frédéric Halbreich né à Paris 1962, est un peintre de nationalités française et belge, Il commence à peindre vers 16 ans. Autodidacte, il est cependant passé par l&#8217;Académie des beaux-arts de Watermael-Boitsfort et a notamment assisté au cours d&#8217;art monumental de Roger Someville. Frédéric affiche des affinités avec une abstraction dont les Franz Kline aux [&hellip;]" />
<meta property="og:url" content="https://lilleartup.com/en/all-artists/halbreich/" />
<meta property="og:site_name" content="Lille art up!" />
<meta property="article:modified_time" content="2024-12-31T14:01:46+00:00" />
<meta property="og:image" content="https://lilleartup.com/wp-content/uploads/2024/11/71e79878-ee82-4040-94d8-d892cdaaf719.JPG" />
	<meta property="og:image:width" content="607" />
	<meta property="og:image:height" content="1080" />
	<meta property="og:image:type" content="image/jpeg" />
<meta name="twitter:card" content="summary_large_image" />
<meta name="twitter:label1" content="Est. reading time" />
	<meta name="twitter:data1" content="1 minute" />
<script type="application/ld+json" class="yoast-schema-graph">{"@context":"https:\/\/schema.org","@graph":[{"@type":"WebPage","@id":"https:\/\/lilleartup.com\/en\/all-artists\/halbreich\/","url":"https:\/\/lilleartup.com\/en\/all-artists\/halbreich\/","name":"Frédéric Halbreich - Lille art up!","isPartOf":{"@id":"https:\/\/lilleartup.com\/en\/#website"},"primaryImageOfPage":{"@id":"https:\/\/lilleartup.com\/en\/all-artists\/halbreich\/#primaryimage"},"image":{"@id":"https:\/\/lilleartup.com\/en\/all-artists\/halbreich\/#primaryimage"},"thumbnailUrl":"https:\/\/lilleartup.com\/wp-content\/uploads\/2024\/11\/71e79878-ee82-4040-94d8-d892cdaaf719.JPG","datePublished":"2024-11-28T13:43:50+00:00","dateModified":"2024-12-31T14:01:46+00:00","breadcrumb":{"@id":"https:\/\/lilleartup.com\/en\/all-artists\/halbreich\/#breadcrumb"},"inLanguage":"en-US","potentialAction":[{"@type":"ReadAction","target":["https:\/\/lilleartup.com\/en\/all-artists\/halbreich\/"]}]},{"@type":"ImageObject","inLanguage":"en-US","@id":"https:\/\/lilleartup.com\/en\/all-artists\/halbreich\/#primaryimage","url":"https:\/\/lilleartup.com\/wp-content\/uploads\/2024\/11\/71e79878-ee82-4040-94d8-d892cdaaf719.JPG","contentUrl":"https:\/\/lilleartup.com\/wp-content\/uploads\/2024\/11\/71e79878-ee82-4040-94d8-d892cdaaf719.JPG","width":607,"height":1080},{"@type":"BreadcrumbList","@id":"https:\/\/lilleartup.com\/en\/all-artists\/halbreich\/#breadcrumb","itemListElement":[{"@type":"ListItem","position":1,"name":"Home","item":"https:\/\/lilleartup.com\/en\/"},{"@type":"ListItem","position":2,"name":"Artistes","item":"https:\/\/lilleartup.com\/en\/all-artists\/"},{"@type":"ListItem","position":3,"name":"Frédéric Halbreich"}]},{"@type":"WebSite","@id":"https:\/\/lilleartup.com\/en\/#website","url":"https:\/\/lilleartup.com\/en\/","name":"Lille art up!","description":"","potentialAction":[{"@type":"SearchAction","target":{"@type":"EntryPoint","urlTemplate":"https:\/\/lilleartup.com\/en\/?s={search_term_string}"},"query-input":{"@type":"PropertyValueSpecification","valueRequired":true,"valueName":"search_term_string"}}],"inLanguage":"en-US"}]}</script>
<!-- / Yoast SEO plugin. -->

Frédéric Halbreich - Lille art up!

Frédéric Halbreich né à Paris 1962, est un peintre de nationalités française et belge, Il commence à peindre vers 16 ans. Autodidacte, il est cependant passé par l&#8217;Académie des beaux-arts de Watermael-Boitsfort et a notamment assisté au cours d&#8217;art monumental de Roger Someville. Frédéric affiche des affinités avec une abstraction dont les Franz Kline aux [&hellip;]
