{"id":98705,"date":"2024-11-26T10:34:16","date_gmt":"2024-11-26T09:34:16","guid":{"rendered":"https:\/\/lilleartup.com\/?post_type=artist&#038;p=98705"},"modified":"2025-01-21T13:38:52","modified_gmt":"2025-01-21T12:38:52","slug":"blanchard-2","status":"publish","type":"artist","link":"https:\/\/lilleartup.com\/en\/all-artists\/blanchard-2\/","title":{"rendered":"Blanchard"},"content":{"rendered":"<p>N\u00e9 en 1958 \u00e0 Nantes, R\u00e9mi Blanchard form\u00e9 aux Beaux Arts de Quimper est l\u2019un des quatre mousquetaires de la figuration libre avec Combas, Di Rosa et Boisrond, premier mouvement en France \u00e0 avoir r\u00e9concili\u00e9 l\u2019art contemporain et le grand public, \u00e0 la fois na\u00eff et symbolique, \u00e9pur\u00e9 et color\u00e9, afin d\u2019affranchir l\u2019art de la hi\u00e9rarchie et des conventions sociales.<\/p>\n<p>Contrairement aux autres artistes du mouvement qui vont plut\u00f4t pratiquer un art humoristique et provoquant, R\u00e9mi Blanchard puise ses r\u00e9f\u00e9rences dans les contes, les mythes et les l\u00e9gendes pour mettre en sc\u00e8ne des personnages color\u00e9s mis en valeur par de larges contours noirs dans un environnement bucolique et enfantin.<\/p>\n<p>L\u2019univers de Blanchard n\u2019est pas urbain et survolt\u00e9 : Y r\u00e8gne l\u2019id\u00e9e du nomadisme, qui caract\u00e9rise son \u00e9thique et son esth\u00e9tique. La ville y est absente. Au mieux elle offre ses fen\u00eatres autant de regards ouverts sur l\u2019ailleurs.<\/p>\n<p>Le d\u00e9corum est champ\u00eatre, avec des personnages aux traits apais\u00e9s, parfois aux yeux clos. Et avec des animaux, comme le cerf. R\u00e9mi Blanchard a peint une Nature avec une pr\u00e9sence humaine douce.<\/p>\n<p>Sa palette de couleurs pures et vives d\u00e9gage un grand amour de la vie et le plaisir de la peindre.<\/p>\n","protected":false},"author":172,"featured_media":98706,"template":"","taxo_year_participe":[136],"class_list":["post-98705","artist","type-artist","status-publish","has-post-thumbnail","hentry"],"acf":[],"yoast_head":"<!-- This site is optimized with the Yoast SEO plugin v27.4 - https:\/\/yoast.com\/product\/yoast-seo-wordpress\/ -->\n<title>Blanchard - Lille art up!<\/title>\n<meta name=\"robots\" content=\"index, follow, max-snippet:-1, max-image-preview:large, max-video-preview:-1\" \/>\n<meta property=\"og:locale\" content=\"en_US\" \/>\n<meta property=\"og:type\" content=\"article\" \/>\n<meta property=\"og:title\" content=\"Blanchard - Lille art up!\" \/>\n<meta property=\"og:description\" content=\"N\u00e9 en 1958 \u00e0 Nantes, R\u00e9mi Blanchard form\u00e9 aux Beaux Arts de Quimper est l\u2019un des quatre mousquetaires de la figuration libre avec Combas, Di Rosa et Boisrond, premier mouvement en France \u00e0 avoir r\u00e9concili\u00e9 l\u2019art contemporain et le grand public, \u00e0 la fois na\u00eff et symbolique, \u00e9pur\u00e9 et color\u00e9, afin d\u2019affranchir l\u2019art de la [&hellip;]\" \/>\n<meta property=\"og:url\" content=\"https:\/\/lilleartup.com\/en\/all-artists\/blanchard-2\/\" \/>\n<meta property=\"og:site_name\" content=\"Lille art up!\" \/>\n<meta property=\"article:modified_time\" content=\"2025-01-21T12:38:52+00:00\" \/>\n<meta property=\"og:image\" content=\"https:\/\/lilleartup.com\/wp-content\/uploads\/2024\/11\/Remi-Blanchard-peintre-francais.jpg\" \/>\n\t<meta property=\"og:image:width\" content=\"192\" \/>\n\t<meta property=\"og:image:height\" content=\"181\" \/>\n\t<meta property=\"og:image:type\" content=\"image\/jpeg\" \/>\n<meta name=\"twitter:card\" content=\"summary_large_image\" \/>\n<meta name=\"twitter:label1\" content=\"Est. reading time\" \/>\n\t<meta name=\"twitter:data1\" content=\"1 minute\" \/>\n<script type=\"application\/ld+json\" class=\"yoast-schema-graph\">{\"@context\":\"https:\\\/\\\/schema.org\",\"@graph\":[{\"@type\":\"WebPage\",\"@id\":\"https:\\\/\\\/lilleartup.com\\\/en\\\/all-artists\\\/blanchard-2\\\/\",\"url\":\"https:\\\/\\\/lilleartup.com\\\/en\\\/all-artists\\\/blanchard-2\\\/\",\"name\":\"Blanchard - Lille art up!\",\"isPartOf\":{\"@id\":\"https:\\\/\\\/lilleartup.com\\\/en\\\/#website\"},\"primaryImageOfPage\":{\"@id\":\"https:\\\/\\\/lilleartup.com\\\/en\\\/all-artists\\\/blanchard-2\\\/#primaryimage\"},\"image\":{\"@id\":\"https:\\\/\\\/lilleartup.com\\\/en\\\/all-artists\\\/blanchard-2\\\/#primaryimage\"},\"thumbnailUrl\":\"https:\\\/\\\/lilleartup.com\\\/wp-content\\\/uploads\\\/2024\\\/11\\\/Remi-Blanchard-peintre-francais.jpg\",\"datePublished\":\"2024-11-26T09:34:16+00:00\",\"dateModified\":\"2025-01-21T12:38:52+00:00\",\"breadcrumb\":{\"@id\":\"https:\\\/\\\/lilleartup.com\\\/en\\\/all-artists\\\/blanchard-2\\\/#breadcrumb\"},\"inLanguage\":\"en-US\",\"potentialAction\":[{\"@type\":\"ReadAction\",\"target\":[\"https:\\\/\\\/lilleartup.com\\\/en\\\/all-artists\\\/blanchard-2\\\/\"]}]},{\"@type\":\"ImageObject\",\"inLanguage\":\"en-US\",\"@id\":\"https:\\\/\\\/lilleartup.com\\\/en\\\/all-artists\\\/blanchard-2\\\/#primaryimage\",\"url\":\"https:\\\/\\\/lilleartup.com\\\/wp-content\\\/uploads\\\/2024\\\/11\\\/Remi-Blanchard-peintre-francais.jpg\",\"contentUrl\":\"https:\\\/\\\/lilleartup.com\\\/wp-content\\\/uploads\\\/2024\\\/11\\\/Remi-Blanchard-peintre-francais.jpg\",\"width\":192,\"height\":181},{\"@type\":\"BreadcrumbList\",\"@id\":\"https:\\\/\\\/lilleartup.com\\\/en\\\/all-artists\\\/blanchard-2\\\/#breadcrumb\",\"itemListElement\":[{\"@type\":\"ListItem\",\"position\":1,\"name\":\"Home\",\"item\":\"https:\\\/\\\/lilleartup.com\\\/en\\\/\"},{\"@type\":\"ListItem\",\"position\":2,\"name\":\"Artistes\",\"item\":\"https:\\\/\\\/lilleartup.com\\\/en\\\/all-artists\\\/\"},{\"@type\":\"ListItem\",\"position\":3,\"name\":\"Blanchard\"}]},{\"@type\":\"WebSite\",\"@id\":\"https:\\\/\\\/lilleartup.com\\\/en\\\/#website\",\"url\":\"https:\\\/\\\/lilleartup.com\\\/en\\\/\",\"name\":\"Lille art up!\",\"description\":\"\",\"potentialAction\":[{\"@type\":\"SearchAction\",\"target\":{\"@type\":\"EntryPoint\",\"urlTemplate\":\"https:\\\/\\\/lilleartup.com\\\/en\\\/?s={search_term_string}\"},\"query-input\":{\"@type\":\"PropertyValueSpecification\",\"valueRequired\":true,\"valueName\":\"search_term_string\"}}],\"inLanguage\":\"en-US\"}]}<\/script>\n<!-- \/ Yoast SEO plugin. -->","yoast_head_json":{"title":"Blanchard - Lille art up!","robots":{"index":"index","follow":"follow","max-snippet":"max-snippet:-1","max-image-preview":"max-image-preview:large","max-video-preview":"max-video-preview:-1"},"og_locale":"en_US","og_type":"article","og_title":"Blanchard - Lille art up!","og_description":"N\u00e9 en 1958 \u00e0 Nantes, R\u00e9mi Blanchard form\u00e9 aux Beaux Arts de Quimper est l\u2019un des quatre mousquetaires de la figuration libre avec Combas, Di Rosa et Boisrond, premier mouvement en France \u00e0 avoir r\u00e9concili\u00e9 l\u2019art contemporain et le grand public, \u00e0 la fois na\u00eff et symbolique, \u00e9pur\u00e9 et color\u00e9, afin d\u2019affranchir l\u2019art de la [&hellip;]","og_url":"https:\/\/lilleartup.com\/en\/all-artists\/blanchard-2\/","og_site_name":"Lille art up!","article_modified_time":"2025-01-21T12:38:52+00:00","og_image":[{"width":192,"height":181,"url":"https:\/\/lilleartup.com\/wp-content\/uploads\/2024\/11\/Remi-Blanchard-peintre-francais.jpg","type":"image\/jpeg"}],"twitter_card":"summary_large_image","twitter_misc":{"Est. reading time":"1 minute"},"schema":{"@context":"https:\/\/schema.org","@graph":[{"@type":"WebPage","@id":"https:\/\/lilleartup.com\/en\/all-artists\/blanchard-2\/","url":"https:\/\/lilleartup.com\/en\/all-artists\/blanchard-2\/","name":"Blanchard - Lille art up!","isPartOf":{"@id":"https:\/\/lilleartup.com\/en\/#website"},"primaryImageOfPage":{"@id":"https:\/\/lilleartup.com\/en\/all-artists\/blanchard-2\/#primaryimage"},"image":{"@id":"https:\/\/lilleartup.com\/en\/all-artists\/blanchard-2\/#primaryimage"},"thumbnailUrl":"https:\/\/lilleartup.com\/wp-content\/uploads\/2024\/11\/Remi-Blanchard-peintre-francais.jpg","datePublished":"2024-11-26T09:34:16+00:00","dateModified":"2025-01-21T12:38:52+00:00","breadcrumb":{"@id":"https:\/\/lilleartup.com\/en\/all-artists\/blanchard-2\/#breadcrumb"},"inLanguage":"en-US","potentialAction":[{"@type":"ReadAction","target":["https:\/\/lilleartup.com\/en\/all-artists\/blanchard-2\/"]}]},{"@type":"ImageObject","inLanguage":"en-US","@id":"https:\/\/lilleartup.com\/en\/all-artists\/blanchard-2\/#primaryimage","url":"https:\/\/lilleartup.com\/wp-content\/uploads\/2024\/11\/Remi-Blanchard-peintre-francais.jpg","contentUrl":"https:\/\/lilleartup.com\/wp-content\/uploads\/2024\/11\/Remi-Blanchard-peintre-francais.jpg","width":192,"height":181},{"@type":"BreadcrumbList","@id":"https:\/\/lilleartup.com\/en\/all-artists\/blanchard-2\/#breadcrumb","itemListElement":[{"@type":"ListItem","position":1,"name":"Home","item":"https:\/\/lilleartup.com\/en\/"},{"@type":"ListItem","position":2,"name":"Artistes","item":"https:\/\/lilleartup.com\/en\/all-artists\/"},{"@type":"ListItem","position":3,"name":"Blanchard"}]},{"@type":"WebSite","@id":"https:\/\/lilleartup.com\/en\/#website","url":"https:\/\/lilleartup.com\/en\/","name":"Lille art up!","description":"","potentialAction":[{"@type":"SearchAction","target":{"@type":"EntryPoint","urlTemplate":"https:\/\/lilleartup.com\/en\/?s={search_term_string}"},"query-input":{"@type":"PropertyValueSpecification","valueRequired":true,"valueName":"search_term_string"}}],"inLanguage":"en-US"}]}},"_links":{"self":[{"href":"https:\/\/lilleartup.com\/en\/wp-json\/wp\/v2\/artist\/98705","targetHints":{"allow":["GET"]}}],"collection":[{"href":"https:\/\/lilleartup.com\/en\/wp-json\/wp\/v2\/artist"}],"about":[{"href":"https:\/\/lilleartup.com\/en\/wp-json\/wp\/v2\/types\/artist"}],"author":[{"embeddable":true,"href":"https:\/\/lilleartup.com\/en\/wp-json\/wp\/v2\/users\/172"}],"version-history":[{"count":2,"href":"https:\/\/lilleartup.com\/en\/wp-json\/wp\/v2\/artist\/98705\/revisions"}],"predecessor-version":[{"id":105293,"href":"https:\/\/lilleartup.com\/en\/wp-json\/wp\/v2\/artist\/98705\/revisions\/105293"}],"wp:featuredmedia":[{"embeddable":true,"href":"https:\/\/lilleartup.com\/en\/wp-json\/wp\/v2\/media\/98706"}],"wp:attachment":[{"href":"https:\/\/lilleartup.com\/en\/wp-json\/wp\/v2\/media?parent=98705"}],"wp:term":[{"taxonomy":"taxo_year_participe","embeddable":true,"href":"https:\/\/lilleartup.com\/en\/wp-json\/wp\/v2\/taxo_year_participe?post=98705"}],"curies":[{"name":"wp","href":"https:\/\/api.w.org\/{rel}","templated":true}]}}

<p>Né en 1958 à Nantes, Rémi Blanchard formé aux Beaux Arts de Quimper est l’un des quatre mousquetaires de la figuration libre avec Combas, Di Rosa et Boisrond, premier mouvement en France à avoir réconcilié l’art contemporain et le grand public, à la fois naïf et symbolique, épuré et coloré, afin d’affranchir l’art de la hiérarchie et des conventions sociales.</p>
<p>Contrairement aux autres artistes du mouvement qui vont plutôt pratiquer un art humoristique et provoquant, Rémi Blanchard puise ses références dans les contes, les mythes et les légendes pour mettre en scène des personnages colorés mis en valeur par de larges contours noirs dans un environnement bucolique et enfantin.</p>
<p>L’univers de Blanchard n’est pas urbain et survolté : Y règne l’idée du nomadisme, qui caractérise son éthique et son esthétique. La ville y est absente. Au mieux elle offre ses fenêtres autant de regards ouverts sur l’ailleurs.</p>
<p>Le décorum est champêtre, avec des personnages aux traits apaisés, parfois aux yeux clos. Et avec des animaux, comme le cerf. Rémi Blanchard a peint une Nature avec une présence humaine douce.</p>
<p>Sa palette de couleurs pures et vives dégage un grand amour de la vie et le plaisir de la peindre.</p>

<!-- This site is optimized with the Yoast SEO plugin v27.4 - https://yoast.com/product/yoast-seo-wordpress/ -->
<title>Blanchard - Lille art up!</title>
<meta name="robots" content="index, follow, max-snippet:-1, max-image-preview:large, max-video-preview:-1" />
<meta property="og:locale" content="en_US" />
<meta property="og:type" content="article" />
<meta property="og:title" content="Blanchard - Lille art up!" />
<meta property="og:description" content="Né en 1958 à Nantes, Rémi Blanchard formé aux Beaux Arts de Quimper est l’un des quatre mousquetaires de la figuration libre avec Combas, Di Rosa et Boisrond, premier mouvement en France à avoir réconcilié l’art contemporain et le grand public, à la fois naïf et symbolique, épuré et coloré, afin d’affranchir l’art de la [&hellip;]" />
<meta property="og:url" content="https://lilleartup.com/en/all-artists/blanchard-2/" />
<meta property="og:site_name" content="Lille art up!" />
<meta property="article:modified_time" content="2025-01-21T12:38:52+00:00" />
<meta property="og:image" content="https://lilleartup.com/wp-content/uploads/2024/11/Remi-Blanchard-peintre-francais.jpg" />
	<meta property="og:image:width" content="192" />
	<meta property="og:image:height" content="181" />
	<meta property="og:image:type" content="image/jpeg" />
<meta name="twitter:card" content="summary_large_image" />
<meta name="twitter:label1" content="Est. reading time" />
	<meta name="twitter:data1" content="1 minute" />
<script type="application/ld+json" class="yoast-schema-graph">{"@context":"https:\/\/schema.org","@graph":[{"@type":"WebPage","@id":"https:\/\/lilleartup.com\/en\/all-artists\/blanchard-2\/","url":"https:\/\/lilleartup.com\/en\/all-artists\/blanchard-2\/","name":"Blanchard - Lille art up!","isPartOf":{"@id":"https:\/\/lilleartup.com\/en\/#website"},"primaryImageOfPage":{"@id":"https:\/\/lilleartup.com\/en\/all-artists\/blanchard-2\/#primaryimage"},"image":{"@id":"https:\/\/lilleartup.com\/en\/all-artists\/blanchard-2\/#primaryimage"},"thumbnailUrl":"https:\/\/lilleartup.com\/wp-content\/uploads\/2024\/11\/Remi-Blanchard-peintre-francais.jpg","datePublished":"2024-11-26T09:34:16+00:00","dateModified":"2025-01-21T12:38:52+00:00","breadcrumb":{"@id":"https:\/\/lilleartup.com\/en\/all-artists\/blanchard-2\/#breadcrumb"},"inLanguage":"en-US","potentialAction":[{"@type":"ReadAction","target":["https:\/\/lilleartup.com\/en\/all-artists\/blanchard-2\/"]}]},{"@type":"ImageObject","inLanguage":"en-US","@id":"https:\/\/lilleartup.com\/en\/all-artists\/blanchard-2\/#primaryimage","url":"https:\/\/lilleartup.com\/wp-content\/uploads\/2024\/11\/Remi-Blanchard-peintre-francais.jpg","contentUrl":"https:\/\/lilleartup.com\/wp-content\/uploads\/2024\/11\/Remi-Blanchard-peintre-francais.jpg","width":192,"height":181},{"@type":"BreadcrumbList","@id":"https:\/\/lilleartup.com\/en\/all-artists\/blanchard-2\/#breadcrumb","itemListElement":[{"@type":"ListItem","position":1,"name":"Home","item":"https:\/\/lilleartup.com\/en\/"},{"@type":"ListItem","position":2,"name":"Artistes","item":"https:\/\/lilleartup.com\/en\/all-artists\/"},{"@type":"ListItem","position":3,"name":"Blanchard"}]},{"@type":"WebSite","@id":"https:\/\/lilleartup.com\/en\/#website","url":"https:\/\/lilleartup.com\/en\/","name":"Lille art up!","description":"","potentialAction":[{"@type":"SearchAction","target":{"@type":"EntryPoint","urlTemplate":"https:\/\/lilleartup.com\/en\/?s={search_term_string}"},"query-input":{"@type":"PropertyValueSpecification","valueRequired":true,"valueName":"search_term_string"}}],"inLanguage":"en-US"}]}</script>
<!-- / Yoast SEO plugin. -->

Né en 1958 à Nantes, Rémi Blanchard formé aux Beaux Arts de Quimper est l’un des quatre mousquetaires de la figuration libre avec Combas, Di Rosa et Boisrond, premier mouvement en France à avoir réconcilié l’art contemporain et le grand public, à la fois naïf et symbolique, épuré et coloré, afin d’affranchir l’art de la [&hellip;]
