{"id":95576,"date":"2024-11-26T15:17:54","date_gmt":"2024-11-26T14:17:54","guid":{"rendered":"https:\/\/lilleartup.com\/?post_type=artist&#038;p=95576"},"modified":"2025-01-21T14:46:05","modified_gmt":"2025-01-21T13:46:05","slug":"miro-2","status":"publish","type":"artist","link":"https:\/\/lilleartup.com\/en\/all-artists\/miro-2\/","title":{"rendered":"Mir\u00f3"},"content":{"rendered":"<p>JOAN MIR\u00d3 est l&#8217;un des repr\u00e9sentants du surr\u00e9alisme. Profond\u00e9ment avant-gardiste et moderne, il a d\u00e9montr\u00e9 une grande cr\u00e9ativit\u00e9 dans ses peintures et ses sculptures.<\/p>\n<p>SES ORIGINES ET SON PARCOURS<\/p>\n<p>Joan Mir\u00f3 est n\u00e9 \u00e0 Barcelone en 1893. Son p\u00e8re \u00e9tait bijoutier et sa m\u00e8re, fille d&#8217;un \u00e9b\u00e9niste. Joan a commenc\u00e9 \u00e0 peindre tr\u00e8s jeune, d\u00e8s l&#8217;\u00e2ge de huit ans. En 1907, il entame des \u00e9tudes de commerce, mais celles-ci se r\u00e9v\u00e8lent infructueuses. Il abandonne donc ses \u00e9tudes pour rejoindre l&#8217;\u00c9cole des Beaux-Arts de La Llotja. \u00c0 dix-sept ans, Joan Mir\u00f3 devient commis dans un magasin jusqu&#8217;en 1911, ann\u00e9e o\u00f9 il contracte le typhus. Pour sa sant\u00e9, il doit s&#8217;installer dans une ferme familiale. C&#8217;est \u00e0 ce moment qu&#8217;il r\u00e9alise son attachement \u00e0 la terre catalane, o\u00f9 il retournera r\u00e9guli\u00e8rement tout au long de sa vie. Une fois r\u00e9tabli, il rejoint l&#8217;\u00c9cole d&#8217;art de Barcelone pour perfectionner son talent et devenir peintre. Il fr\u00e9quente ensuite l&#8217;Acad\u00e9mie du Cercle Saint-Luc jusqu&#8217;en 1918. Il d\u00e9couvre l&#8217;art moderne lors d&#8217;une visite \u00e0 la galerie Dalmau \u00e0 Barcelone.<\/p>\n<p>JOAN MIR\u00d3 ET LE SURR\u00c9ALISME<\/p>\n<p>En 1919, il se rend pour la premi\u00e8re fois \u00e0 Paris et, apr\u00e8s avoir exp\u00e9riment\u00e9 le cubisme et le fauvisme, rejoint le mouvement surr\u00e9aliste. Il se sent \u00e0 l&#8217;aise avec l&#8217;humour d\u00e9cal\u00e9 et l&#8217;imaginaire de ce courant. Parall\u00e8lement, Mir\u00f3 traverse une crise identitaire. L&#8217;ext\u00e9rieur ne l&#8217;inspire plus et il doit remettre en question son art. Il parvient \u00e0 r\u00e9soudre ses probl\u00e8mes artistiques gr\u00e2ce au surr\u00e9alisme, en se fiant \u00e0 sa spontan\u00e9it\u00e9 dans sa peinture et sa sculpture. L&#8217;inconscient et le monde onirique deviennent alors les sources d&#8217;inspiration de ses \u0153uvres. En 1925, il pr\u00e9sente lors d&#8217;une exposition &#8220;Le Carnaval d&#8217;Arlequin&#8221;, une \u0153uvre purement surr\u00e9aliste, qui le rendra mondialement connu. Lorsque le mouvement surr\u00e9aliste prend des positions politiques trop marqu\u00e9es, Mir\u00f3 s&#8217;\u00e9loigne du groupe et se consacre au collage, \u00e0 la lithographie et \u00e0 la sculpture.<\/p>\n<p>LE TEMPS DE LA MATURIT\u00c9<\/p>\n<p>Pendant la guerre d&#8217;Espagne, Mir\u00f3 s&#8217;installe \u00e0 Paris o\u00f9 il revient \u00e0 une peinture plus r\u00e9aliste. Lorsque les troupes allemandes arrivent en France, Joan retourne en Espagne et trouve son style d\u00e9finitif. Il est d\u00e9sormais reconnu comme un grand artiste catalan.<\/p>\n<p>\u00c0 la fin de sa vie, il se consacre \u00e0 des sculptures monumentales couvertes de c\u00e9ramique. Il s&#8217;\u00e9teint le jour de No\u00ebl en 1983.<\/p>\n","protected":false},"author":173,"featured_media":0,"template":"","taxo_year_participe":[136],"class_list":["post-95576","artist","type-artist","status-publish","hentry"],"acf":[],"yoast_head":"<!-- This site is optimized with the Yoast SEO plugin v27.4 - https:\/\/yoast.com\/product\/yoast-seo-wordpress\/ -->\n<title>Mir\u00f3 - Lille art up!<\/title>\n<meta name=\"robots\" content=\"index, follow, max-snippet:-1, max-image-preview:large, max-video-preview:-1\" \/>\n<meta property=\"og:locale\" content=\"en_US\" \/>\n<meta property=\"og:type\" content=\"article\" \/>\n<meta property=\"og:title\" content=\"Mir\u00f3 - Lille art up!\" \/>\n<meta property=\"og:description\" content=\"JOAN MIR\u00d3 est l&#8217;un des repr\u00e9sentants du surr\u00e9alisme. Profond\u00e9ment avant-gardiste et moderne, il a d\u00e9montr\u00e9 une grande cr\u00e9ativit\u00e9 dans ses peintures et ses sculptures. SES ORIGINES ET SON PARCOURS Joan Mir\u00f3 est n\u00e9 \u00e0 Barcelone en 1893. Son p\u00e8re \u00e9tait bijoutier et sa m\u00e8re, fille d&#8217;un \u00e9b\u00e9niste. Joan a commenc\u00e9 \u00e0 peindre tr\u00e8s jeune, d\u00e8s [&hellip;]\" \/>\n<meta property=\"og:url\" content=\"https:\/\/lilleartup.com\/en\/all-artists\/miro-2\/\" \/>\n<meta property=\"og:site_name\" content=\"Lille art up!\" \/>\n<meta property=\"article:modified_time\" content=\"2025-01-21T13:46:05+00:00\" \/>\n<meta name=\"twitter:card\" content=\"summary_large_image\" \/>\n<meta name=\"twitter:label1\" content=\"Est. reading time\" \/>\n\t<meta name=\"twitter:data1\" content=\"2 minutes\" \/>\n<script type=\"application\/ld+json\" class=\"yoast-schema-graph\">{\"@context\":\"https:\\\/\\\/schema.org\",\"@graph\":[{\"@type\":\"WebPage\",\"@id\":\"https:\\\/\\\/lilleartup.com\\\/en\\\/all-artists\\\/miro-2\\\/\",\"url\":\"https:\\\/\\\/lilleartup.com\\\/en\\\/all-artists\\\/miro-2\\\/\",\"name\":\"Mir\u00f3 - Lille art up!\",\"isPartOf\":{\"@id\":\"https:\\\/\\\/lilleartup.com\\\/en\\\/#website\"},\"datePublished\":\"2024-11-26T14:17:54+00:00\",\"dateModified\":\"2025-01-21T13:46:05+00:00\",\"breadcrumb\":{\"@id\":\"https:\\\/\\\/lilleartup.com\\\/en\\\/all-artists\\\/miro-2\\\/#breadcrumb\"},\"inLanguage\":\"en-US\",\"potentialAction\":[{\"@type\":\"ReadAction\",\"target\":[\"https:\\\/\\\/lilleartup.com\\\/en\\\/all-artists\\\/miro-2\\\/\"]}]},{\"@type\":\"BreadcrumbList\",\"@id\":\"https:\\\/\\\/lilleartup.com\\\/en\\\/all-artists\\\/miro-2\\\/#breadcrumb\",\"itemListElement\":[{\"@type\":\"ListItem\",\"position\":1,\"name\":\"Home\",\"item\":\"https:\\\/\\\/lilleartup.com\\\/en\\\/\"},{\"@type\":\"ListItem\",\"position\":2,\"name\":\"Artistes\",\"item\":\"https:\\\/\\\/lilleartup.com\\\/en\\\/all-artists\\\/\"},{\"@type\":\"ListItem\",\"position\":3,\"name\":\"Mir\u00f3\"}]},{\"@type\":\"WebSite\",\"@id\":\"https:\\\/\\\/lilleartup.com\\\/en\\\/#website\",\"url\":\"https:\\\/\\\/lilleartup.com\\\/en\\\/\",\"name\":\"Lille art up!\",\"description\":\"\",\"potentialAction\":[{\"@type\":\"SearchAction\",\"target\":{\"@type\":\"EntryPoint\",\"urlTemplate\":\"https:\\\/\\\/lilleartup.com\\\/en\\\/?s={search_term_string}\"},\"query-input\":{\"@type\":\"PropertyValueSpecification\",\"valueRequired\":true,\"valueName\":\"search_term_string\"}}],\"inLanguage\":\"en-US\"}]}<\/script>\n<!-- \/ Yoast SEO plugin. -->","yoast_head_json":{"title":"Mir\u00f3 - Lille art up!","robots":{"index":"index","follow":"follow","max-snippet":"max-snippet:-1","max-image-preview":"max-image-preview:large","max-video-preview":"max-video-preview:-1"},"og_locale":"en_US","og_type":"article","og_title":"Mir\u00f3 - Lille art up!","og_description":"JOAN MIR\u00d3 est l&#8217;un des repr\u00e9sentants du surr\u00e9alisme. Profond\u00e9ment avant-gardiste et moderne, il a d\u00e9montr\u00e9 une grande cr\u00e9ativit\u00e9 dans ses peintures et ses sculptures. SES ORIGINES ET SON PARCOURS Joan Mir\u00f3 est n\u00e9 \u00e0 Barcelone en 1893. Son p\u00e8re \u00e9tait bijoutier et sa m\u00e8re, fille d&#8217;un \u00e9b\u00e9niste. Joan a commenc\u00e9 \u00e0 peindre tr\u00e8s jeune, d\u00e8s [&hellip;]","og_url":"https:\/\/lilleartup.com\/en\/all-artists\/miro-2\/","og_site_name":"Lille art up!","article_modified_time":"2025-01-21T13:46:05+00:00","twitter_card":"summary_large_image","twitter_misc":{"Est. reading time":"2 minutes"},"schema":{"@context":"https:\/\/schema.org","@graph":[{"@type":"WebPage","@id":"https:\/\/lilleartup.com\/en\/all-artists\/miro-2\/","url":"https:\/\/lilleartup.com\/en\/all-artists\/miro-2\/","name":"Mir\u00f3 - Lille art up!","isPartOf":{"@id":"https:\/\/lilleartup.com\/en\/#website"},"datePublished":"2024-11-26T14:17:54+00:00","dateModified":"2025-01-21T13:46:05+00:00","breadcrumb":{"@id":"https:\/\/lilleartup.com\/en\/all-artists\/miro-2\/#breadcrumb"},"inLanguage":"en-US","potentialAction":[{"@type":"ReadAction","target":["https:\/\/lilleartup.com\/en\/all-artists\/miro-2\/"]}]},{"@type":"BreadcrumbList","@id":"https:\/\/lilleartup.com\/en\/all-artists\/miro-2\/#breadcrumb","itemListElement":[{"@type":"ListItem","position":1,"name":"Home","item":"https:\/\/lilleartup.com\/en\/"},{"@type":"ListItem","position":2,"name":"Artistes","item":"https:\/\/lilleartup.com\/en\/all-artists\/"},{"@type":"ListItem","position":3,"name":"Mir\u00f3"}]},{"@type":"WebSite","@id":"https:\/\/lilleartup.com\/en\/#website","url":"https:\/\/lilleartup.com\/en\/","name":"Lille art up!","description":"","potentialAction":[{"@type":"SearchAction","target":{"@type":"EntryPoint","urlTemplate":"https:\/\/lilleartup.com\/en\/?s={search_term_string}"},"query-input":{"@type":"PropertyValueSpecification","valueRequired":true,"valueName":"search_term_string"}}],"inLanguage":"en-US"}]}},"_links":{"self":[{"href":"https:\/\/lilleartup.com\/en\/wp-json\/wp\/v2\/artist\/95576","targetHints":{"allow":["GET"]}}],"collection":[{"href":"https:\/\/lilleartup.com\/en\/wp-json\/wp\/v2\/artist"}],"about":[{"href":"https:\/\/lilleartup.com\/en\/wp-json\/wp\/v2\/types\/artist"}],"author":[{"embeddable":true,"href":"https:\/\/lilleartup.com\/en\/wp-json\/wp\/v2\/users\/173"}],"version-history":[{"count":2,"href":"https:\/\/lilleartup.com\/en\/wp-json\/wp\/v2\/artist\/95576\/revisions"}],"predecessor-version":[{"id":105404,"href":"https:\/\/lilleartup.com\/en\/wp-json\/wp\/v2\/artist\/95576\/revisions\/105404"}],"wp:attachment":[{"href":"https:\/\/lilleartup.com\/en\/wp-json\/wp\/v2\/media?parent=95576"}],"wp:term":[{"taxonomy":"taxo_year_participe","embeddable":true,"href":"https:\/\/lilleartup.com\/en\/wp-json\/wp\/v2\/taxo_year_participe?post=95576"}],"curies":[{"name":"wp","href":"https:\/\/api.w.org\/{rel}","templated":true}]}}

Miró

<p>JOAN MIRÓ est l&#8217;un des représentants du surréalisme. Profondément avant-gardiste et moderne, il a démontré une grande créativité dans ses peintures et ses sculptures.</p>
<p>SES ORIGINES ET SON PARCOURS</p>
<p>Joan Miró est né à Barcelone en 1893. Son père était bijoutier et sa mère, fille d&#8217;un ébéniste. Joan a commencé à peindre très jeune, dès l&#8217;âge de huit ans. En 1907, il entame des études de commerce, mais celles-ci se révèlent infructueuses. Il abandonne donc ses études pour rejoindre l&#8217;École des Beaux-Arts de La Llotja. À dix-sept ans, Joan Miró devient commis dans un magasin jusqu&#8217;en 1911, année où il contracte le typhus. Pour sa santé, il doit s&#8217;installer dans une ferme familiale. C&#8217;est à ce moment qu&#8217;il réalise son attachement à la terre catalane, où il retournera régulièrement tout au long de sa vie. Une fois rétabli, il rejoint l&#8217;École d&#8217;art de Barcelone pour perfectionner son talent et devenir peintre. Il fréquente ensuite l&#8217;Académie du Cercle Saint-Luc jusqu&#8217;en 1918. Il découvre l&#8217;art moderne lors d&#8217;une visite à la galerie Dalmau à Barcelone.</p>
<p>JOAN MIRÓ ET LE SURRÉALISME</p>
<p>En 1919, il se rend pour la première fois à Paris et, après avoir expérimenté le cubisme et le fauvisme, rejoint le mouvement surréaliste. Il se sent à l&#8217;aise avec l&#8217;humour décalé et l&#8217;imaginaire de ce courant. Parallèlement, Miró traverse une crise identitaire. L&#8217;extérieur ne l&#8217;inspire plus et il doit remettre en question son art. Il parvient à résoudre ses problèmes artistiques grâce au surréalisme, en se fiant à sa spontanéité dans sa peinture et sa sculpture. L&#8217;inconscient et le monde onirique deviennent alors les sources d&#8217;inspiration de ses œuvres. En 1925, il présente lors d&#8217;une exposition &#8220;Le Carnaval d&#8217;Arlequin&#8221;, une œuvre purement surréaliste, qui le rendra mondialement connu. Lorsque le mouvement surréaliste prend des positions politiques trop marquées, Miró s&#8217;éloigne du groupe et se consacre au collage, à la lithographie et à la sculpture.</p>
<p>LE TEMPS DE LA MATURITÉ</p>
<p>Pendant la guerre d&#8217;Espagne, Miró s&#8217;installe à Paris où il revient à une peinture plus réaliste. Lorsque les troupes allemandes arrivent en France, Joan retourne en Espagne et trouve son style définitif. Il est désormais reconnu comme un grand artiste catalan.</p>
<p>À la fin de sa vie, il se consacre à des sculptures monumentales couvertes de céramique. Il s&#8217;éteint le jour de Noël en 1983.</p>

<!-- This site is optimized with the Yoast SEO plugin v27.4 - https://yoast.com/product/yoast-seo-wordpress/ -->
<title>Miró - Lille art up!</title>
<meta name="robots" content="index, follow, max-snippet:-1, max-image-preview:large, max-video-preview:-1" />
<meta property="og:locale" content="en_US" />
<meta property="og:type" content="article" />
<meta property="og:title" content="Miró - Lille art up!" />
<meta property="og:description" content="JOAN MIRÓ est l&#8217;un des représentants du surréalisme. Profondément avant-gardiste et moderne, il a démontré une grande créativité dans ses peintures et ses sculptures. SES ORIGINES ET SON PARCOURS Joan Miró est né à Barcelone en 1893. Son père était bijoutier et sa mère, fille d&#8217;un ébéniste. Joan a commencé à peindre très jeune, dès [&hellip;]" />
<meta property="og:url" content="https://lilleartup.com/en/all-artists/miro-2/" />
<meta property="og:site_name" content="Lille art up!" />
<meta property="article:modified_time" content="2025-01-21T13:46:05+00:00" />
<meta name="twitter:card" content="summary_large_image" />
<meta name="twitter:label1" content="Est. reading time" />
	<meta name="twitter:data1" content="2 minutes" />
<script type="application/ld+json" class="yoast-schema-graph">{"@context":"https:\/\/schema.org","@graph":[{"@type":"WebPage","@id":"https:\/\/lilleartup.com\/en\/all-artists\/miro-2\/","url":"https:\/\/lilleartup.com\/en\/all-artists\/miro-2\/","name":"Miró - Lille art up!","isPartOf":{"@id":"https:\/\/lilleartup.com\/en\/#website"},"datePublished":"2024-11-26T14:17:54+00:00","dateModified":"2025-01-21T13:46:05+00:00","breadcrumb":{"@id":"https:\/\/lilleartup.com\/en\/all-artists\/miro-2\/#breadcrumb"},"inLanguage":"en-US","potentialAction":[{"@type":"ReadAction","target":["https:\/\/lilleartup.com\/en\/all-artists\/miro-2\/"]}]},{"@type":"BreadcrumbList","@id":"https:\/\/lilleartup.com\/en\/all-artists\/miro-2\/#breadcrumb","itemListElement":[{"@type":"ListItem","position":1,"name":"Home","item":"https:\/\/lilleartup.com\/en\/"},{"@type":"ListItem","position":2,"name":"Artistes","item":"https:\/\/lilleartup.com\/en\/all-artists\/"},{"@type":"ListItem","position":3,"name":"Miró"}]},{"@type":"WebSite","@id":"https:\/\/lilleartup.com\/en\/#website","url":"https:\/\/lilleartup.com\/en\/","name":"Lille art up!","description":"","potentialAction":[{"@type":"SearchAction","target":{"@type":"EntryPoint","urlTemplate":"https:\/\/lilleartup.com\/en\/?s={search_term_string}"},"query-input":{"@type":"PropertyValueSpecification","valueRequired":true,"valueName":"search_term_string"}}],"inLanguage":"en-US"}]}</script>
<!-- / Yoast SEO plugin. -->

Miró - Lille art up!

JOAN MIRÓ est l&#8217;un des représentants du surréalisme. Profondément avant-gardiste et moderne, il a démontré une grande créativité dans ses peintures et ses sculptures. SES ORIGINES ET SON PARCOURS Joan Miró est né à Barcelone en 1893. Son père était bijoutier et sa mère, fille d&#8217;un ébéniste. Joan a commencé à peindre très jeune, dès [&hellip;]
