{"id":95550,"date":"2024-11-19T18:39:57","date_gmt":"2024-11-19T17:39:57","guid":{"rendered":"https:\/\/lilleartup.com\/?post_type=artist&#038;p=95550"},"modified":"2025-01-21T14:47:10","modified_gmt":"2025-01-21T13:47:10","slug":"dussuyer","status":"publish","type":"artist","link":"https:\/\/lilleartup.com\/en\/all-artists\/dussuyer\/","title":{"rendered":"Dussuyer"},"content":{"rendered":"<p>A l\u2019heure des conflits mondiaux, de la carence \u00e9cologique, de l\u2019anxi\u00e9t\u00e9 g\u00e9n\u00e9ralis\u00e9e, de l\u2019ultra-visibilit\u00e9 des images, des surexpositions de soi, de la photographie de masse, des difficult\u00e9s mondiales qui entrent dans nos vies, des circulations d\u2019images, de la peinture au service de l\u2019image photographique dans les \u0153uvres d\u2019art, de l\u2019Intelligence artificielle pr\u00e9sente de plus en plus et, \u00e9galement, dans la cr\u00e9ation : \u00ab Qu\u2019en est-il de la place de l\u2019homme notamment dans la cr\u00e9ation de l\u2019\u0153uvre d\u2019art ? Qu\u2019en est-il de la mat\u00e9rialit\u00e9 \u00ab corporelle, physique \u00bb et de \u00ab l\u2019\u00e9motionnel sensible \u00bb dans la cr\u00e9ation contemporaine et dans sa r\u00e9ception ? \u00bb Il me semble que l\u2019image surexpos\u00e9e et surinvestie \u00e0 saturation peut nous faire perdre la densit\u00e9 physique et profonde du r\u00e9el, de la nature et de soi, de la r\u00e9alit\u00e9 spatio-temporelle et de la notion d\u2019existence m\u00eame de \u00ab corps \u00bb.<\/p>\n<p>Je voudrais d\u00e9fendre la cr\u00e9ation dans ce \u00ab proc\u00e8s de l\u2019image \u00bb par la mati\u00e8re de la peinture et par le corps de l\u2019artiste. C\u2019est une responsabilit\u00e9 que je porte dans mon travail sensible au moment o\u00f9 les avanc\u00e9es technologiques cherchent \u00e0 aplatir cette densit\u00e9 humaine. Je cherche \u00e0 mettre en avant la notion de corps pour \u00ab habiter \u00bb la cr\u00e9ation et donc du corps f\u00e9minin, de la pr\u00e9sence, du d\u00e9sir et de l\u2019\u00e9tendue avec des jeux narratifs faisant r\u00e9f\u00e9rences \u00e0 l\u2019histoire de l\u2019art de la peinture, de la c\u00e9ramique, de la mode etc., \u00e0 ce qui me traverse sans hi\u00e9rarchie (puisque le regard est ainsi fait dans sa dynamique vivante).<\/p>\n<p>Quand je vais peindre, il y a cette urgence, se lever pour, se chausser souple, condenser cette \u00e9nergie de l\u2019instant. On entre dans la peinture, d\u00e8s l\u2019enfance, comme on entre en soi. On se retrouve sur le seuil, \u00e0 chaque fois, dans le plaisir de ce qui viendra. C\u2019est de cette n\u00e9cessit\u00e9 que vient ma pratique artistique et \u00e9galement, de ce qui me constitue profond\u00e9ment en tant que femme, en tant qu\u2019\u00eatre au monde. C\u2019est ma propre sensibilit\u00e9, mon propre rapport \u00e0 la f\u00e9minit\u00e9 que je d\u00e9ploie et questionne. Je veux rendre un hommage fort \u00e0 toutes les femmes, \u00e0 celles qui ont fa\u00e7onn\u00e9 notre identit\u00e9, notre regard et \u00e0 celles que nous portons en nous.<\/p>\n<p>Ma pratique est avant tout picturale et fonctionne par s\u00e9ries : Ces instants vuln\u00e9rables (2016) constitue une s\u00e9rie de portraits d\u2019amiti\u00e9s anciennes et profondes. Aussi, je continue depuis plusieurs ann\u00e9es certaines s\u00e9ries : Les silencieuses (2023), Les Endormies (depuis 2014), Les Eveill\u00e9es (depuis 2019), Les Histoires de femmes (depuis 2020). Au fur et \u00e0 mesure, grandit en moi ce besoin d\u2019espace et d\u2019explorer une pratique du monumental avec, par exemple, un polyptyque de 9m x 180 cm (2020) ou celui \u00ab Quand viendront les jours indomptables \u00bb 6m x 2m, acquisition du Mus\u00e9e Paul- Dini.<\/p>\n<p>@texte prot\u00e9g\u00e9, Florence Dussuyer<\/p>\n","protected":false},"author":173,"featured_media":0,"template":"","taxo_year_participe":[136],"class_list":["post-95550","artist","type-artist","status-publish","hentry"],"acf":[],"yoast_head":"<!-- This site is optimized with the Yoast SEO plugin v27.4 - https:\/\/yoast.com\/product\/yoast-seo-wordpress\/ -->\n<title>Dussuyer - Lille art up!<\/title>\n<meta name=\"robots\" content=\"index, follow, max-snippet:-1, max-image-preview:large, max-video-preview:-1\" \/>\n<meta property=\"og:locale\" content=\"en_US\" \/>\n<meta property=\"og:type\" content=\"article\" \/>\n<meta property=\"og:title\" content=\"Dussuyer - Lille art up!\" \/>\n<meta property=\"og:description\" content=\"A l\u2019heure des conflits mondiaux, de la carence \u00e9cologique, de l\u2019anxi\u00e9t\u00e9 g\u00e9n\u00e9ralis\u00e9e, de l\u2019ultra-visibilit\u00e9 des images, des surexpositions de soi, de la photographie de masse, des difficult\u00e9s mondiales qui entrent dans nos vies, des circulations d\u2019images, de la peinture au service de l\u2019image photographique dans les \u0153uvres d\u2019art, de l\u2019Intelligence artificielle pr\u00e9sente de plus en [&hellip;]\" \/>\n<meta property=\"og:url\" content=\"https:\/\/lilleartup.com\/en\/all-artists\/dussuyer\/\" \/>\n<meta property=\"og:site_name\" content=\"Lille art up!\" \/>\n<meta property=\"article:modified_time\" content=\"2025-01-21T13:47:10+00:00\" \/>\n<meta name=\"twitter:card\" content=\"summary_large_image\" \/>\n<meta name=\"twitter:label1\" content=\"Est. reading time\" \/>\n\t<meta name=\"twitter:data1\" content=\"3 minutes\" \/>\n<script type=\"application\/ld+json\" class=\"yoast-schema-graph\">{\"@context\":\"https:\\\/\\\/schema.org\",\"@graph\":[{\"@type\":\"WebPage\",\"@id\":\"https:\\\/\\\/lilleartup.com\\\/en\\\/all-artists\\\/dussuyer\\\/\",\"url\":\"https:\\\/\\\/lilleartup.com\\\/en\\\/all-artists\\\/dussuyer\\\/\",\"name\":\"Dussuyer - Lille art up!\",\"isPartOf\":{\"@id\":\"https:\\\/\\\/lilleartup.com\\\/en\\\/#website\"},\"datePublished\":\"2024-11-19T17:39:57+00:00\",\"dateModified\":\"2025-01-21T13:47:10+00:00\",\"breadcrumb\":{\"@id\":\"https:\\\/\\\/lilleartup.com\\\/en\\\/all-artists\\\/dussuyer\\\/#breadcrumb\"},\"inLanguage\":\"en-US\",\"potentialAction\":[{\"@type\":\"ReadAction\",\"target\":[\"https:\\\/\\\/lilleartup.com\\\/en\\\/all-artists\\\/dussuyer\\\/\"]}]},{\"@type\":\"BreadcrumbList\",\"@id\":\"https:\\\/\\\/lilleartup.com\\\/en\\\/all-artists\\\/dussuyer\\\/#breadcrumb\",\"itemListElement\":[{\"@type\":\"ListItem\",\"position\":1,\"name\":\"Home\",\"item\":\"https:\\\/\\\/lilleartup.com\\\/en\\\/\"},{\"@type\":\"ListItem\",\"position\":2,\"name\":\"Artistes\",\"item\":\"https:\\\/\\\/lilleartup.com\\\/en\\\/all-artists\\\/\"},{\"@type\":\"ListItem\",\"position\":3,\"name\":\"Dussuyer\"}]},{\"@type\":\"WebSite\",\"@id\":\"https:\\\/\\\/lilleartup.com\\\/en\\\/#website\",\"url\":\"https:\\\/\\\/lilleartup.com\\\/en\\\/\",\"name\":\"Lille art up!\",\"description\":\"\",\"potentialAction\":[{\"@type\":\"SearchAction\",\"target\":{\"@type\":\"EntryPoint\",\"urlTemplate\":\"https:\\\/\\\/lilleartup.com\\\/en\\\/?s={search_term_string}\"},\"query-input\":{\"@type\":\"PropertyValueSpecification\",\"valueRequired\":true,\"valueName\":\"search_term_string\"}}],\"inLanguage\":\"en-US\"}]}<\/script>\n<!-- \/ Yoast SEO plugin. -->","yoast_head_json":{"title":"Dussuyer - Lille art up!","robots":{"index":"index","follow":"follow","max-snippet":"max-snippet:-1","max-image-preview":"max-image-preview:large","max-video-preview":"max-video-preview:-1"},"og_locale":"en_US","og_type":"article","og_title":"Dussuyer - Lille art up!","og_description":"A l\u2019heure des conflits mondiaux, de la carence \u00e9cologique, de l\u2019anxi\u00e9t\u00e9 g\u00e9n\u00e9ralis\u00e9e, de l\u2019ultra-visibilit\u00e9 des images, des surexpositions de soi, de la photographie de masse, des difficult\u00e9s mondiales qui entrent dans nos vies, des circulations d\u2019images, de la peinture au service de l\u2019image photographique dans les \u0153uvres d\u2019art, de l\u2019Intelligence artificielle pr\u00e9sente de plus en [&hellip;]","og_url":"https:\/\/lilleartup.com\/en\/all-artists\/dussuyer\/","og_site_name":"Lille art up!","article_modified_time":"2025-01-21T13:47:10+00:00","twitter_card":"summary_large_image","twitter_misc":{"Est. reading time":"3 minutes"},"schema":{"@context":"https:\/\/schema.org","@graph":[{"@type":"WebPage","@id":"https:\/\/lilleartup.com\/en\/all-artists\/dussuyer\/","url":"https:\/\/lilleartup.com\/en\/all-artists\/dussuyer\/","name":"Dussuyer - Lille art up!","isPartOf":{"@id":"https:\/\/lilleartup.com\/en\/#website"},"datePublished":"2024-11-19T17:39:57+00:00","dateModified":"2025-01-21T13:47:10+00:00","breadcrumb":{"@id":"https:\/\/lilleartup.com\/en\/all-artists\/dussuyer\/#breadcrumb"},"inLanguage":"en-US","potentialAction":[{"@type":"ReadAction","target":["https:\/\/lilleartup.com\/en\/all-artists\/dussuyer\/"]}]},{"@type":"BreadcrumbList","@id":"https:\/\/lilleartup.com\/en\/all-artists\/dussuyer\/#breadcrumb","itemListElement":[{"@type":"ListItem","position":1,"name":"Home","item":"https:\/\/lilleartup.com\/en\/"},{"@type":"ListItem","position":2,"name":"Artistes","item":"https:\/\/lilleartup.com\/en\/all-artists\/"},{"@type":"ListItem","position":3,"name":"Dussuyer"}]},{"@type":"WebSite","@id":"https:\/\/lilleartup.com\/en\/#website","url":"https:\/\/lilleartup.com\/en\/","name":"Lille art up!","description":"","potentialAction":[{"@type":"SearchAction","target":{"@type":"EntryPoint","urlTemplate":"https:\/\/lilleartup.com\/en\/?s={search_term_string}"},"query-input":{"@type":"PropertyValueSpecification","valueRequired":true,"valueName":"search_term_string"}}],"inLanguage":"en-US"}]}},"_links":{"self":[{"href":"https:\/\/lilleartup.com\/en\/wp-json\/wp\/v2\/artist\/95550","targetHints":{"allow":["GET"]}}],"collection":[{"href":"https:\/\/lilleartup.com\/en\/wp-json\/wp\/v2\/artist"}],"about":[{"href":"https:\/\/lilleartup.com\/en\/wp-json\/wp\/v2\/types\/artist"}],"author":[{"embeddable":true,"href":"https:\/\/lilleartup.com\/en\/wp-json\/wp\/v2\/users\/173"}],"version-history":[{"count":2,"href":"https:\/\/lilleartup.com\/en\/wp-json\/wp\/v2\/artist\/95550\/revisions"}],"predecessor-version":[{"id":105412,"href":"https:\/\/lilleartup.com\/en\/wp-json\/wp\/v2\/artist\/95550\/revisions\/105412"}],"wp:attachment":[{"href":"https:\/\/lilleartup.com\/en\/wp-json\/wp\/v2\/media?parent=95550"}],"wp:term":[{"taxonomy":"taxo_year_participe","embeddable":true,"href":"https:\/\/lilleartup.com\/en\/wp-json\/wp\/v2\/taxo_year_participe?post=95550"}],"curies":[{"name":"wp","href":"https:\/\/api.w.org\/{rel}","templated":true}]}}

<p>A l’heure des conflits mondiaux, de la carence écologique, de l’anxiété généralisée, de l’ultra-visibilité des images, des surexpositions de soi, de la photographie de masse, des difficultés mondiales qui entrent dans nos vies, des circulations d’images, de la peinture au service de l’image photographique dans les œuvres d’art, de l’Intelligence artificielle présente de plus en plus et, également, dans la création : « Qu’en est-il de la place de l’homme notamment dans la création de l’œuvre d’art ? Qu’en est-il de la matérialité « corporelle, physique » et de « l’émotionnel sensible » dans la création contemporaine et dans sa réception ? » Il me semble que l’image surexposée et surinvestie à saturation peut nous faire perdre la densité physique et profonde du réel, de la nature et de soi, de la réalité spatio-temporelle et de la notion d’existence même de « corps ».</p>
<p>Je voudrais défendre la création dans ce « procès de l’image » par la matière de la peinture et par le corps de l’artiste. C’est une responsabilité que je porte dans mon travail sensible au moment où les avancées technologiques cherchent à aplatir cette densité humaine. Je cherche à mettre en avant la notion de corps pour « habiter » la création et donc du corps féminin, de la présence, du désir et de l’étendue avec des jeux narratifs faisant références à l’histoire de l’art de la peinture, de la céramique, de la mode etc., à ce qui me traverse sans hiérarchie (puisque le regard est ainsi fait dans sa dynamique vivante).</p>
<p>Quand je vais peindre, il y a cette urgence, se lever pour, se chausser souple, condenser cette énergie de l’instant. On entre dans la peinture, dès l’enfance, comme on entre en soi. On se retrouve sur le seuil, à chaque fois, dans le plaisir de ce qui viendra. C’est de cette nécessité que vient ma pratique artistique et également, de ce qui me constitue profondément en tant que femme, en tant qu’être au monde. C’est ma propre sensibilité, mon propre rapport à la féminité que je déploie et questionne. Je veux rendre un hommage fort à toutes les femmes, à celles qui ont façonné notre identité, notre regard et à celles que nous portons en nous.</p>
<p>Ma pratique est avant tout picturale et fonctionne par séries : Ces instants vulnérables (2016) constitue une série de portraits d’amitiés anciennes et profondes. Aussi, je continue depuis plusieurs années certaines séries : Les silencieuses (2023), Les Endormies (depuis 2014), Les Eveillées (depuis 2019), Les Histoires de femmes (depuis 2020). Au fur et à mesure, grandit en moi ce besoin d’espace et d’explorer une pratique du monumental avec, par exemple, un polyptyque de 9m x 180 cm (2020) ou celui « Quand viendront les jours indomptables » 6m x 2m, acquisition du Musée Paul- Dini.</p>
<p>@texte protégé, Florence Dussuyer</p>

<!-- This site is optimized with the Yoast SEO plugin v27.4 - https://yoast.com/product/yoast-seo-wordpress/ -->
<title>Dussuyer - Lille art up!</title>
<meta name="robots" content="index, follow, max-snippet:-1, max-image-preview:large, max-video-preview:-1" />
<meta property="og:locale" content="en_US" />
<meta property="og:type" content="article" />
<meta property="og:title" content="Dussuyer - Lille art up!" />
<meta property="og:description" content="A l’heure des conflits mondiaux, de la carence écologique, de l’anxiété généralisée, de l’ultra-visibilité des images, des surexpositions de soi, de la photographie de masse, des difficultés mondiales qui entrent dans nos vies, des circulations d’images, de la peinture au service de l’image photographique dans les œuvres d’art, de l’Intelligence artificielle présente de plus en [&hellip;]" />
<meta property="og:url" content="https://lilleartup.com/en/all-artists/dussuyer/" />
<meta property="og:site_name" content="Lille art up!" />
<meta property="article:modified_time" content="2025-01-21T13:47:10+00:00" />
<meta name="twitter:card" content="summary_large_image" />
<meta name="twitter:label1" content="Est. reading time" />
	<meta name="twitter:data1" content="3 minutes" />
<script type="application/ld+json" class="yoast-schema-graph">{"@context":"https:\/\/schema.org","@graph":[{"@type":"WebPage","@id":"https:\/\/lilleartup.com\/en\/all-artists\/dussuyer\/","url":"https:\/\/lilleartup.com\/en\/all-artists\/dussuyer\/","name":"Dussuyer - Lille art up!","isPartOf":{"@id":"https:\/\/lilleartup.com\/en\/#website"},"datePublished":"2024-11-19T17:39:57+00:00","dateModified":"2025-01-21T13:47:10+00:00","breadcrumb":{"@id":"https:\/\/lilleartup.com\/en\/all-artists\/dussuyer\/#breadcrumb"},"inLanguage":"en-US","potentialAction":[{"@type":"ReadAction","target":["https:\/\/lilleartup.com\/en\/all-artists\/dussuyer\/"]}]},{"@type":"BreadcrumbList","@id":"https:\/\/lilleartup.com\/en\/all-artists\/dussuyer\/#breadcrumb","itemListElement":[{"@type":"ListItem","position":1,"name":"Home","item":"https:\/\/lilleartup.com\/en\/"},{"@type":"ListItem","position":2,"name":"Artistes","item":"https:\/\/lilleartup.com\/en\/all-artists\/"},{"@type":"ListItem","position":3,"name":"Dussuyer"}]},{"@type":"WebSite","@id":"https:\/\/lilleartup.com\/en\/#website","url":"https:\/\/lilleartup.com\/en\/","name":"Lille art up!","description":"","potentialAction":[{"@type":"SearchAction","target":{"@type":"EntryPoint","urlTemplate":"https:\/\/lilleartup.com\/en\/?s={search_term_string}"},"query-input":{"@type":"PropertyValueSpecification","valueRequired":true,"valueName":"search_term_string"}}],"inLanguage":"en-US"}]}</script>
<!-- / Yoast SEO plugin. -->

A l’heure des conflits mondiaux, de la carence écologique, de l’anxiété généralisée, de l’ultra-visibilité des images, des surexpositions de soi, de la photographie de masse, des difficultés mondiales qui entrent dans nos vies, des circulations d’images, de la peinture au service de l’image photographique dans les œuvres d’art, de l’Intelligence artificielle présente de plus en [&hellip;]
