{"id":95546,"date":"2024-11-19T18:39:57","date_gmt":"2024-11-19T17:39:57","guid":{"rendered":"https:\/\/lilleartup.com\/?post_type=artist&#038;p=95546"},"modified":"2025-01-21T14:45:23","modified_gmt":"2025-01-21T13:45:23","slug":"doucet","status":"publish","type":"artist","link":"https:\/\/lilleartup.com\/en\/all-artists\/doucet\/","title":{"rendered":"Doucet"},"content":{"rendered":"<p>Jeune, il pr\u00e9f\u00e8re les galeries \u00e0 l\u2019\u00c9cole des beaux-arts, qu&#8217;il trouve peu int\u00e9ressante. Il expose au Salon d\u2019automne en 1943 et 1944, puis au Salon des surind\u00e9pendants en 1945 et 1946. En 1947, \u00e0 la galerie Kahnweiler, il rencontre une collectionneuse hongroise qui l\u2019invite \u00e0 Budapest. L\u00e0, il r\u00e9alise sa premi\u00e8re exposition \u00e0 l\u2019Europai Iskola, fond\u00e9e par Arpad Mezei et Imre Pan. \u00c0 Budapest, il se lie d\u2019amiti\u00e9 avec le peintre n\u00e9erlandais Corneille. De retour \u00e0 Paris, Doucet rejoint le groupe surr\u00e9aliste-r\u00e9volutionnaire, puis le mouvement Cobra en 1948, devenant le repr\u00e9sentant fran\u00e7ais avec Atlan. La m\u00eame ann\u00e9e, il expose pour la premi\u00e8re fois \u00e0 Paris \u00e0 la galerie Colette Allendy.<\/p>\n<p>Les d\u00e9buts de Doucet sont marqu\u00e9s par son int\u00e9r\u00eat pour les graffitis. Il s\u2019inspire ensuite de Klee et de Mir\u00f3, fusionnant surr\u00e9alisme et abstraction dynamique et lyrique, mettant en avant la mati\u00e8re. Le jazz New Orleans influence certaines de ses \u0153uvres. Il conserve de CoBrA une \u00e9criture spontan\u00e9e et color\u00e9e, travaillant la mati\u00e8re de mani\u00e8re extr\u00eame, imprimant, selon Dina Vierny, \u00ab une mesure dans la d\u00e9mesure \u00bb.<\/p>\n","protected":false},"author":173,"featured_media":0,"template":"","taxo_year_participe":[136],"class_list":["post-95546","artist","type-artist","status-publish","hentry"],"acf":[],"yoast_head":"<!-- This site is optimized with the Yoast SEO plugin v27.4 - https:\/\/yoast.com\/product\/yoast-seo-wordpress\/ -->\n<title>Doucet - Lille art up!<\/title>\n<meta name=\"robots\" content=\"index, follow, max-snippet:-1, max-image-preview:large, max-video-preview:-1\" \/>\n<meta property=\"og:locale\" content=\"en_US\" \/>\n<meta property=\"og:type\" content=\"article\" \/>\n<meta property=\"og:title\" content=\"Doucet - Lille art up!\" \/>\n<meta property=\"og:description\" content=\"Jeune, il pr\u00e9f\u00e8re les galeries \u00e0 l\u2019\u00c9cole des beaux-arts, qu&#8217;il trouve peu int\u00e9ressante. Il expose au Salon d\u2019automne en 1943 et 1944, puis au Salon des surind\u00e9pendants en 1945 et 1946. En 1947, \u00e0 la galerie Kahnweiler, il rencontre une collectionneuse hongroise qui l\u2019invite \u00e0 Budapest. L\u00e0, il r\u00e9alise sa premi\u00e8re exposition \u00e0 l\u2019Europai Iskola, [&hellip;]\" \/>\n<meta property=\"og:url\" content=\"https:\/\/lilleartup.com\/en\/all-artists\/doucet\/\" \/>\n<meta property=\"og:site_name\" content=\"Lille art up!\" \/>\n<meta property=\"article:modified_time\" content=\"2025-01-21T13:45:23+00:00\" \/>\n<meta name=\"twitter:card\" content=\"summary_large_image\" \/>\n<meta name=\"twitter:label1\" content=\"Est. reading time\" \/>\n\t<meta name=\"twitter:data1\" content=\"1 minute\" \/>\n<script type=\"application\/ld+json\" class=\"yoast-schema-graph\">{\"@context\":\"https:\\\/\\\/schema.org\",\"@graph\":[{\"@type\":\"WebPage\",\"@id\":\"https:\\\/\\\/lilleartup.com\\\/en\\\/all-artists\\\/doucet\\\/\",\"url\":\"https:\\\/\\\/lilleartup.com\\\/en\\\/all-artists\\\/doucet\\\/\",\"name\":\"Doucet - Lille art up!\",\"isPartOf\":{\"@id\":\"https:\\\/\\\/lilleartup.com\\\/en\\\/#website\"},\"datePublished\":\"2024-11-19T17:39:57+00:00\",\"dateModified\":\"2025-01-21T13:45:23+00:00\",\"breadcrumb\":{\"@id\":\"https:\\\/\\\/lilleartup.com\\\/en\\\/all-artists\\\/doucet\\\/#breadcrumb\"},\"inLanguage\":\"en-US\",\"potentialAction\":[{\"@type\":\"ReadAction\",\"target\":[\"https:\\\/\\\/lilleartup.com\\\/en\\\/all-artists\\\/doucet\\\/\"]}]},{\"@type\":\"BreadcrumbList\",\"@id\":\"https:\\\/\\\/lilleartup.com\\\/en\\\/all-artists\\\/doucet\\\/#breadcrumb\",\"itemListElement\":[{\"@type\":\"ListItem\",\"position\":1,\"name\":\"Home\",\"item\":\"https:\\\/\\\/lilleartup.com\\\/en\\\/\"},{\"@type\":\"ListItem\",\"position\":2,\"name\":\"Artistes\",\"item\":\"https:\\\/\\\/lilleartup.com\\\/en\\\/all-artists\\\/\"},{\"@type\":\"ListItem\",\"position\":3,\"name\":\"Doucet\"}]},{\"@type\":\"WebSite\",\"@id\":\"https:\\\/\\\/lilleartup.com\\\/en\\\/#website\",\"url\":\"https:\\\/\\\/lilleartup.com\\\/en\\\/\",\"name\":\"Lille art up!\",\"description\":\"\",\"potentialAction\":[{\"@type\":\"SearchAction\",\"target\":{\"@type\":\"EntryPoint\",\"urlTemplate\":\"https:\\\/\\\/lilleartup.com\\\/en\\\/?s={search_term_string}\"},\"query-input\":{\"@type\":\"PropertyValueSpecification\",\"valueRequired\":true,\"valueName\":\"search_term_string\"}}],\"inLanguage\":\"en-US\"}]}<\/script>\n<!-- \/ Yoast SEO plugin. -->","yoast_head_json":{"title":"Doucet - Lille art up!","robots":{"index":"index","follow":"follow","max-snippet":"max-snippet:-1","max-image-preview":"max-image-preview:large","max-video-preview":"max-video-preview:-1"},"og_locale":"en_US","og_type":"article","og_title":"Doucet - Lille art up!","og_description":"Jeune, il pr\u00e9f\u00e8re les galeries \u00e0 l\u2019\u00c9cole des beaux-arts, qu&#8217;il trouve peu int\u00e9ressante. Il expose au Salon d\u2019automne en 1943 et 1944, puis au Salon des surind\u00e9pendants en 1945 et 1946. En 1947, \u00e0 la galerie Kahnweiler, il rencontre une collectionneuse hongroise qui l\u2019invite \u00e0 Budapest. L\u00e0, il r\u00e9alise sa premi\u00e8re exposition \u00e0 l\u2019Europai Iskola, [&hellip;]","og_url":"https:\/\/lilleartup.com\/en\/all-artists\/doucet\/","og_site_name":"Lille art up!","article_modified_time":"2025-01-21T13:45:23+00:00","twitter_card":"summary_large_image","twitter_misc":{"Est. reading time":"1 minute"},"schema":{"@context":"https:\/\/schema.org","@graph":[{"@type":"WebPage","@id":"https:\/\/lilleartup.com\/en\/all-artists\/doucet\/","url":"https:\/\/lilleartup.com\/en\/all-artists\/doucet\/","name":"Doucet - Lille art up!","isPartOf":{"@id":"https:\/\/lilleartup.com\/en\/#website"},"datePublished":"2024-11-19T17:39:57+00:00","dateModified":"2025-01-21T13:45:23+00:00","breadcrumb":{"@id":"https:\/\/lilleartup.com\/en\/all-artists\/doucet\/#breadcrumb"},"inLanguage":"en-US","potentialAction":[{"@type":"ReadAction","target":["https:\/\/lilleartup.com\/en\/all-artists\/doucet\/"]}]},{"@type":"BreadcrumbList","@id":"https:\/\/lilleartup.com\/en\/all-artists\/doucet\/#breadcrumb","itemListElement":[{"@type":"ListItem","position":1,"name":"Home","item":"https:\/\/lilleartup.com\/en\/"},{"@type":"ListItem","position":2,"name":"Artistes","item":"https:\/\/lilleartup.com\/en\/all-artists\/"},{"@type":"ListItem","position":3,"name":"Doucet"}]},{"@type":"WebSite","@id":"https:\/\/lilleartup.com\/en\/#website","url":"https:\/\/lilleartup.com\/en\/","name":"Lille art up!","description":"","potentialAction":[{"@type":"SearchAction","target":{"@type":"EntryPoint","urlTemplate":"https:\/\/lilleartup.com\/en\/?s={search_term_string}"},"query-input":{"@type":"PropertyValueSpecification","valueRequired":true,"valueName":"search_term_string"}}],"inLanguage":"en-US"}]}},"_links":{"self":[{"href":"https:\/\/lilleartup.com\/en\/wp-json\/wp\/v2\/artist\/95546","targetHints":{"allow":["GET"]}}],"collection":[{"href":"https:\/\/lilleartup.com\/en\/wp-json\/wp\/v2\/artist"}],"about":[{"href":"https:\/\/lilleartup.com\/en\/wp-json\/wp\/v2\/types\/artist"}],"author":[{"embeddable":true,"href":"https:\/\/lilleartup.com\/en\/wp-json\/wp\/v2\/users\/173"}],"version-history":[{"count":2,"href":"https:\/\/lilleartup.com\/en\/wp-json\/wp\/v2\/artist\/95546\/revisions"}],"predecessor-version":[{"id":105398,"href":"https:\/\/lilleartup.com\/en\/wp-json\/wp\/v2\/artist\/95546\/revisions\/105398"}],"wp:attachment":[{"href":"https:\/\/lilleartup.com\/en\/wp-json\/wp\/v2\/media?parent=95546"}],"wp:term":[{"taxonomy":"taxo_year_participe","embeddable":true,"href":"https:\/\/lilleartup.com\/en\/wp-json\/wp\/v2\/taxo_year_participe?post=95546"}],"curies":[{"name":"wp","href":"https:\/\/api.w.org\/{rel}","templated":true}]}}

<p>Jeune, il préfère les galeries à l’École des beaux-arts, qu&#8217;il trouve peu intéressante. Il expose au Salon d’automne en 1943 et 1944, puis au Salon des surindépendants en 1945 et 1946. En 1947, à la galerie Kahnweiler, il rencontre une collectionneuse hongroise qui l’invite à Budapest. Là, il réalise sa première exposition à l’Europai Iskola, fondée par Arpad Mezei et Imre Pan. À Budapest, il se lie d’amitié avec le peintre néerlandais Corneille. De retour à Paris, Doucet rejoint le groupe surréaliste-révolutionnaire, puis le mouvement Cobra en 1948, devenant le représentant français avec Atlan. La même année, il expose pour la première fois à Paris à la galerie Colette Allendy.</p>
<p>Les débuts de Doucet sont marqués par son intérêt pour les graffitis. Il s’inspire ensuite de Klee et de Miró, fusionnant surréalisme et abstraction dynamique et lyrique, mettant en avant la matière. Le jazz New Orleans influence certaines de ses œuvres. Il conserve de CoBrA une écriture spontanée et colorée, travaillant la matière de manière extrême, imprimant, selon Dina Vierny, « une mesure dans la démesure ».</p>

<!-- This site is optimized with the Yoast SEO plugin v27.4 - https://yoast.com/product/yoast-seo-wordpress/ -->
<title>Doucet - Lille art up!</title>
<meta name="robots" content="index, follow, max-snippet:-1, max-image-preview:large, max-video-preview:-1" />
<meta property="og:locale" content="en_US" />
<meta property="og:type" content="article" />
<meta property="og:title" content="Doucet - Lille art up!" />
<meta property="og:description" content="Jeune, il préfère les galeries à l’École des beaux-arts, qu&#8217;il trouve peu intéressante. Il expose au Salon d’automne en 1943 et 1944, puis au Salon des surindépendants en 1945 et 1946. En 1947, à la galerie Kahnweiler, il rencontre une collectionneuse hongroise qui l’invite à Budapest. Là, il réalise sa première exposition à l’Europai Iskola, [&hellip;]" />
<meta property="og:url" content="https://lilleartup.com/en/all-artists/doucet/" />
<meta property="og:site_name" content="Lille art up!" />
<meta property="article:modified_time" content="2025-01-21T13:45:23+00:00" />
<meta name="twitter:card" content="summary_large_image" />
<meta name="twitter:label1" content="Est. reading time" />
	<meta name="twitter:data1" content="1 minute" />
<script type="application/ld+json" class="yoast-schema-graph">{"@context":"https:\/\/schema.org","@graph":[{"@type":"WebPage","@id":"https:\/\/lilleartup.com\/en\/all-artists\/doucet\/","url":"https:\/\/lilleartup.com\/en\/all-artists\/doucet\/","name":"Doucet - Lille art up!","isPartOf":{"@id":"https:\/\/lilleartup.com\/en\/#website"},"datePublished":"2024-11-19T17:39:57+00:00","dateModified":"2025-01-21T13:45:23+00:00","breadcrumb":{"@id":"https:\/\/lilleartup.com\/en\/all-artists\/doucet\/#breadcrumb"},"inLanguage":"en-US","potentialAction":[{"@type":"ReadAction","target":["https:\/\/lilleartup.com\/en\/all-artists\/doucet\/"]}]},{"@type":"BreadcrumbList","@id":"https:\/\/lilleartup.com\/en\/all-artists\/doucet\/#breadcrumb","itemListElement":[{"@type":"ListItem","position":1,"name":"Home","item":"https:\/\/lilleartup.com\/en\/"},{"@type":"ListItem","position":2,"name":"Artistes","item":"https:\/\/lilleartup.com\/en\/all-artists\/"},{"@type":"ListItem","position":3,"name":"Doucet"}]},{"@type":"WebSite","@id":"https:\/\/lilleartup.com\/en\/#website","url":"https:\/\/lilleartup.com\/en\/","name":"Lille art up!","description":"","potentialAction":[{"@type":"SearchAction","target":{"@type":"EntryPoint","urlTemplate":"https:\/\/lilleartup.com\/en\/?s={search_term_string}"},"query-input":{"@type":"PropertyValueSpecification","valueRequired":true,"valueName":"search_term_string"}}],"inLanguage":"en-US"}]}</script>
<!-- / Yoast SEO plugin. -->

Jeune, il préfère les galeries à l’École des beaux-arts, qu&#8217;il trouve peu intéressante. Il expose au Salon d’automne en 1943 et 1944, puis au Salon des surindépendants en 1945 et 1946. En 1947, à la galerie Kahnweiler, il rencontre une collectionneuse hongroise qui l’invite à Budapest. Là, il réalise sa première exposition à l’Europai Iskola, [&hellip;]
