{"id":90516,"date":"2024-12-19T19:55:50","date_gmt":"2024-12-19T18:55:50","guid":{"rendered":"https:\/\/lilleartup.com\/?post_type=artist&#038;p=90516"},"modified":"2025-01-23T12:02:36","modified_gmt":"2025-01-23T11:02:36","slug":"andes-2","status":"publish","type":"artist","link":"https:\/\/lilleartup.com\/en\/all-artists\/andes-2\/","title":{"rendered":"Andes"},"content":{"rendered":"<p>A child of the North, Fran\u00e7ois Andes studied in Roubaix (France) then in Brussels (Belgium). From the age of seventeen to his twenties, he practiced cartooning, textile arts, screen printing and monumental painting; an apprenticeship that had a profound impact on his multidisciplinary art practice. His drawings sometimes measure up to several meters in height and width. Often they are accompanied by sculptures or performances. Because Fran\u00e7ois Andes thinks big: his imagination, populated by dreamlike landscapes and extraordinary creatures, takes his visitors on a journey through the territories and legends of the entire world.<br \/>\n\u201cMy work is similar to an organic structure constantly growing, open to its environment and functioning in a proliferating mode.\u201d<br \/>\nIn 2015, he was an artist in residence in Mons, European Capital of Culture. \u201cCoup de C\u0153ur\u201d artist of the international contemporary drawing fair DDessinParis17, He was recently invited for an artistic residency at the French Institute of T\u00e9touan, at the Villa Saigon in Vietnam, at the Bispo do Ros\u00e1rio Contemporary Art Museum in Rio de Janeiro, and , at the With Artist Foundation in South Korea. In 2019, he created the script and costumes for the show BWV 988: Thirty Possibilities of Transgression, presented at the Teatro Pl\u00ednio Marcos in Bras\u00edlia (Brazil). In 2020, his work was presented at the Quynh Gallery in Ho-Chi Minh City in Vietnam and at the Korean Cultural Center in Paris.<br \/>\nSon \u0153uvre est aussi le sujet en 2021 d\u2019expositions monographiques au Mus\u00e9e Oscar Niemeyer de Curitiba ainsi qu\u2019\u00e0 la galerie Celma Albuquerque \u00e0 Belo Horizonte au Br\u00e9sil, \u00e0 la Biblioth\u00e8que Alexis de Tocqueville \u00e0 Caen et, en 2022, au Centre d\u2019Arts Visuels le Labanque en France. En 2023 \u00e0 Las\u00e9cu Lieu d\u2019art et Artoth\u00e8que and in 2024 at the Out of The Blue Gallery in Lille.<\/p>\n","protected":false},"author":635,"featured_media":96213,"template":"","taxo_year_participe":[136],"class_list":["post-90516","artist","type-artist","status-publish","has-post-thumbnail","hentry"],"acf":[],"yoast_head":"<!-- This site is optimized with the Yoast SEO plugin v27.4 - https:\/\/yoast.com\/product\/yoast-seo-wordpress\/ -->\n<title>Andes - Lille art up!<\/title>\n<meta name=\"robots\" content=\"index, follow, max-snippet:-1, max-image-preview:large, max-video-preview:-1\" \/>\n<meta property=\"og:locale\" content=\"en_US\" \/>\n<meta property=\"og:type\" content=\"article\" \/>\n<meta property=\"og:title\" content=\"Andes - Lille art up!\" \/>\n<meta property=\"og:description\" content=\"A child of the North, Fran\u00e7ois Andes studied in Roubaix (France) then in Brussels (Belgium). From the age of seventeen to his twenties, he practiced cartooning, textile arts, screen printing and monumental painting; an apprenticeship that had a profound impact on his multidisciplinary art practice. His drawings sometimes measure up to several meters in height [&hellip;]\" \/>\n<meta property=\"og:url\" content=\"https:\/\/lilleartup.com\/en\/all-artists\/andes-2\/\" \/>\n<meta property=\"og:site_name\" content=\"Lille art up!\" \/>\n<meta property=\"article:modified_time\" content=\"2025-01-23T11:02:36+00:00\" \/>\n<meta property=\"og:image\" content=\"https:\/\/lilleartup.com\/wp-content\/uploads\/2024\/11\/portrait-Francois-Andes.png\" \/>\n\t<meta property=\"og:image:width\" content=\"316\" \/>\n\t<meta property=\"og:image:height\" content=\"531\" \/>\n\t<meta property=\"og:image:type\" content=\"image\/png\" \/>\n<meta name=\"twitter:card\" content=\"summary_large_image\" \/>\n<meta name=\"twitter:label1\" content=\"Est. reading time\" \/>\n\t<meta name=\"twitter:data1\" content=\"1 minute\" \/>\n<script type=\"application\/ld+json\" class=\"yoast-schema-graph\">{\"@context\":\"https:\\\/\\\/schema.org\",\"@graph\":[{\"@type\":\"WebPage\",\"@id\":\"https:\\\/\\\/lilleartup.com\\\/en\\\/all-artists\\\/andes-2\\\/\",\"url\":\"https:\\\/\\\/lilleartup.com\\\/en\\\/all-artists\\\/andes-2\\\/\",\"name\":\"Andes - Lille art up!\",\"isPartOf\":{\"@id\":\"https:\\\/\\\/lilleartup.com\\\/en\\\/#website\"},\"primaryImageOfPage\":{\"@id\":\"https:\\\/\\\/lilleartup.com\\\/en\\\/all-artists\\\/andes-2\\\/#primaryimage\"},\"image\":{\"@id\":\"https:\\\/\\\/lilleartup.com\\\/en\\\/all-artists\\\/andes-2\\\/#primaryimage\"},\"thumbnailUrl\":\"https:\\\/\\\/lilleartup.com\\\/wp-content\\\/uploads\\\/2024\\\/11\\\/portrait-Francois-Andes.png\",\"datePublished\":\"2024-12-19T18:55:50+00:00\",\"dateModified\":\"2025-01-23T11:02:36+00:00\",\"breadcrumb\":{\"@id\":\"https:\\\/\\\/lilleartup.com\\\/en\\\/all-artists\\\/andes-2\\\/#breadcrumb\"},\"inLanguage\":\"en-US\",\"potentialAction\":[{\"@type\":\"ReadAction\",\"target\":[\"https:\\\/\\\/lilleartup.com\\\/en\\\/all-artists\\\/andes-2\\\/\"]}]},{\"@type\":\"ImageObject\",\"inLanguage\":\"en-US\",\"@id\":\"https:\\\/\\\/lilleartup.com\\\/en\\\/all-artists\\\/andes-2\\\/#primaryimage\",\"url\":\"https:\\\/\\\/lilleartup.com\\\/wp-content\\\/uploads\\\/2024\\\/11\\\/portrait-Francois-Andes.png\",\"contentUrl\":\"https:\\\/\\\/lilleartup.com\\\/wp-content\\\/uploads\\\/2024\\\/11\\\/portrait-Francois-Andes.png\",\"width\":316,\"height\":531},{\"@type\":\"BreadcrumbList\",\"@id\":\"https:\\\/\\\/lilleartup.com\\\/en\\\/all-artists\\\/andes-2\\\/#breadcrumb\",\"itemListElement\":[{\"@type\":\"ListItem\",\"position\":1,\"name\":\"Home\",\"item\":\"https:\\\/\\\/lilleartup.com\\\/en\\\/\"},{\"@type\":\"ListItem\",\"position\":2,\"name\":\"Artistes\",\"item\":\"https:\\\/\\\/lilleartup.com\\\/en\\\/all-artists\\\/\"},{\"@type\":\"ListItem\",\"position\":3,\"name\":\"Andes\"}]},{\"@type\":\"WebSite\",\"@id\":\"https:\\\/\\\/lilleartup.com\\\/en\\\/#website\",\"url\":\"https:\\\/\\\/lilleartup.com\\\/en\\\/\",\"name\":\"Lille art up!\",\"description\":\"\",\"potentialAction\":[{\"@type\":\"SearchAction\",\"target\":{\"@type\":\"EntryPoint\",\"urlTemplate\":\"https:\\\/\\\/lilleartup.com\\\/en\\\/?s={search_term_string}\"},\"query-input\":{\"@type\":\"PropertyValueSpecification\",\"valueRequired\":true,\"valueName\":\"search_term_string\"}}],\"inLanguage\":\"en-US\"}]}<\/script>\n<!-- \/ Yoast SEO plugin. -->","yoast_head_json":{"title":"Andes - Lille art up!","robots":{"index":"index","follow":"follow","max-snippet":"max-snippet:-1","max-image-preview":"max-image-preview:large","max-video-preview":"max-video-preview:-1"},"og_locale":"en_US","og_type":"article","og_title":"Andes - Lille art up!","og_description":"A child of the North, Fran\u00e7ois Andes studied in Roubaix (France) then in Brussels (Belgium). From the age of seventeen to his twenties, he practiced cartooning, textile arts, screen printing and monumental painting; an apprenticeship that had a profound impact on his multidisciplinary art practice. His drawings sometimes measure up to several meters in height [&hellip;]","og_url":"https:\/\/lilleartup.com\/en\/all-artists\/andes-2\/","og_site_name":"Lille art up!","article_modified_time":"2025-01-23T11:02:36+00:00","og_image":[{"width":316,"height":531,"url":"https:\/\/lilleartup.com\/wp-content\/uploads\/2024\/11\/portrait-Francois-Andes.png","type":"image\/png"}],"twitter_card":"summary_large_image","twitter_misc":{"Est. reading time":"1 minute"},"schema":{"@context":"https:\/\/schema.org","@graph":[{"@type":"WebPage","@id":"https:\/\/lilleartup.com\/en\/all-artists\/andes-2\/","url":"https:\/\/lilleartup.com\/en\/all-artists\/andes-2\/","name":"Andes - Lille art up!","isPartOf":{"@id":"https:\/\/lilleartup.com\/en\/#website"},"primaryImageOfPage":{"@id":"https:\/\/lilleartup.com\/en\/all-artists\/andes-2\/#primaryimage"},"image":{"@id":"https:\/\/lilleartup.com\/en\/all-artists\/andes-2\/#primaryimage"},"thumbnailUrl":"https:\/\/lilleartup.com\/wp-content\/uploads\/2024\/11\/portrait-Francois-Andes.png","datePublished":"2024-12-19T18:55:50+00:00","dateModified":"2025-01-23T11:02:36+00:00","breadcrumb":{"@id":"https:\/\/lilleartup.com\/en\/all-artists\/andes-2\/#breadcrumb"},"inLanguage":"en-US","potentialAction":[{"@type":"ReadAction","target":["https:\/\/lilleartup.com\/en\/all-artists\/andes-2\/"]}]},{"@type":"ImageObject","inLanguage":"en-US","@id":"https:\/\/lilleartup.com\/en\/all-artists\/andes-2\/#primaryimage","url":"https:\/\/lilleartup.com\/wp-content\/uploads\/2024\/11\/portrait-Francois-Andes.png","contentUrl":"https:\/\/lilleartup.com\/wp-content\/uploads\/2024\/11\/portrait-Francois-Andes.png","width":316,"height":531},{"@type":"BreadcrumbList","@id":"https:\/\/lilleartup.com\/en\/all-artists\/andes-2\/#breadcrumb","itemListElement":[{"@type":"ListItem","position":1,"name":"Home","item":"https:\/\/lilleartup.com\/en\/"},{"@type":"ListItem","position":2,"name":"Artistes","item":"https:\/\/lilleartup.com\/en\/all-artists\/"},{"@type":"ListItem","position":3,"name":"Andes"}]},{"@type":"WebSite","@id":"https:\/\/lilleartup.com\/en\/#website","url":"https:\/\/lilleartup.com\/en\/","name":"Lille art up!","description":"","potentialAction":[{"@type":"SearchAction","target":{"@type":"EntryPoint","urlTemplate":"https:\/\/lilleartup.com\/en\/?s={search_term_string}"},"query-input":{"@type":"PropertyValueSpecification","valueRequired":true,"valueName":"search_term_string"}}],"inLanguage":"en-US"}]}},"_links":{"self":[{"href":"https:\/\/lilleartup.com\/en\/wp-json\/wp\/v2\/artist\/90516","targetHints":{"allow":["GET"]}}],"collection":[{"href":"https:\/\/lilleartup.com\/en\/wp-json\/wp\/v2\/artist"}],"about":[{"href":"https:\/\/lilleartup.com\/en\/wp-json\/wp\/v2\/types\/artist"}],"author":[{"embeddable":true,"href":"https:\/\/lilleartup.com\/en\/wp-json\/wp\/v2\/users\/635"}],"version-history":[{"count":2,"href":"https:\/\/lilleartup.com\/en\/wp-json\/wp\/v2\/artist\/90516\/revisions"}],"predecessor-version":[{"id":106054,"href":"https:\/\/lilleartup.com\/en\/wp-json\/wp\/v2\/artist\/90516\/revisions\/106054"}],"wp:featuredmedia":[{"embeddable":true,"href":"https:\/\/lilleartup.com\/en\/wp-json\/wp\/v2\/media\/96213"}],"wp:attachment":[{"href":"https:\/\/lilleartup.com\/en\/wp-json\/wp\/v2\/media?parent=90516"}],"wp:term":[{"taxonomy":"taxo_year_participe","embeddable":true,"href":"https:\/\/lilleartup.com\/en\/wp-json\/wp\/v2\/taxo_year_participe?post=90516"}],"curies":[{"name":"wp","href":"https:\/\/api.w.org\/{rel}","templated":true}]}}

<p>A child of the North, François Andes studied in Roubaix (France) then in Brussels (Belgium). From the age of seventeen to his twenties, he practiced cartooning, textile arts, screen printing and monumental painting; an apprenticeship that had a profound impact on his multidisciplinary art practice. His drawings sometimes measure up to several meters in height and width. Often they are accompanied by sculptures or performances. Because François Andes thinks big: his imagination, populated by dreamlike landscapes and extraordinary creatures, takes his visitors on a journey through the territories and legends of the entire world.<br />
“My work is similar to an organic structure constantly growing, open to its environment and functioning in a proliferating mode.”<br />
In 2015, he was an artist in residence in Mons, European Capital of Culture. “Coup de Cœur” artist of the international contemporary drawing fair DDessinParis17, He was recently invited for an artistic residency at the French Institute of Tétouan, at the Villa Saigon in Vietnam, at the Bispo do Rosário Contemporary Art Museum in Rio de Janeiro, and , at the With Artist Foundation in South Korea. In 2019, he created the script and costumes for the show BWV 988: Thirty Possibilities of Transgression, presented at the Teatro Plínio Marcos in Brasília (Brazil). In 2020, his work was presented at the Quynh Gallery in Ho-Chi Minh City in Vietnam and at the Korean Cultural Center in Paris.<br />
Son œuvre est aussi le sujet en 2021 d’expositions monographiques au Musée Oscar Niemeyer de Curitiba ainsi qu’à la galerie Celma Albuquerque à Belo Horizonte au Brésil, à la Bibliothèque Alexis de Tocqueville à Caen et, en 2022, au Centre d’Arts Visuels le Labanque en France. En 2023 à Lasécu Lieu d’art et Artothèque and in 2024 at the Out of The Blue Gallery in Lille.</p>

<!-- This site is optimized with the Yoast SEO plugin v27.4 - https://yoast.com/product/yoast-seo-wordpress/ -->
<title>Andes - Lille art up!</title>
<meta name="robots" content="index, follow, max-snippet:-1, max-image-preview:large, max-video-preview:-1" />
<meta property="og:locale" content="en_US" />
<meta property="og:type" content="article" />
<meta property="og:title" content="Andes - Lille art up!" />
<meta property="og:description" content="A child of the North, François Andes studied in Roubaix (France) then in Brussels (Belgium). From the age of seventeen to his twenties, he practiced cartooning, textile arts, screen printing and monumental painting; an apprenticeship that had a profound impact on his multidisciplinary art practice. His drawings sometimes measure up to several meters in height [&hellip;]" />
<meta property="og:url" content="https://lilleartup.com/en/all-artists/andes-2/" />
<meta property="og:site_name" content="Lille art up!" />
<meta property="article:modified_time" content="2025-01-23T11:02:36+00:00" />
<meta property="og:image" content="https://lilleartup.com/wp-content/uploads/2024/11/portrait-Francois-Andes.png" />
	<meta property="og:image:width" content="316" />
	<meta property="og:image:height" content="531" />
	<meta property="og:image:type" content="image/png" />
<meta name="twitter:card" content="summary_large_image" />
<meta name="twitter:label1" content="Est. reading time" />
	<meta name="twitter:data1" content="1 minute" />
<script type="application/ld+json" class="yoast-schema-graph">{"@context":"https:\/\/schema.org","@graph":[{"@type":"WebPage","@id":"https:\/\/lilleartup.com\/en\/all-artists\/andes-2\/","url":"https:\/\/lilleartup.com\/en\/all-artists\/andes-2\/","name":"Andes - Lille art up!","isPartOf":{"@id":"https:\/\/lilleartup.com\/en\/#website"},"primaryImageOfPage":{"@id":"https:\/\/lilleartup.com\/en\/all-artists\/andes-2\/#primaryimage"},"image":{"@id":"https:\/\/lilleartup.com\/en\/all-artists\/andes-2\/#primaryimage"},"thumbnailUrl":"https:\/\/lilleartup.com\/wp-content\/uploads\/2024\/11\/portrait-Francois-Andes.png","datePublished":"2024-12-19T18:55:50+00:00","dateModified":"2025-01-23T11:02:36+00:00","breadcrumb":{"@id":"https:\/\/lilleartup.com\/en\/all-artists\/andes-2\/#breadcrumb"},"inLanguage":"en-US","potentialAction":[{"@type":"ReadAction","target":["https:\/\/lilleartup.com\/en\/all-artists\/andes-2\/"]}]},{"@type":"ImageObject","inLanguage":"en-US","@id":"https:\/\/lilleartup.com\/en\/all-artists\/andes-2\/#primaryimage","url":"https:\/\/lilleartup.com\/wp-content\/uploads\/2024\/11\/portrait-Francois-Andes.png","contentUrl":"https:\/\/lilleartup.com\/wp-content\/uploads\/2024\/11\/portrait-Francois-Andes.png","width":316,"height":531},{"@type":"BreadcrumbList","@id":"https:\/\/lilleartup.com\/en\/all-artists\/andes-2\/#breadcrumb","itemListElement":[{"@type":"ListItem","position":1,"name":"Home","item":"https:\/\/lilleartup.com\/en\/"},{"@type":"ListItem","position":2,"name":"Artistes","item":"https:\/\/lilleartup.com\/en\/all-artists\/"},{"@type":"ListItem","position":3,"name":"Andes"}]},{"@type":"WebSite","@id":"https:\/\/lilleartup.com\/en\/#website","url":"https:\/\/lilleartup.com\/en\/","name":"Lille art up!","description":"","potentialAction":[{"@type":"SearchAction","target":{"@type":"EntryPoint","urlTemplate":"https:\/\/lilleartup.com\/en\/?s={search_term_string}"},"query-input":{"@type":"PropertyValueSpecification","valueRequired":true,"valueName":"search_term_string"}}],"inLanguage":"en-US"}]}</script>
<!-- / Yoast SEO plugin. -->

A child of the North, François Andes studied in Roubaix (France) then in Brussels (Belgium). From the age of seventeen to his twenties, he practiced cartooning, textile arts, screen printing and monumental painting; an apprenticeship that had a profound impact on his multidisciplinary art practice. His drawings sometimes measure up to several meters in height [&hellip;]
