{"id":86509,"date":"2024-07-22T15:04:17","date_gmt":"2024-07-22T13:04:17","guid":{"rendered":"https:\/\/lilleartup.com\/?post_type=artist&#038;p=86509"},"modified":"2025-01-31T12:53:14","modified_gmt":"2025-01-31T11:53:14","slug":"ewelt","status":"publish","type":"artist","link":"https:\/\/lilleartup.com\/en\/all-artists\/ewelt\/","title":{"rendered":"Ule Ewelt"},"content":{"rendered":"<p>INTENTION<\/p>\n<p>Le mot latin anima signifie \u00e2me, \u00eatres anim\u00e9s, vie, mais aussi souffle d&#8217;air, vent et souffle. Le mot animal pour les \u00eatres vivants, les cr\u00e9atures en d\u00e9rive. Depuis que l\u2019Homme existe, il vit dans un monde qui \u00e9tait habit\u00e9 et fa\u00e7onn\u00e9 par les animaux. Ils ont repr\u00e9sent\u00e9 pour lui \u00e0 la fois une source d\u2019alimentation, des concurrents alimentaires et une menace.<br \/>\nC\u2019est mon intention \u00e0 replacer les contemplateurs de mes \u0153uvres \u00e0 l\u2019\u00e9poque de l\u2019Homme pr\u00e9historique qui, cr\u00e9ait des \u0153uvres d&#8217;art impressionnantes par impulsion int\u00e9rieure. J\u2019aimerais que mes sculptures d&#8217;animaux s\u2019adressent \u00e0 un niveau \u00e9motionnel et instinctif du contemplateur et construisent un pont vers l&#8217;inconscient qui a des racines dans nos origines. Dans ce monde cach\u00e9 nous sommes un.<\/p>\n<p>VITA<br \/>\nJ\u2018ai mod\u00e9lise des sculptures animali\u00e8res depuis l&#8217;\u00e2ge de 14 ans. Apr\u00e8s des \u00e9tudes de g\u00e9ographie et travaill\u00e9 quelques ann\u00e9es dans un bureau d&#8217;urbanisme ax\u00e9 sur la conservation de la nature, mon chemin m&#8217;a ramen\u00e9e \u00e0 mes racines : l&#8217;occupation intensive et professionnelle de la terre depuis 2003. Jusqu&#8217;en 2011 j\u2019ai fait de la vaisselle en gr\u00e8s tourn\u00e9, mais aussi des sculptures, toujours \u00e0 la recherche de l&#8217;\u00eatre int\u00e9rieur des animaux et ce qui nous relie, nous les humains, \u00e0 eux. J\u2018expose internationalement en galeries, mus\u00e9es et march\u00e9es potiers, avant tout en France et Italie et j\u2019ai des pi\u00e8ces dans les nombreuses collections priv\u00e9es.<\/p>\n<p>1967 N\u00e9 \u00e0 Gie\u00dfen, Hessen<br \/>\n1990 Dipl\u00f4me couturi\u00e8re<br \/>\n1997 Dipl\u00f4me universitaire g\u00e9ographie<br \/>\n1997 &#8211; 2002 Planificateur paysagiste<br \/>\n2003 Atelier en Gr\u00fcnberg-Stangenrod, Hessen, focus objets utilitaire<br \/>\n2006 Hessische Keramikerinnung<br \/>\n2011 Tourner aux oeuvres figuratives<br \/>\n2014 Angewandte Kunst Hessen e.V.<br \/>\n2014 \u2013 2022 BK, Bundesverband Kunsthandwerk e.V.<br \/>\n2016 \u2013 2019 Membre fondateur et membre du comit\u00e9 keramik-hessen e.V.<\/p>\n<p>Ule Ewelt, In der Ecke 1<br \/>\n35305 Gr\u00fcnberg-Stangenrod, Allemagne<br \/>\nT +49 (0)1522 672 2659<br \/>\nmail@keramik-uleewelt.de<br \/>\nINSTAGRAM @uleewelt<br \/>\nWEB www.keramik-uleewelt.de<\/p>\n","protected":false},"author":261,"featured_media":86510,"template":"","taxo_year_participe":[136],"class_list":["post-86509","artist","type-artist","status-publish","has-post-thumbnail","hentry"],"acf":[],"yoast_head":"<!-- This site is optimized with the Yoast SEO plugin v27.4 - https:\/\/yoast.com\/product\/yoast-seo-wordpress\/ -->\n<title>Ule Ewelt - Lille art up!<\/title>\n<meta name=\"robots\" content=\"index, follow, max-snippet:-1, max-image-preview:large, max-video-preview:-1\" \/>\n<meta property=\"og:locale\" content=\"en_US\" \/>\n<meta property=\"og:type\" content=\"article\" \/>\n<meta property=\"og:title\" content=\"Ule Ewelt - Lille art up!\" \/>\n<meta property=\"og:description\" content=\"INTENTION Le mot latin anima signifie \u00e2me, \u00eatres anim\u00e9s, vie, mais aussi souffle d&#8217;air, vent et souffle. Le mot animal pour les \u00eatres vivants, les cr\u00e9atures en d\u00e9rive. Depuis que l\u2019Homme existe, il vit dans un monde qui \u00e9tait habit\u00e9 et fa\u00e7onn\u00e9 par les animaux. Ils ont repr\u00e9sent\u00e9 pour lui \u00e0 la fois une source [&hellip;]\" \/>\n<meta property=\"og:url\" content=\"https:\/\/lilleartup.com\/en\/all-artists\/ewelt\/\" \/>\n<meta property=\"og:site_name\" content=\"Lille art up!\" \/>\n<meta property=\"article:modified_time\" content=\"2025-01-31T11:53:14+00:00\" \/>\n<meta property=\"og:image\" content=\"https:\/\/lilleartup.com\/wp-content\/uploads\/2024\/07\/DSC00284-scaled.jpg\" \/>\n\t<meta property=\"og:image:width\" content=\"1620\" \/>\n\t<meta property=\"og:image:height\" content=\"1080\" \/>\n\t<meta property=\"og:image:type\" content=\"image\/jpeg\" \/>\n<meta name=\"twitter:card\" content=\"summary_large_image\" \/>\n<meta name=\"twitter:label1\" content=\"Est. reading time\" \/>\n\t<meta name=\"twitter:data1\" content=\"2 minutes\" \/>\n<script type=\"application\/ld+json\" class=\"yoast-schema-graph\">{\"@context\":\"https:\\\/\\\/schema.org\",\"@graph\":[{\"@type\":\"WebPage\",\"@id\":\"https:\\\/\\\/lilleartup.com\\\/en\\\/all-artists\\\/ewelt\\\/\",\"url\":\"https:\\\/\\\/lilleartup.com\\\/en\\\/all-artists\\\/ewelt\\\/\",\"name\":\"Ule Ewelt - Lille art up!\",\"isPartOf\":{\"@id\":\"https:\\\/\\\/lilleartup.com\\\/en\\\/#website\"},\"primaryImageOfPage\":{\"@id\":\"https:\\\/\\\/lilleartup.com\\\/en\\\/all-artists\\\/ewelt\\\/#primaryimage\"},\"image\":{\"@id\":\"https:\\\/\\\/lilleartup.com\\\/en\\\/all-artists\\\/ewelt\\\/#primaryimage\"},\"thumbnailUrl\":\"https:\\\/\\\/lilleartup.com\\\/wp-content\\\/uploads\\\/2024\\\/07\\\/DSC00284-scaled.jpg\",\"datePublished\":\"2024-07-22T13:04:17+00:00\",\"dateModified\":\"2025-01-31T11:53:14+00:00\",\"breadcrumb\":{\"@id\":\"https:\\\/\\\/lilleartup.com\\\/en\\\/all-artists\\\/ewelt\\\/#breadcrumb\"},\"inLanguage\":\"en-US\",\"potentialAction\":[{\"@type\":\"ReadAction\",\"target\":[\"https:\\\/\\\/lilleartup.com\\\/en\\\/all-artists\\\/ewelt\\\/\"]}]},{\"@type\":\"ImageObject\",\"inLanguage\":\"en-US\",\"@id\":\"https:\\\/\\\/lilleartup.com\\\/en\\\/all-artists\\\/ewelt\\\/#primaryimage\",\"url\":\"https:\\\/\\\/lilleartup.com\\\/wp-content\\\/uploads\\\/2024\\\/07\\\/DSC00284-scaled.jpg\",\"contentUrl\":\"https:\\\/\\\/lilleartup.com\\\/wp-content\\\/uploads\\\/2024\\\/07\\\/DSC00284-scaled.jpg\",\"width\":1620,\"height\":1080},{\"@type\":\"BreadcrumbList\",\"@id\":\"https:\\\/\\\/lilleartup.com\\\/en\\\/all-artists\\\/ewelt\\\/#breadcrumb\",\"itemListElement\":[{\"@type\":\"ListItem\",\"position\":1,\"name\":\"Home\",\"item\":\"https:\\\/\\\/lilleartup.com\\\/en\\\/\"},{\"@type\":\"ListItem\",\"position\":2,\"name\":\"Artistes\",\"item\":\"https:\\\/\\\/lilleartup.com\\\/en\\\/all-artists\\\/\"},{\"@type\":\"ListItem\",\"position\":3,\"name\":\"Ule Ewelt\"}]},{\"@type\":\"WebSite\",\"@id\":\"https:\\\/\\\/lilleartup.com\\\/en\\\/#website\",\"url\":\"https:\\\/\\\/lilleartup.com\\\/en\\\/\",\"name\":\"Lille art up!\",\"description\":\"\",\"potentialAction\":[{\"@type\":\"SearchAction\",\"target\":{\"@type\":\"EntryPoint\",\"urlTemplate\":\"https:\\\/\\\/lilleartup.com\\\/en\\\/?s={search_term_string}\"},\"query-input\":{\"@type\":\"PropertyValueSpecification\",\"valueRequired\":true,\"valueName\":\"search_term_string\"}}],\"inLanguage\":\"en-US\"}]}<\/script>\n<!-- \/ Yoast SEO plugin. -->","yoast_head_json":{"title":"Ule Ewelt - Lille art up!","robots":{"index":"index","follow":"follow","max-snippet":"max-snippet:-1","max-image-preview":"max-image-preview:large","max-video-preview":"max-video-preview:-1"},"og_locale":"en_US","og_type":"article","og_title":"Ule Ewelt - Lille art up!","og_description":"INTENTION Le mot latin anima signifie \u00e2me, \u00eatres anim\u00e9s, vie, mais aussi souffle d&#8217;air, vent et souffle. Le mot animal pour les \u00eatres vivants, les cr\u00e9atures en d\u00e9rive. Depuis que l\u2019Homme existe, il vit dans un monde qui \u00e9tait habit\u00e9 et fa\u00e7onn\u00e9 par les animaux. Ils ont repr\u00e9sent\u00e9 pour lui \u00e0 la fois une source [&hellip;]","og_url":"https:\/\/lilleartup.com\/en\/all-artists\/ewelt\/","og_site_name":"Lille art up!","article_modified_time":"2025-01-31T11:53:14+00:00","og_image":[{"width":1620,"height":1080,"url":"https:\/\/lilleartup.com\/wp-content\/uploads\/2024\/07\/DSC00284-scaled.jpg","type":"image\/jpeg"}],"twitter_card":"summary_large_image","twitter_misc":{"Est. reading time":"2 minutes"},"schema":{"@context":"https:\/\/schema.org","@graph":[{"@type":"WebPage","@id":"https:\/\/lilleartup.com\/en\/all-artists\/ewelt\/","url":"https:\/\/lilleartup.com\/en\/all-artists\/ewelt\/","name":"Ule Ewelt - Lille art up!","isPartOf":{"@id":"https:\/\/lilleartup.com\/en\/#website"},"primaryImageOfPage":{"@id":"https:\/\/lilleartup.com\/en\/all-artists\/ewelt\/#primaryimage"},"image":{"@id":"https:\/\/lilleartup.com\/en\/all-artists\/ewelt\/#primaryimage"},"thumbnailUrl":"https:\/\/lilleartup.com\/wp-content\/uploads\/2024\/07\/DSC00284-scaled.jpg","datePublished":"2024-07-22T13:04:17+00:00","dateModified":"2025-01-31T11:53:14+00:00","breadcrumb":{"@id":"https:\/\/lilleartup.com\/en\/all-artists\/ewelt\/#breadcrumb"},"inLanguage":"en-US","potentialAction":[{"@type":"ReadAction","target":["https:\/\/lilleartup.com\/en\/all-artists\/ewelt\/"]}]},{"@type":"ImageObject","inLanguage":"en-US","@id":"https:\/\/lilleartup.com\/en\/all-artists\/ewelt\/#primaryimage","url":"https:\/\/lilleartup.com\/wp-content\/uploads\/2024\/07\/DSC00284-scaled.jpg","contentUrl":"https:\/\/lilleartup.com\/wp-content\/uploads\/2024\/07\/DSC00284-scaled.jpg","width":1620,"height":1080},{"@type":"BreadcrumbList","@id":"https:\/\/lilleartup.com\/en\/all-artists\/ewelt\/#breadcrumb","itemListElement":[{"@type":"ListItem","position":1,"name":"Home","item":"https:\/\/lilleartup.com\/en\/"},{"@type":"ListItem","position":2,"name":"Artistes","item":"https:\/\/lilleartup.com\/en\/all-artists\/"},{"@type":"ListItem","position":3,"name":"Ule Ewelt"}]},{"@type":"WebSite","@id":"https:\/\/lilleartup.com\/en\/#website","url":"https:\/\/lilleartup.com\/en\/","name":"Lille art up!","description":"","potentialAction":[{"@type":"SearchAction","target":{"@type":"EntryPoint","urlTemplate":"https:\/\/lilleartup.com\/en\/?s={search_term_string}"},"query-input":{"@type":"PropertyValueSpecification","valueRequired":true,"valueName":"search_term_string"}}],"inLanguage":"en-US"}]}},"_links":{"self":[{"href":"https:\/\/lilleartup.com\/en\/wp-json\/wp\/v2\/artist\/86509","targetHints":{"allow":["GET"]}}],"collection":[{"href":"https:\/\/lilleartup.com\/en\/wp-json\/wp\/v2\/artist"}],"about":[{"href":"https:\/\/lilleartup.com\/en\/wp-json\/wp\/v2\/types\/artist"}],"author":[{"embeddable":true,"href":"https:\/\/lilleartup.com\/en\/wp-json\/wp\/v2\/users\/261"}],"version-history":[{"count":2,"href":"https:\/\/lilleartup.com\/en\/wp-json\/wp\/v2\/artist\/86509\/revisions"}],"predecessor-version":[{"id":107392,"href":"https:\/\/lilleartup.com\/en\/wp-json\/wp\/v2\/artist\/86509\/revisions\/107392"}],"wp:featuredmedia":[{"embeddable":true,"href":"https:\/\/lilleartup.com\/en\/wp-json\/wp\/v2\/media\/86510"}],"wp:attachment":[{"href":"https:\/\/lilleartup.com\/en\/wp-json\/wp\/v2\/media?parent=86509"}],"wp:term":[{"taxonomy":"taxo_year_participe","embeddable":true,"href":"https:\/\/lilleartup.com\/en\/wp-json\/wp\/v2\/taxo_year_participe?post=86509"}],"curies":[{"name":"wp","href":"https:\/\/api.w.org\/{rel}","templated":true}]}}

<p>INTENTION</p>
<p>Le mot latin anima signifie âme, êtres animés, vie, mais aussi souffle d&#8217;air, vent et souffle. Le mot animal pour les êtres vivants, les créatures en dérive. Depuis que l’Homme existe, il vit dans un monde qui était habité et façonné par les animaux. Ils ont représenté pour lui à la fois une source d’alimentation, des concurrents alimentaires et une menace.<br />
C’est mon intention à replacer les contemplateurs de mes œuvres à l’époque de l’Homme préhistorique qui, créait des œuvres d&#8217;art impressionnantes par impulsion intérieure. J’aimerais que mes sculptures d&#8217;animaux s’adressent à un niveau émotionnel et instinctif du contemplateur et construisent un pont vers l&#8217;inconscient qui a des racines dans nos origines. Dans ce monde caché nous sommes un.</p>
<p>VITA<br />
J‘ai modélise des sculptures animalières depuis l&#8217;âge de 14 ans. Après des études de géographie et travaillé quelques années dans un bureau d&#8217;urbanisme axé sur la conservation de la nature, mon chemin m&#8217;a ramenée à mes racines : l&#8217;occupation intensive et professionnelle de la terre depuis 2003. Jusqu&#8217;en 2011 j’ai fait de la vaisselle en grès tourné, mais aussi des sculptures, toujours à la recherche de l&#8217;être intérieur des animaux et ce qui nous relie, nous les humains, à eux. J‘expose internationalement en galeries, musées et marchées potiers, avant tout en France et Italie et j’ai des pièces dans les nombreuses collections privées.</p>
<p>1967 Né à Gießen, Hessen<br />
1990 Diplôme couturière<br />
1997 Diplôme universitaire géographie<br />
1997 &#8211; 2002 Planificateur paysagiste<br />
2003 Atelier en Grünberg-Stangenrod, Hessen, focus objets utilitaire<br />
2006 Hessische Keramikerinnung<br />
2011 Tourner aux oeuvres figuratives<br />
2014 Angewandte Kunst Hessen e.V.<br />
2014 – 2022 BK, Bundesverband Kunsthandwerk e.V.<br />
2016 – 2019 Membre fondateur et membre du comité keramik-hessen e.V.</p>
<p>Ule Ewelt, In der Ecke 1<br />
35305 Grünberg-Stangenrod, Allemagne<br />
T +49 (0)1522 672 2659<br />
mail@keramik-uleewelt.de<br />
INSTAGRAM @uleewelt<br />
WEB www.keramik-uleewelt.de</p>

<!-- This site is optimized with the Yoast SEO plugin v27.4 - https://yoast.com/product/yoast-seo-wordpress/ -->
<title>Ule Ewelt - Lille art up!</title>
<meta name="robots" content="index, follow, max-snippet:-1, max-image-preview:large, max-video-preview:-1" />
<meta property="og:locale" content="en_US" />
<meta property="og:type" content="article" />
<meta property="og:title" content="Ule Ewelt - Lille art up!" />
<meta property="og:description" content="INTENTION Le mot latin anima signifie âme, êtres animés, vie, mais aussi souffle d&#8217;air, vent et souffle. Le mot animal pour les êtres vivants, les créatures en dérive. Depuis que l’Homme existe, il vit dans un monde qui était habité et façonné par les animaux. Ils ont représenté pour lui à la fois une source [&hellip;]" />
<meta property="og:url" content="https://lilleartup.com/en/all-artists/ewelt/" />
<meta property="og:site_name" content="Lille art up!" />
<meta property="article:modified_time" content="2025-01-31T11:53:14+00:00" />
<meta property="og:image" content="https://lilleartup.com/wp-content/uploads/2024/07/DSC00284-scaled.jpg" />
	<meta property="og:image:width" content="1620" />
	<meta property="og:image:height" content="1080" />
	<meta property="og:image:type" content="image/jpeg" />
<meta name="twitter:card" content="summary_large_image" />
<meta name="twitter:label1" content="Est. reading time" />
	<meta name="twitter:data1" content="2 minutes" />
<script type="application/ld+json" class="yoast-schema-graph">{"@context":"https:\/\/schema.org","@graph":[{"@type":"WebPage","@id":"https:\/\/lilleartup.com\/en\/all-artists\/ewelt\/","url":"https:\/\/lilleartup.com\/en\/all-artists\/ewelt\/","name":"Ule Ewelt - Lille art up!","isPartOf":{"@id":"https:\/\/lilleartup.com\/en\/#website"},"primaryImageOfPage":{"@id":"https:\/\/lilleartup.com\/en\/all-artists\/ewelt\/#primaryimage"},"image":{"@id":"https:\/\/lilleartup.com\/en\/all-artists\/ewelt\/#primaryimage"},"thumbnailUrl":"https:\/\/lilleartup.com\/wp-content\/uploads\/2024\/07\/DSC00284-scaled.jpg","datePublished":"2024-07-22T13:04:17+00:00","dateModified":"2025-01-31T11:53:14+00:00","breadcrumb":{"@id":"https:\/\/lilleartup.com\/en\/all-artists\/ewelt\/#breadcrumb"},"inLanguage":"en-US","potentialAction":[{"@type":"ReadAction","target":["https:\/\/lilleartup.com\/en\/all-artists\/ewelt\/"]}]},{"@type":"ImageObject","inLanguage":"en-US","@id":"https:\/\/lilleartup.com\/en\/all-artists\/ewelt\/#primaryimage","url":"https:\/\/lilleartup.com\/wp-content\/uploads\/2024\/07\/DSC00284-scaled.jpg","contentUrl":"https:\/\/lilleartup.com\/wp-content\/uploads\/2024\/07\/DSC00284-scaled.jpg","width":1620,"height":1080},{"@type":"BreadcrumbList","@id":"https:\/\/lilleartup.com\/en\/all-artists\/ewelt\/#breadcrumb","itemListElement":[{"@type":"ListItem","position":1,"name":"Home","item":"https:\/\/lilleartup.com\/en\/"},{"@type":"ListItem","position":2,"name":"Artistes","item":"https:\/\/lilleartup.com\/en\/all-artists\/"},{"@type":"ListItem","position":3,"name":"Ule Ewelt"}]},{"@type":"WebSite","@id":"https:\/\/lilleartup.com\/en\/#website","url":"https:\/\/lilleartup.com\/en\/","name":"Lille art up!","description":"","potentialAction":[{"@type":"SearchAction","target":{"@type":"EntryPoint","urlTemplate":"https:\/\/lilleartup.com\/en\/?s={search_term_string}"},"query-input":{"@type":"PropertyValueSpecification","valueRequired":true,"valueName":"search_term_string"}}],"inLanguage":"en-US"}]}</script>
<!-- / Yoast SEO plugin. -->

INTENTION Le mot latin anima signifie âme, êtres animés, vie, mais aussi souffle d&#8217;air, vent et souffle. Le mot animal pour les êtres vivants, les créatures en dérive. Depuis que l’Homme existe, il vit dans un monde qui était habité et façonné par les animaux. Ils ont représenté pour lui à la fois une source [&hellip;]
