{"id":86463,"date":"2024-07-22T15:04:16","date_gmt":"2024-07-22T13:04:16","guid":{"rendered":"https:\/\/lilleartup.com\/?post_type=artist&#038;p=86463"},"modified":"2025-02-03T15:05:17","modified_gmt":"2025-02-03T14:05:17","slug":"maiterena","status":"publish","type":"artist","link":"https:\/\/lilleartup.com\/en\/all-artists\/maiterena\/","title":{"rendered":"\u00cdcaro Maiterena"},"content":{"rendered":"<p>Vit et travaille \u00e0 Madrid.<br \/>\nDipl\u00f4m\u00e9 en beaux-arts de l&#8217;UCM<br \/>\nTechnicien sup\u00e9rieur en arts appliqu\u00e9s de la sculpture.<br \/>\nMembre de l&#8217;Acad\u00e9mie internationale de c\u00e9ramique.<br \/>\nArtiste actif travaillant avec diff\u00e9rents langages artistiques : cr\u00e9ation vid\u00e9o, film exp\u00e9rimental, photographie, installation, performance, sc\u00e9nographie, sculpture, dessin, gravure, cirque et danse.<br \/>\n\u00c9ducateur artistique et enseignant \u00e0 la Escuela de Cer\u00e1mica de la Moncloa de la municipalit\u00e9 de Madrid de 2018 \u00e0 aujourd&#8217;hui.<br \/>\nProfesseur d&#8217;arts visuels et d&#8217;arts du spectacle dans divers centres \u00e9ducatifs. Conception, coordination et enseignement de divers projets et ateliers cr\u00e9atifs.<br \/>\nMa\u00eetre tailleur de pierre entre 1997 et 2013. Ma\u00e7on restaurateur impliqu\u00e9 dans des projets de restauration.<br \/>\nConcepteur de d\u00e9cors et directeur artistique de divers projets dans le domaine des arts du spectacle de 2008 \u00e0 2023 avec diff\u00e9rentes compagnies.<br \/>\nMembre et cofondateur du Colectivo Lisarco, une association de professionnels de diff\u00e9rentes disciplines artistiques qui con\u00e7oit et d\u00e9veloppe des projets artistiques et \u00e9ducatifs collectifs.<br \/>\nA particip\u00e9 \u00e0 de nombreuses expositions collectives et individuelles en Espagne, en Cor\u00e9e, en Suisse, en Palestine, en France, au Royaume-Uni, en Russie, en Italie, aux \u00c9tats-Unis, au Portugal, aux Pays-Bas et en Lettonie.<\/p>\n<p>L&#8217;inspiration<\/p>\n<p>La base de son travail est l&#8217;\u00e9nergie de la dualit\u00e9 des \u00e9l\u00e9ments de la nature et de l&#8217;environnement naturel.<br \/>\nIcaro s&#8217;inspire de la g\u00e9ologie et de la biologie<br \/>\nLes sculptures en c\u00e9ramique d&#8217;Icaro Maiterena nous rappellent les plis de la terre, les textures des diff\u00e9rents sols et leur caract\u00e8re unique.<\/p>\n","protected":false},"author":261,"featured_media":0,"template":"","taxo_year_participe":[136],"class_list":["post-86463","artist","type-artist","status-publish","hentry"],"acf":[],"yoast_head":"<!-- This site is optimized with the Yoast SEO plugin v27.4 - https:\/\/yoast.com\/product\/yoast-seo-wordpress\/ -->\n<title>\u00cdcaro Maiterena - Lille art up!<\/title>\n<meta name=\"robots\" content=\"index, follow, max-snippet:-1, max-image-preview:large, max-video-preview:-1\" \/>\n<meta property=\"og:locale\" content=\"en_US\" \/>\n<meta property=\"og:type\" content=\"article\" \/>\n<meta property=\"og:title\" content=\"\u00cdcaro Maiterena - Lille art up!\" \/>\n<meta property=\"og:description\" content=\"Vit et travaille \u00e0 Madrid. Dipl\u00f4m\u00e9 en beaux-arts de l&#8217;UCM Technicien sup\u00e9rieur en arts appliqu\u00e9s de la sculpture. Membre de l&#8217;Acad\u00e9mie internationale de c\u00e9ramique. Artiste actif travaillant avec diff\u00e9rents langages artistiques : cr\u00e9ation vid\u00e9o, film exp\u00e9rimental, photographie, installation, performance, sc\u00e9nographie, sculpture, dessin, gravure, cirque et danse. \u00c9ducateur artistique et enseignant \u00e0 la Escuela de Cer\u00e1mica [&hellip;]\" \/>\n<meta property=\"og:url\" content=\"https:\/\/lilleartup.com\/en\/all-artists\/maiterena\/\" \/>\n<meta property=\"og:site_name\" content=\"Lille art up!\" \/>\n<meta property=\"article:modified_time\" content=\"2025-02-03T14:05:17+00:00\" \/>\n<meta name=\"twitter:card\" content=\"summary_large_image\" \/>\n<meta name=\"twitter:label1\" content=\"Est. reading time\" \/>\n\t<meta name=\"twitter:data1\" content=\"1 minute\" \/>\n<script type=\"application\/ld+json\" class=\"yoast-schema-graph\">{\"@context\":\"https:\\\/\\\/schema.org\",\"@graph\":[{\"@type\":\"WebPage\",\"@id\":\"https:\\\/\\\/lilleartup.com\\\/en\\\/all-artists\\\/maiterena\\\/\",\"url\":\"https:\\\/\\\/lilleartup.com\\\/en\\\/all-artists\\\/maiterena\\\/\",\"name\":\"\u00cdcaro Maiterena - Lille art up!\",\"isPartOf\":{\"@id\":\"https:\\\/\\\/lilleartup.com\\\/en\\\/#website\"},\"datePublished\":\"2024-07-22T13:04:16+00:00\",\"dateModified\":\"2025-02-03T14:05:17+00:00\",\"breadcrumb\":{\"@id\":\"https:\\\/\\\/lilleartup.com\\\/en\\\/all-artists\\\/maiterena\\\/#breadcrumb\"},\"inLanguage\":\"en-US\",\"potentialAction\":[{\"@type\":\"ReadAction\",\"target\":[\"https:\\\/\\\/lilleartup.com\\\/en\\\/all-artists\\\/maiterena\\\/\"]}]},{\"@type\":\"BreadcrumbList\",\"@id\":\"https:\\\/\\\/lilleartup.com\\\/en\\\/all-artists\\\/maiterena\\\/#breadcrumb\",\"itemListElement\":[{\"@type\":\"ListItem\",\"position\":1,\"name\":\"Home\",\"item\":\"https:\\\/\\\/lilleartup.com\\\/en\\\/\"},{\"@type\":\"ListItem\",\"position\":2,\"name\":\"Artistes\",\"item\":\"https:\\\/\\\/lilleartup.com\\\/en\\\/all-artists\\\/\"},{\"@type\":\"ListItem\",\"position\":3,\"name\":\"\u00cdcaro Maiterena\"}]},{\"@type\":\"WebSite\",\"@id\":\"https:\\\/\\\/lilleartup.com\\\/en\\\/#website\",\"url\":\"https:\\\/\\\/lilleartup.com\\\/en\\\/\",\"name\":\"Lille art up!\",\"description\":\"\",\"potentialAction\":[{\"@type\":\"SearchAction\",\"target\":{\"@type\":\"EntryPoint\",\"urlTemplate\":\"https:\\\/\\\/lilleartup.com\\\/en\\\/?s={search_term_string}\"},\"query-input\":{\"@type\":\"PropertyValueSpecification\",\"valueRequired\":true,\"valueName\":\"search_term_string\"}}],\"inLanguage\":\"en-US\"}]}<\/script>\n<!-- \/ Yoast SEO plugin. -->","yoast_head_json":{"title":"\u00cdcaro Maiterena - Lille art up!","robots":{"index":"index","follow":"follow","max-snippet":"max-snippet:-1","max-image-preview":"max-image-preview:large","max-video-preview":"max-video-preview:-1"},"og_locale":"en_US","og_type":"article","og_title":"\u00cdcaro Maiterena - Lille art up!","og_description":"Vit et travaille \u00e0 Madrid. Dipl\u00f4m\u00e9 en beaux-arts de l&#8217;UCM Technicien sup\u00e9rieur en arts appliqu\u00e9s de la sculpture. Membre de l&#8217;Acad\u00e9mie internationale de c\u00e9ramique. Artiste actif travaillant avec diff\u00e9rents langages artistiques : cr\u00e9ation vid\u00e9o, film exp\u00e9rimental, photographie, installation, performance, sc\u00e9nographie, sculpture, dessin, gravure, cirque et danse. \u00c9ducateur artistique et enseignant \u00e0 la Escuela de Cer\u00e1mica [&hellip;]","og_url":"https:\/\/lilleartup.com\/en\/all-artists\/maiterena\/","og_site_name":"Lille art up!","article_modified_time":"2025-02-03T14:05:17+00:00","twitter_card":"summary_large_image","twitter_misc":{"Est. reading time":"1 minute"},"schema":{"@context":"https:\/\/schema.org","@graph":[{"@type":"WebPage","@id":"https:\/\/lilleartup.com\/en\/all-artists\/maiterena\/","url":"https:\/\/lilleartup.com\/en\/all-artists\/maiterena\/","name":"\u00cdcaro Maiterena - Lille art up!","isPartOf":{"@id":"https:\/\/lilleartup.com\/en\/#website"},"datePublished":"2024-07-22T13:04:16+00:00","dateModified":"2025-02-03T14:05:17+00:00","breadcrumb":{"@id":"https:\/\/lilleartup.com\/en\/all-artists\/maiterena\/#breadcrumb"},"inLanguage":"en-US","potentialAction":[{"@type":"ReadAction","target":["https:\/\/lilleartup.com\/en\/all-artists\/maiterena\/"]}]},{"@type":"BreadcrumbList","@id":"https:\/\/lilleartup.com\/en\/all-artists\/maiterena\/#breadcrumb","itemListElement":[{"@type":"ListItem","position":1,"name":"Home","item":"https:\/\/lilleartup.com\/en\/"},{"@type":"ListItem","position":2,"name":"Artistes","item":"https:\/\/lilleartup.com\/en\/all-artists\/"},{"@type":"ListItem","position":3,"name":"\u00cdcaro Maiterena"}]},{"@type":"WebSite","@id":"https:\/\/lilleartup.com\/en\/#website","url":"https:\/\/lilleartup.com\/en\/","name":"Lille art up!","description":"","potentialAction":[{"@type":"SearchAction","target":{"@type":"EntryPoint","urlTemplate":"https:\/\/lilleartup.com\/en\/?s={search_term_string}"},"query-input":{"@type":"PropertyValueSpecification","valueRequired":true,"valueName":"search_term_string"}}],"inLanguage":"en-US"}]}},"_links":{"self":[{"href":"https:\/\/lilleartup.com\/en\/wp-json\/wp\/v2\/artist\/86463","targetHints":{"allow":["GET"]}}],"collection":[{"href":"https:\/\/lilleartup.com\/en\/wp-json\/wp\/v2\/artist"}],"about":[{"href":"https:\/\/lilleartup.com\/en\/wp-json\/wp\/v2\/types\/artist"}],"author":[{"embeddable":true,"href":"https:\/\/lilleartup.com\/en\/wp-json\/wp\/v2\/users\/261"}],"version-history":[{"count":3,"href":"https:\/\/lilleartup.com\/en\/wp-json\/wp\/v2\/artist\/86463\/revisions"}],"predecessor-version":[{"id":107776,"href":"https:\/\/lilleartup.com\/en\/wp-json\/wp\/v2\/artist\/86463\/revisions\/107776"}],"wp:attachment":[{"href":"https:\/\/lilleartup.com\/en\/wp-json\/wp\/v2\/media?parent=86463"}],"wp:term":[{"taxonomy":"taxo_year_participe","embeddable":true,"href":"https:\/\/lilleartup.com\/en\/wp-json\/wp\/v2\/taxo_year_participe?post=86463"}],"curies":[{"name":"wp","href":"https:\/\/api.w.org\/{rel}","templated":true}]}}

Ícaro Maiterena

<p>Vit et travaille à Madrid.<br />
Diplômé en beaux-arts de l&#8217;UCM<br />
Technicien supérieur en arts appliqués de la sculpture.<br />
Membre de l&#8217;Académie internationale de céramique.<br />
Artiste actif travaillant avec différents langages artistiques : création vidéo, film expérimental, photographie, installation, performance, scénographie, sculpture, dessin, gravure, cirque et danse.<br />
Éducateur artistique et enseignant à la Escuela de Cerámica de la Moncloa de la municipalité de Madrid de 2018 à aujourd&#8217;hui.<br />
Professeur d&#8217;arts visuels et d&#8217;arts du spectacle dans divers centres éducatifs. Conception, coordination et enseignement de divers projets et ateliers créatifs.<br />
Maître tailleur de pierre entre 1997 et 2013. Maçon restaurateur impliqué dans des projets de restauration.<br />
Concepteur de décors et directeur artistique de divers projets dans le domaine des arts du spectacle de 2008 à 2023 avec différentes compagnies.<br />
Membre et cofondateur du Colectivo Lisarco, une association de professionnels de différentes disciplines artistiques qui conçoit et développe des projets artistiques et éducatifs collectifs.<br />
A participé à de nombreuses expositions collectives et individuelles en Espagne, en Corée, en Suisse, en Palestine, en France, au Royaume-Uni, en Russie, en Italie, aux États-Unis, au Portugal, aux Pays-Bas et en Lettonie.</p>
<p>L&#8217;inspiration</p>
<p>La base de son travail est l&#8217;énergie de la dualité des éléments de la nature et de l&#8217;environnement naturel.<br />
Icaro s&#8217;inspire de la géologie et de la biologie<br />
Les sculptures en céramique d&#8217;Icaro Maiterena nous rappellent les plis de la terre, les textures des différents sols et leur caractère unique.</p>

<!-- This site is optimized with the Yoast SEO plugin v27.4 - https://yoast.com/product/yoast-seo-wordpress/ -->
<title>Ícaro Maiterena - Lille art up!</title>
<meta name="robots" content="index, follow, max-snippet:-1, max-image-preview:large, max-video-preview:-1" />
<meta property="og:locale" content="en_US" />
<meta property="og:type" content="article" />
<meta property="og:title" content="Ícaro Maiterena - Lille art up!" />
<meta property="og:description" content="Vit et travaille à Madrid. Diplômé en beaux-arts de l&#8217;UCM Technicien supérieur en arts appliqués de la sculpture. Membre de l&#8217;Académie internationale de céramique. Artiste actif travaillant avec différents langages artistiques : création vidéo, film expérimental, photographie, installation, performance, scénographie, sculpture, dessin, gravure, cirque et danse. Éducateur artistique et enseignant à la Escuela de Cerámica [&hellip;]" />
<meta property="og:url" content="https://lilleartup.com/en/all-artists/maiterena/" />
<meta property="og:site_name" content="Lille art up!" />
<meta property="article:modified_time" content="2025-02-03T14:05:17+00:00" />
<meta name="twitter:card" content="summary_large_image" />
<meta name="twitter:label1" content="Est. reading time" />
	<meta name="twitter:data1" content="1 minute" />
<script type="application/ld+json" class="yoast-schema-graph">{"@context":"https:\/\/schema.org","@graph":[{"@type":"WebPage","@id":"https:\/\/lilleartup.com\/en\/all-artists\/maiterena\/","url":"https:\/\/lilleartup.com\/en\/all-artists\/maiterena\/","name":"Ícaro Maiterena - Lille art up!","isPartOf":{"@id":"https:\/\/lilleartup.com\/en\/#website"},"datePublished":"2024-07-22T13:04:16+00:00","dateModified":"2025-02-03T14:05:17+00:00","breadcrumb":{"@id":"https:\/\/lilleartup.com\/en\/all-artists\/maiterena\/#breadcrumb"},"inLanguage":"en-US","potentialAction":[{"@type":"ReadAction","target":["https:\/\/lilleartup.com\/en\/all-artists\/maiterena\/"]}]},{"@type":"BreadcrumbList","@id":"https:\/\/lilleartup.com\/en\/all-artists\/maiterena\/#breadcrumb","itemListElement":[{"@type":"ListItem","position":1,"name":"Home","item":"https:\/\/lilleartup.com\/en\/"},{"@type":"ListItem","position":2,"name":"Artistes","item":"https:\/\/lilleartup.com\/en\/all-artists\/"},{"@type":"ListItem","position":3,"name":"Ícaro Maiterena"}]},{"@type":"WebSite","@id":"https:\/\/lilleartup.com\/en\/#website","url":"https:\/\/lilleartup.com\/en\/","name":"Lille art up!","description":"","potentialAction":[{"@type":"SearchAction","target":{"@type":"EntryPoint","urlTemplate":"https:\/\/lilleartup.com\/en\/?s={search_term_string}"},"query-input":{"@type":"PropertyValueSpecification","valueRequired":true,"valueName":"search_term_string"}}],"inLanguage":"en-US"}]}</script>
<!-- / Yoast SEO plugin. -->

Ícaro Maiterena - Lille art up!

Vit et travaille à Madrid. Diplômé en beaux-arts de l&#8217;UCM Technicien supérieur en arts appliqués de la sculpture. Membre de l&#8217;Académie internationale de céramique. Artiste actif travaillant avec différents langages artistiques : création vidéo, film expérimental, photographie, installation, performance, scénographie, sculpture, dessin, gravure, cirque et danse. Éducateur artistique et enseignant à la Escuela de Cerámica [&hellip;]
