{"id":86421,"date":"2024-07-22T15:04:16","date_gmt":"2024-07-22T13:04:16","guid":{"rendered":"https:\/\/lilleartup.com\/?post_type=artist&#038;p=86421"},"modified":"2025-01-31T12:43:27","modified_gmt":"2025-01-31T11:43:27","slug":"vallet","status":"publish","type":"artist","link":"https:\/\/lilleartup.com\/en\/all-artists\/vallet\/","title":{"rendered":"B\u00e9n\u00e9dicte Vallet"},"content":{"rendered":"<p>Vit et travaille en France<br \/>\nDNAP Ecole des Beaux Arts de Nantes (Design &amp; Environnement)<br \/>\nCNIFOP pratique de la c\u00e9ramique<br \/>\nEnseignements et stages<br \/>\nS\u00e9lectionn\u00e9 pour une r\u00e9sidence au Luxembourg (Terres rouges) &#8211; projet \u00e0 Ibiza<br \/>\nExpositions personnelles depuis 2015 &#8211; s\u00e9lectionn\u00e9es pour des expositions collectives depuis 2011 dans des salons, galeries et mus\u00e9es en France, Luxembourg, Pays-Bas, Belgique.<\/p>\n<p>EXPOSITIONS PERSONNELLES 2024<br \/>\n\u00ab Retour au Pays des Terres Froides \u00bb &#8211; GALERIE PLACE A L&#8217;ART [38]<br \/>\n\u00ab Geographie Animale \u00bb EGLISE BUSSIERE-BADIL FESTIVAL<br \/>\nArtiste d&#8217;honneur BIENNALE CERAMIQUE STEENWERCK<\/p>\n<p>EXPOSITIONS COLLECTIVES 2024<br \/>\n\u00ab AQUA TERRA \u00bb FONDATION SCHNEIDER WATTWILLER<br \/>\nGALERIE ADRIENNE D [BE]<\/p>\n<p>Inspiration<\/p>\n<p>B\u00e9n\u00e9dicte est motiv\u00e9e par la recherche de volumes vivants et \u00e9volutifs. Elle compose une biosph\u00e8re de porcelaine o\u00f9 les pi\u00e8ces r\u00e9sonnent entre elles par la r\u00e9p\u00e9tition de certains motifs et r\u00e9v\u00e8lent leur sonorit\u00e9 propre.<br \/>\nLa fascination pour la vie, les empreintes \u00e9cologiques, les traces arch\u00e9ologiques et les formes ancestrales de la vie quotidienne guident son travail, cr\u00e9ant des objets culturels et des installations imaginaires.<\/p>\n<p>Ses \u0153uvres se situent \u00e0 la lisi\u00e8re du v\u00e9g\u00e9tal, du min\u00e9ral et de l&#8217;animal et font appel au fossile, \u00e0 l&#8217;inconscient ou \u00e0 la m\u00e9moire collective.<br \/>\nLes cr\u00e9ations de B\u00e9n\u00e9dicte Vallet sont des odes \u00e0 la nature, une danse subtile entre la lumi\u00e8re et la mati\u00e8re.<br \/>\nSes cr\u00e9ations nous montrent la beaut\u00e9 des formes et des textures simples. Elle diff\u00e9rencie les techniques de nouage et de tissage avec les herbes, le chanvre, le lin, et cherche \u00e0 montrer le lien de l&#8217;argile, de la porcelaine avec la nature.<\/p>\n","protected":false},"author":261,"featured_media":86422,"template":"","taxo_year_participe":[136],"class_list":["post-86421","artist","type-artist","status-publish","has-post-thumbnail","hentry"],"acf":[],"yoast_head":"<!-- This site is optimized with the Yoast SEO plugin v27.4 - https:\/\/yoast.com\/product\/yoast-seo-wordpress\/ -->\n<title>B\u00e9n\u00e9dicte Vallet - Lille art up!<\/title>\n<meta name=\"robots\" content=\"index, follow, max-snippet:-1, max-image-preview:large, max-video-preview:-1\" \/>\n<meta property=\"og:locale\" content=\"en_US\" \/>\n<meta property=\"og:type\" content=\"article\" \/>\n<meta property=\"og:title\" content=\"B\u00e9n\u00e9dicte Vallet - Lille art up!\" \/>\n<meta property=\"og:description\" content=\"Vit et travaille en France DNAP Ecole des Beaux Arts de Nantes (Design &amp; Environnement) CNIFOP pratique de la c\u00e9ramique Enseignements et stages S\u00e9lectionn\u00e9 pour une r\u00e9sidence au Luxembourg (Terres rouges) &#8211; projet \u00e0 Ibiza Expositions personnelles depuis 2015 &#8211; s\u00e9lectionn\u00e9es pour des expositions collectives depuis 2011 dans des salons, galeries et mus\u00e9es en France, [&hellip;]\" \/>\n<meta property=\"og:url\" content=\"https:\/\/lilleartup.com\/en\/all-artists\/vallet\/\" \/>\n<meta property=\"og:site_name\" content=\"Lille art up!\" \/>\n<meta property=\"article:modified_time\" content=\"2025-01-31T11:43:27+00:00\" \/>\n<meta property=\"og:image\" content=\"https:\/\/lilleartup.com\/wp-content\/uploads\/2024\/07\/AT.18-BOISHKA-73hd2--scaled.jpg\" \/>\n\t<meta property=\"og:image:width\" content=\"720\" \/>\n\t<meta property=\"og:image:height\" content=\"1080\" \/>\n\t<meta property=\"og:image:type\" content=\"image\/jpeg\" \/>\n<meta name=\"twitter:card\" content=\"summary_large_image\" \/>\n<meta name=\"twitter:label1\" content=\"Est. reading time\" \/>\n\t<meta name=\"twitter:data1\" content=\"1 minute\" \/>\n<script type=\"application\/ld+json\" class=\"yoast-schema-graph\">{\"@context\":\"https:\\\/\\\/schema.org\",\"@graph\":[{\"@type\":\"WebPage\",\"@id\":\"https:\\\/\\\/lilleartup.com\\\/en\\\/all-artists\\\/vallet\\\/\",\"url\":\"https:\\\/\\\/lilleartup.com\\\/en\\\/all-artists\\\/vallet\\\/\",\"name\":\"B\u00e9n\u00e9dicte Vallet - Lille art up!\",\"isPartOf\":{\"@id\":\"https:\\\/\\\/lilleartup.com\\\/en\\\/#website\"},\"primaryImageOfPage\":{\"@id\":\"https:\\\/\\\/lilleartup.com\\\/en\\\/all-artists\\\/vallet\\\/#primaryimage\"},\"image\":{\"@id\":\"https:\\\/\\\/lilleartup.com\\\/en\\\/all-artists\\\/vallet\\\/#primaryimage\"},\"thumbnailUrl\":\"https:\\\/\\\/lilleartup.com\\\/wp-content\\\/uploads\\\/2024\\\/07\\\/AT.18-BOISHKA-73hd2--scaled.jpg\",\"datePublished\":\"2024-07-22T13:04:16+00:00\",\"dateModified\":\"2025-01-31T11:43:27+00:00\",\"breadcrumb\":{\"@id\":\"https:\\\/\\\/lilleartup.com\\\/en\\\/all-artists\\\/vallet\\\/#breadcrumb\"},\"inLanguage\":\"en-US\",\"potentialAction\":[{\"@type\":\"ReadAction\",\"target\":[\"https:\\\/\\\/lilleartup.com\\\/en\\\/all-artists\\\/vallet\\\/\"]}]},{\"@type\":\"ImageObject\",\"inLanguage\":\"en-US\",\"@id\":\"https:\\\/\\\/lilleartup.com\\\/en\\\/all-artists\\\/vallet\\\/#primaryimage\",\"url\":\"https:\\\/\\\/lilleartup.com\\\/wp-content\\\/uploads\\\/2024\\\/07\\\/AT.18-BOISHKA-73hd2--scaled.jpg\",\"contentUrl\":\"https:\\\/\\\/lilleartup.com\\\/wp-content\\\/uploads\\\/2024\\\/07\\\/AT.18-BOISHKA-73hd2--scaled.jpg\",\"width\":720,\"height\":1080},{\"@type\":\"BreadcrumbList\",\"@id\":\"https:\\\/\\\/lilleartup.com\\\/en\\\/all-artists\\\/vallet\\\/#breadcrumb\",\"itemListElement\":[{\"@type\":\"ListItem\",\"position\":1,\"name\":\"Home\",\"item\":\"https:\\\/\\\/lilleartup.com\\\/en\\\/\"},{\"@type\":\"ListItem\",\"position\":2,\"name\":\"Artistes\",\"item\":\"https:\\\/\\\/lilleartup.com\\\/en\\\/all-artists\\\/\"},{\"@type\":\"ListItem\",\"position\":3,\"name\":\"B\u00e9n\u00e9dicte Vallet\"}]},{\"@type\":\"WebSite\",\"@id\":\"https:\\\/\\\/lilleartup.com\\\/en\\\/#website\",\"url\":\"https:\\\/\\\/lilleartup.com\\\/en\\\/\",\"name\":\"Lille art up!\",\"description\":\"\",\"potentialAction\":[{\"@type\":\"SearchAction\",\"target\":{\"@type\":\"EntryPoint\",\"urlTemplate\":\"https:\\\/\\\/lilleartup.com\\\/en\\\/?s={search_term_string}\"},\"query-input\":{\"@type\":\"PropertyValueSpecification\",\"valueRequired\":true,\"valueName\":\"search_term_string\"}}],\"inLanguage\":\"en-US\"}]}<\/script>\n<!-- \/ Yoast SEO plugin. -->","yoast_head_json":{"title":"B\u00e9n\u00e9dicte Vallet - Lille art up!","robots":{"index":"index","follow":"follow","max-snippet":"max-snippet:-1","max-image-preview":"max-image-preview:large","max-video-preview":"max-video-preview:-1"},"og_locale":"en_US","og_type":"article","og_title":"B\u00e9n\u00e9dicte Vallet - Lille art up!","og_description":"Vit et travaille en France DNAP Ecole des Beaux Arts de Nantes (Design &amp; Environnement) CNIFOP pratique de la c\u00e9ramique Enseignements et stages S\u00e9lectionn\u00e9 pour une r\u00e9sidence au Luxembourg (Terres rouges) &#8211; projet \u00e0 Ibiza Expositions personnelles depuis 2015 &#8211; s\u00e9lectionn\u00e9es pour des expositions collectives depuis 2011 dans des salons, galeries et mus\u00e9es en France, [&hellip;]","og_url":"https:\/\/lilleartup.com\/en\/all-artists\/vallet\/","og_site_name":"Lille art up!","article_modified_time":"2025-01-31T11:43:27+00:00","og_image":[{"width":720,"height":1080,"url":"https:\/\/lilleartup.com\/wp-content\/uploads\/2024\/07\/AT.18-BOISHKA-73hd2--scaled.jpg","type":"image\/jpeg"}],"twitter_card":"summary_large_image","twitter_misc":{"Est. reading time":"1 minute"},"schema":{"@context":"https:\/\/schema.org","@graph":[{"@type":"WebPage","@id":"https:\/\/lilleartup.com\/en\/all-artists\/vallet\/","url":"https:\/\/lilleartup.com\/en\/all-artists\/vallet\/","name":"B\u00e9n\u00e9dicte Vallet - Lille art up!","isPartOf":{"@id":"https:\/\/lilleartup.com\/en\/#website"},"primaryImageOfPage":{"@id":"https:\/\/lilleartup.com\/en\/all-artists\/vallet\/#primaryimage"},"image":{"@id":"https:\/\/lilleartup.com\/en\/all-artists\/vallet\/#primaryimage"},"thumbnailUrl":"https:\/\/lilleartup.com\/wp-content\/uploads\/2024\/07\/AT.18-BOISHKA-73hd2--scaled.jpg","datePublished":"2024-07-22T13:04:16+00:00","dateModified":"2025-01-31T11:43:27+00:00","breadcrumb":{"@id":"https:\/\/lilleartup.com\/en\/all-artists\/vallet\/#breadcrumb"},"inLanguage":"en-US","potentialAction":[{"@type":"ReadAction","target":["https:\/\/lilleartup.com\/en\/all-artists\/vallet\/"]}]},{"@type":"ImageObject","inLanguage":"en-US","@id":"https:\/\/lilleartup.com\/en\/all-artists\/vallet\/#primaryimage","url":"https:\/\/lilleartup.com\/wp-content\/uploads\/2024\/07\/AT.18-BOISHKA-73hd2--scaled.jpg","contentUrl":"https:\/\/lilleartup.com\/wp-content\/uploads\/2024\/07\/AT.18-BOISHKA-73hd2--scaled.jpg","width":720,"height":1080},{"@type":"BreadcrumbList","@id":"https:\/\/lilleartup.com\/en\/all-artists\/vallet\/#breadcrumb","itemListElement":[{"@type":"ListItem","position":1,"name":"Home","item":"https:\/\/lilleartup.com\/en\/"},{"@type":"ListItem","position":2,"name":"Artistes","item":"https:\/\/lilleartup.com\/en\/all-artists\/"},{"@type":"ListItem","position":3,"name":"B\u00e9n\u00e9dicte Vallet"}]},{"@type":"WebSite","@id":"https:\/\/lilleartup.com\/en\/#website","url":"https:\/\/lilleartup.com\/en\/","name":"Lille art up!","description":"","potentialAction":[{"@type":"SearchAction","target":{"@type":"EntryPoint","urlTemplate":"https:\/\/lilleartup.com\/en\/?s={search_term_string}"},"query-input":{"@type":"PropertyValueSpecification","valueRequired":true,"valueName":"search_term_string"}}],"inLanguage":"en-US"}]}},"_links":{"self":[{"href":"https:\/\/lilleartup.com\/en\/wp-json\/wp\/v2\/artist\/86421","targetHints":{"allow":["GET"]}}],"collection":[{"href":"https:\/\/lilleartup.com\/en\/wp-json\/wp\/v2\/artist"}],"about":[{"href":"https:\/\/lilleartup.com\/en\/wp-json\/wp\/v2\/types\/artist"}],"author":[{"embeddable":true,"href":"https:\/\/lilleartup.com\/en\/wp-json\/wp\/v2\/users\/261"}],"version-history":[{"count":2,"href":"https:\/\/lilleartup.com\/en\/wp-json\/wp\/v2\/artist\/86421\/revisions"}],"predecessor-version":[{"id":107374,"href":"https:\/\/lilleartup.com\/en\/wp-json\/wp\/v2\/artist\/86421\/revisions\/107374"}],"wp:featuredmedia":[{"embeddable":true,"href":"https:\/\/lilleartup.com\/en\/wp-json\/wp\/v2\/media\/86422"}],"wp:attachment":[{"href":"https:\/\/lilleartup.com\/en\/wp-json\/wp\/v2\/media?parent=86421"}],"wp:term":[{"taxonomy":"taxo_year_participe","embeddable":true,"href":"https:\/\/lilleartup.com\/en\/wp-json\/wp\/v2\/taxo_year_participe?post=86421"}],"curies":[{"name":"wp","href":"https:\/\/api.w.org\/{rel}","templated":true}]}}

Bénédicte Vallet

<p>Vit et travaille en France<br />
DNAP Ecole des Beaux Arts de Nantes (Design &amp; Environnement)<br />
CNIFOP pratique de la céramique<br />
Enseignements et stages<br />
Sélectionné pour une résidence au Luxembourg (Terres rouges) &#8211; projet à Ibiza<br />
Expositions personnelles depuis 2015 &#8211; sélectionnées pour des expositions collectives depuis 2011 dans des salons, galeries et musées en France, Luxembourg, Pays-Bas, Belgique.</p>
<p>EXPOSITIONS PERSONNELLES 2024<br />
« Retour au Pays des Terres Froides » &#8211; GALERIE PLACE A L&#8217;ART [38]<br />
« Geographie Animale » EGLISE BUSSIERE-BADIL FESTIVAL<br />
Artiste d&#8217;honneur BIENNALE CERAMIQUE STEENWERCK</p>
<p>EXPOSITIONS COLLECTIVES 2024<br />
« AQUA TERRA » FONDATION SCHNEIDER WATTWILLER<br />
GALERIE ADRIENNE D [BE]</p>
<p>Inspiration</p>
<p>Bénédicte est motivée par la recherche de volumes vivants et évolutifs. Elle compose une biosphère de porcelaine où les pièces résonnent entre elles par la répétition de certains motifs et révèlent leur sonorité propre.<br />
La fascination pour la vie, les empreintes écologiques, les traces archéologiques et les formes ancestrales de la vie quotidienne guident son travail, créant des objets culturels et des installations imaginaires.</p>
<p>Ses œuvres se situent à la lisière du végétal, du minéral et de l&#8217;animal et font appel au fossile, à l&#8217;inconscient ou à la mémoire collective.<br />
Les créations de Bénédicte Vallet sont des odes à la nature, une danse subtile entre la lumière et la matière.<br />
Ses créations nous montrent la beauté des formes et des textures simples. Elle différencie les techniques de nouage et de tissage avec les herbes, le chanvre, le lin, et cherche à montrer le lien de l&#8217;argile, de la porcelaine avec la nature.</p>

<!-- This site is optimized with the Yoast SEO plugin v27.4 - https://yoast.com/product/yoast-seo-wordpress/ -->
<title>Bénédicte Vallet - Lille art up!</title>
<meta name="robots" content="index, follow, max-snippet:-1, max-image-preview:large, max-video-preview:-1" />
<meta property="og:locale" content="en_US" />
<meta property="og:type" content="article" />
<meta property="og:title" content="Bénédicte Vallet - Lille art up!" />
<meta property="og:description" content="Vit et travaille en France DNAP Ecole des Beaux Arts de Nantes (Design &amp; Environnement) CNIFOP pratique de la céramique Enseignements et stages Sélectionné pour une résidence au Luxembourg (Terres rouges) &#8211; projet à Ibiza Expositions personnelles depuis 2015 &#8211; sélectionnées pour des expositions collectives depuis 2011 dans des salons, galeries et musées en France, [&hellip;]" />
<meta property="og:url" content="https://lilleartup.com/en/all-artists/vallet/" />
<meta property="og:site_name" content="Lille art up!" />
<meta property="article:modified_time" content="2025-01-31T11:43:27+00:00" />
<meta property="og:image" content="https://lilleartup.com/wp-content/uploads/2024/07/AT.18-BOISHKA-73hd2--scaled.jpg" />
	<meta property="og:image:width" content="720" />
	<meta property="og:image:height" content="1080" />
	<meta property="og:image:type" content="image/jpeg" />
<meta name="twitter:card" content="summary_large_image" />
<meta name="twitter:label1" content="Est. reading time" />
	<meta name="twitter:data1" content="1 minute" />
<script type="application/ld+json" class="yoast-schema-graph">{"@context":"https:\/\/schema.org","@graph":[{"@type":"WebPage","@id":"https:\/\/lilleartup.com\/en\/all-artists\/vallet\/","url":"https:\/\/lilleartup.com\/en\/all-artists\/vallet\/","name":"Bénédicte Vallet - Lille art up!","isPartOf":{"@id":"https:\/\/lilleartup.com\/en\/#website"},"primaryImageOfPage":{"@id":"https:\/\/lilleartup.com\/en\/all-artists\/vallet\/#primaryimage"},"image":{"@id":"https:\/\/lilleartup.com\/en\/all-artists\/vallet\/#primaryimage"},"thumbnailUrl":"https:\/\/lilleartup.com\/wp-content\/uploads\/2024\/07\/AT.18-BOISHKA-73hd2--scaled.jpg","datePublished":"2024-07-22T13:04:16+00:00","dateModified":"2025-01-31T11:43:27+00:00","breadcrumb":{"@id":"https:\/\/lilleartup.com\/en\/all-artists\/vallet\/#breadcrumb"},"inLanguage":"en-US","potentialAction":[{"@type":"ReadAction","target":["https:\/\/lilleartup.com\/en\/all-artists\/vallet\/"]}]},{"@type":"ImageObject","inLanguage":"en-US","@id":"https:\/\/lilleartup.com\/en\/all-artists\/vallet\/#primaryimage","url":"https:\/\/lilleartup.com\/wp-content\/uploads\/2024\/07\/AT.18-BOISHKA-73hd2--scaled.jpg","contentUrl":"https:\/\/lilleartup.com\/wp-content\/uploads\/2024\/07\/AT.18-BOISHKA-73hd2--scaled.jpg","width":720,"height":1080},{"@type":"BreadcrumbList","@id":"https:\/\/lilleartup.com\/en\/all-artists\/vallet\/#breadcrumb","itemListElement":[{"@type":"ListItem","position":1,"name":"Home","item":"https:\/\/lilleartup.com\/en\/"},{"@type":"ListItem","position":2,"name":"Artistes","item":"https:\/\/lilleartup.com\/en\/all-artists\/"},{"@type":"ListItem","position":3,"name":"Bénédicte Vallet"}]},{"@type":"WebSite","@id":"https:\/\/lilleartup.com\/en\/#website","url":"https:\/\/lilleartup.com\/en\/","name":"Lille art up!","description":"","potentialAction":[{"@type":"SearchAction","target":{"@type":"EntryPoint","urlTemplate":"https:\/\/lilleartup.com\/en\/?s={search_term_string}"},"query-input":{"@type":"PropertyValueSpecification","valueRequired":true,"valueName":"search_term_string"}}],"inLanguage":"en-US"}]}</script>
<!-- / Yoast SEO plugin. -->

Bénédicte Vallet - Lille art up!

Vit et travaille en France DNAP Ecole des Beaux Arts de Nantes (Design &amp; Environnement) CNIFOP pratique de la céramique Enseignements et stages Sélectionné pour une résidence au Luxembourg (Terres rouges) &#8211; projet à Ibiza Expositions personnelles depuis 2015 &#8211; sélectionnées pour des expositions collectives depuis 2011 dans des salons, galeries et musées en France, [&hellip;]
