{"id":65547,"date":"2023-06-12T17:02:03","date_gmt":"2023-06-12T15:02:03","guid":{"rendered":"https:\/\/lilleartup.com\/?post_type=artist&#038;p=65547"},"modified":"2023-06-12T17:02:03","modified_gmt":"2023-06-12T15:02:03","slug":"barbieri","status":"publish","type":"artist","link":"https:\/\/lilleartup.com\/en\/all-artists\/barbieri\/","title":{"rendered":"BARBIERI"},"content":{"rendered":"<p>The act of defining volumes and lines on the two-dimensional support represents a means of understanding and organizing the space that currently surrounds him and that which belongs to his memories. Serena creates her own shades mixing pigments with a neutral acrylic base, trying to recall the textures of the cities where she lived.<br \/>\nIn his paintings, memories and current views are fused, giving rise to urban compositions and new narratives.<br \/>\nBorn January 26, 1987 in Italy<\/p>\n<p>Academic training :<\/p>\n<p>Ongoing: PhD in Contemporary Arts at the Institution of Col\u00e9gio das Artes &#8211; University of Coimbra, Portugal<\/p>\n<p>2015 &#8211; 2017<br \/>\nMaster in Contemporary Artistic Practices at the Faculty of Fine Arts &#8211; University of Porto, Portugal<\/p>\n<p>2013 &#8211; 2015<br \/>\nDiploma in Fashion Design and Multimedia Art \u2013 at the IUAV University of Venice, Italy<\/p>\n<p>2007-2013<br \/>\nDegree in Biological Sciences: University of Florence, Italy<\/p>\n<p>Exhibitions and shows as an artist<\/p>\n<p>2023<br \/>\nExhibition in Lille Art Up<br \/>\nPersonal exhibition at the Estelle Lebas Gallery in Le Touquet Paris Plage.<\/p>\n<p>2020<br \/>\nPersonal exhibition, Estelle Lebas Gallery, Lille<br \/>\n2019<br \/>\nGroup exhibition &#8220;Motel Coimbra # 4 &#8211; O mundo em transito&#8221; at the Col\u00e9gio Das Artes &#8211; University of Coimbra, from 04\/12 to 06\/14\/2019.<\/p>\n<p>&#8220;III Bienal Internacional de Arte Gaia 2019&#8221; &#8211; selected works and participation in the exhibition, from 24\/04 to 20\/06\/2019, Vila Nova de Gaia, Portugal.<\/p>\n<p>&#8220;Pentagona&#8221; group exhibition at OKNA Espa\u00e7o Cultural, Porto, Portugal.<\/p>\n<p>2018<br \/>\nExhibition of ZONA Artistic Residency Lamego 2018, Casa do Artista of Lamego, Portugal.<\/p>\n<p>&#8220;XX Bienal Internacional de Arte de Cerveira&#8221; &#8211; &#8220;ARTES TRADICIONAIS E ARTES DIGITAIS &#8211; O DISCURSO DA (DES) ORDEM&#8221; &#8211; selected works and participation in the exhibition, from 08\/10 to 09\/23\/2018, Vila Nova de Cerveira , Portugal.<\/p>\n<p>&#8220;X Bienal Internacional de Arte Jovem de Vila Verde 2018&#8221; &#8211; selected works and participation in the exhibition, from 07\/07 to 07\/28\/2018, Vila Verde, Portugal.<br \/>\nFinal exhibition of the II edition of the Eco-Art residency, 18\/06-23\/06\/2018, organized by the Town Hall of P\u00f3voa do Lanhoso in the Centro de Interpreta\u00e7\u00e3o Ambiental do Carvalho de Calvo, Povoa de Lanhoso, Portugal.<\/p>\n<p>&#8220;Topography pessoal&#8221; &#8211; individual exhibition at Division Zero Gallery, Portugal.<\/p>\n<p>2017<br \/>\n&#8220;Intorno&#8221; &#8211; individual exhibition and final project as part of the Master in Contemporary Art Practices, thesis director Prof. Miguel Teixeira da Silva Leal. FBAUP, Faculty of Fine Arts of the University of Porto, Portugal.<\/p>\n<p>&#8220;II Bienal Internacional de Arte Gaia 2017&#8221; &#8211; selected works and participation in the exhibition, from 8\/07 to 30\/09\/2017, Vila Nova de Gaia, Portugal.<\/p>\n<p>&#8220;The Missing Tree&#8221; &#8211; exhibition with the assistance of the artist Miguel Teixeira da Silva Leal in the Casa da Imagem in Gaia, Portugal.<br \/>\n&#8220;M\u00e9todo&#8221; &#8211; group exhibition with the assistance of the artist Miguel Teixeira da Silva Leal at the FBAUP museum, Faculty of Fine Arts of the University of Porto, Portugal.<\/p>\n<p>2016<\/p>\n<p>&#8220;Na Calha # 9 &#8211; Exposi\u00e7\u00f5es numa parede&#8221;, individual exhibition at Gato Vadio, Porto, Portugal.<\/p>\n<p>Exhibition as part of the Projeto 100% d&#8217;Arga at the Esta\u00e7\u00e3o Viana Shopping Center, Programa Pulsar Viana (SONAE), Portugal.<\/p>\n<p>Final exhibition of the Land-Art Eco-Art Residence, organized by the Town Hall of P\u00f3voa do Lanhoso in collaboration with Laborat\u00f3rio da Paisagem and Ledro Land Art. Center of Interpreta\u00e7\u00e3o Ambiental do Carvalho de Calvo, Povoa de Lanhoso, Portugal.<\/p>\n<p>&#8220;Cicatrizes de -&#8220;, group exhibition, Espa\u00e7o Rua Do Sol 172, Porto, Portugal.<\/p>\n<p>&#8220;FORA E DENTRO #2&#8221;, group exhibition in the GNRation, Pra\u00e7a Conde de Agrolongo, Braga, Portugal.<\/p>\n<p>&#8220;Os nomes opacos que damos \u00e0s coisas \/\/ A noite toda de s\u00fabito&#8221;, group exhibition at F\u00f3rum da Maia, Porto, Portugal.<\/p>\n<p>2015<\/p>\n<p>&#8220;Six blind men and the elephant&#8221; &#8211; group exhibition organized as part of the Visual Arts Laboratory III, with the assistance of the artist Luca Trevisani. Ligabue warehouses, IUAV University, Venice, Italy.<\/p>\n<p>2014<\/p>\n<p>Group exhibition organized as part of the Visual Arts Laboratory I, with the assistance of the artist Mario Air\u00f2. Ligabue warehouses, IUAV University, Venice, Italy.<\/p>\n<p>Exhibitions and shows as curator<\/p>\n<p>2018 &#8220;Circunst\u00e2ncias&#8221; &#8211; group exhibition at Atelier SantoIsidro, Travessa de Santo Isidro Porto, Portugal.<\/p>\n","protected":false},"author":168,"featured_media":65548,"template":"","taxo_year_participe":[135],"class_list":["post-65547","artist","type-artist","status-publish","has-post-thumbnail","hentry"],"acf":[],"yoast_head":"<!-- This site is optimized with the Yoast SEO plugin v27.4 - https:\/\/yoast.com\/product\/yoast-seo-wordpress\/ -->\n<title>BARBIERI - Lille art up!<\/title>\n<meta name=\"robots\" content=\"index, follow, max-snippet:-1, max-image-preview:large, max-video-preview:-1\" \/>\n<meta property=\"og:locale\" content=\"en_US\" \/>\n<meta property=\"og:type\" content=\"article\" \/>\n<meta property=\"og:title\" content=\"BARBIERI - Lille art up!\" \/>\n<meta property=\"og:description\" content=\"The act of defining volumes and lines on the two-dimensional support represents a means of understanding and organizing the space that currently surrounds him and that which belongs to his memories. Serena creates her own shades mixing pigments with a neutral acrylic base, trying to recall the textures of the cities where she lived. In [&hellip;]\" \/>\n<meta property=\"og:url\" content=\"https:\/\/lilleartup.com\/en\/all-artists\/barbieri\/\" \/>\n<meta property=\"og:site_name\" content=\"Lille art up!\" \/>\n<meta property=\"og:image\" content=\"https:\/\/lilleartup.com\/wp-content\/uploads\/2023\/06\/Capture-de\u0301cran-2023-06-12-a\u0300-10.01.28.png\" \/>\n\t<meta property=\"og:image:width\" content=\"642\" \/>\n\t<meta property=\"og:image:height\" content=\"1006\" \/>\n\t<meta property=\"og:image:type\" content=\"image\/png\" \/>\n<meta name=\"twitter:card\" content=\"summary_large_image\" \/>\n<meta name=\"twitter:label1\" content=\"Est. reading time\" \/>\n\t<meta name=\"twitter:data1\" content=\"3 minutes\" \/>\n<script type=\"application\/ld+json\" class=\"yoast-schema-graph\">{\"@context\":\"https:\\\/\\\/schema.org\",\"@graph\":[{\"@type\":\"WebPage\",\"@id\":\"https:\\\/\\\/lilleartup.com\\\/en\\\/all-artists\\\/barbieri\\\/\",\"url\":\"https:\\\/\\\/lilleartup.com\\\/en\\\/all-artists\\\/barbieri\\\/\",\"name\":\"BARBIERI - Lille art up!\",\"isPartOf\":{\"@id\":\"https:\\\/\\\/lilleartup.com\\\/en\\\/#website\"},\"primaryImageOfPage\":{\"@id\":\"https:\\\/\\\/lilleartup.com\\\/en\\\/all-artists\\\/barbieri\\\/#primaryimage\"},\"image\":{\"@id\":\"https:\\\/\\\/lilleartup.com\\\/en\\\/all-artists\\\/barbieri\\\/#primaryimage\"},\"thumbnailUrl\":\"https:\\\/\\\/lilleartup.com\\\/wp-content\\\/uploads\\\/2023\\\/06\\\/Capture-de\u0301cran-2023-06-12-a\u0300-10.01.28.png\",\"datePublished\":\"2023-06-12T15:02:03+00:00\",\"breadcrumb\":{\"@id\":\"https:\\\/\\\/lilleartup.com\\\/en\\\/all-artists\\\/barbieri\\\/#breadcrumb\"},\"inLanguage\":\"en-US\",\"potentialAction\":[{\"@type\":\"ReadAction\",\"target\":[\"https:\\\/\\\/lilleartup.com\\\/en\\\/all-artists\\\/barbieri\\\/\"]}]},{\"@type\":\"ImageObject\",\"inLanguage\":\"en-US\",\"@id\":\"https:\\\/\\\/lilleartup.com\\\/en\\\/all-artists\\\/barbieri\\\/#primaryimage\",\"url\":\"https:\\\/\\\/lilleartup.com\\\/wp-content\\\/uploads\\\/2023\\\/06\\\/Capture-de\u0301cran-2023-06-12-a\u0300-10.01.28.png\",\"contentUrl\":\"https:\\\/\\\/lilleartup.com\\\/wp-content\\\/uploads\\\/2023\\\/06\\\/Capture-de\u0301cran-2023-06-12-a\u0300-10.01.28.png\",\"width\":642,\"height\":1006},{\"@type\":\"BreadcrumbList\",\"@id\":\"https:\\\/\\\/lilleartup.com\\\/en\\\/all-artists\\\/barbieri\\\/#breadcrumb\",\"itemListElement\":[{\"@type\":\"ListItem\",\"position\":1,\"name\":\"Home\",\"item\":\"https:\\\/\\\/lilleartup.com\\\/en\\\/\"},{\"@type\":\"ListItem\",\"position\":2,\"name\":\"Artistes\",\"item\":\"https:\\\/\\\/lilleartup.com\\\/en\\\/all-artists\\\/\"},{\"@type\":\"ListItem\",\"position\":3,\"name\":\"BARBIERI\"}]},{\"@type\":\"WebSite\",\"@id\":\"https:\\\/\\\/lilleartup.com\\\/en\\\/#website\",\"url\":\"https:\\\/\\\/lilleartup.com\\\/en\\\/\",\"name\":\"Lille art up!\",\"description\":\"\",\"potentialAction\":[{\"@type\":\"SearchAction\",\"target\":{\"@type\":\"EntryPoint\",\"urlTemplate\":\"https:\\\/\\\/lilleartup.com\\\/en\\\/?s={search_term_string}\"},\"query-input\":{\"@type\":\"PropertyValueSpecification\",\"valueRequired\":true,\"valueName\":\"search_term_string\"}}],\"inLanguage\":\"en-US\"}]}<\/script>\n<!-- \/ Yoast SEO plugin. -->","yoast_head_json":{"title":"BARBIERI - Lille art up!","robots":{"index":"index","follow":"follow","max-snippet":"max-snippet:-1","max-image-preview":"max-image-preview:large","max-video-preview":"max-video-preview:-1"},"og_locale":"en_US","og_type":"article","og_title":"BARBIERI - Lille art up!","og_description":"The act of defining volumes and lines on the two-dimensional support represents a means of understanding and organizing the space that currently surrounds him and that which belongs to his memories. Serena creates her own shades mixing pigments with a neutral acrylic base, trying to recall the textures of the cities where she lived. In [&hellip;]","og_url":"https:\/\/lilleartup.com\/en\/all-artists\/barbieri\/","og_site_name":"Lille art up!","og_image":[{"width":642,"height":1006,"url":"https:\/\/lilleartup.com\/wp-content\/uploads\/2023\/06\/Capture-de\u0301cran-2023-06-12-a\u0300-10.01.28.png","type":"image\/png"}],"twitter_card":"summary_large_image","twitter_misc":{"Est. reading time":"3 minutes"},"schema":{"@context":"https:\/\/schema.org","@graph":[{"@type":"WebPage","@id":"https:\/\/lilleartup.com\/en\/all-artists\/barbieri\/","url":"https:\/\/lilleartup.com\/en\/all-artists\/barbieri\/","name":"BARBIERI - Lille art up!","isPartOf":{"@id":"https:\/\/lilleartup.com\/en\/#website"},"primaryImageOfPage":{"@id":"https:\/\/lilleartup.com\/en\/all-artists\/barbieri\/#primaryimage"},"image":{"@id":"https:\/\/lilleartup.com\/en\/all-artists\/barbieri\/#primaryimage"},"thumbnailUrl":"https:\/\/lilleartup.com\/wp-content\/uploads\/2023\/06\/Capture-de\u0301cran-2023-06-12-a\u0300-10.01.28.png","datePublished":"2023-06-12T15:02:03+00:00","breadcrumb":{"@id":"https:\/\/lilleartup.com\/en\/all-artists\/barbieri\/#breadcrumb"},"inLanguage":"en-US","potentialAction":[{"@type":"ReadAction","target":["https:\/\/lilleartup.com\/en\/all-artists\/barbieri\/"]}]},{"@type":"ImageObject","inLanguage":"en-US","@id":"https:\/\/lilleartup.com\/en\/all-artists\/barbieri\/#primaryimage","url":"https:\/\/lilleartup.com\/wp-content\/uploads\/2023\/06\/Capture-de\u0301cran-2023-06-12-a\u0300-10.01.28.png","contentUrl":"https:\/\/lilleartup.com\/wp-content\/uploads\/2023\/06\/Capture-de\u0301cran-2023-06-12-a\u0300-10.01.28.png","width":642,"height":1006},{"@type":"BreadcrumbList","@id":"https:\/\/lilleartup.com\/en\/all-artists\/barbieri\/#breadcrumb","itemListElement":[{"@type":"ListItem","position":1,"name":"Home","item":"https:\/\/lilleartup.com\/en\/"},{"@type":"ListItem","position":2,"name":"Artistes","item":"https:\/\/lilleartup.com\/en\/all-artists\/"},{"@type":"ListItem","position":3,"name":"BARBIERI"}]},{"@type":"WebSite","@id":"https:\/\/lilleartup.com\/en\/#website","url":"https:\/\/lilleartup.com\/en\/","name":"Lille art up!","description":"","potentialAction":[{"@type":"SearchAction","target":{"@type":"EntryPoint","urlTemplate":"https:\/\/lilleartup.com\/en\/?s={search_term_string}"},"query-input":{"@type":"PropertyValueSpecification","valueRequired":true,"valueName":"search_term_string"}}],"inLanguage":"en-US"}]}},"_links":{"self":[{"href":"https:\/\/lilleartup.com\/en\/wp-json\/wp\/v2\/artist\/65547","targetHints":{"allow":["GET"]}}],"collection":[{"href":"https:\/\/lilleartup.com\/en\/wp-json\/wp\/v2\/artist"}],"about":[{"href":"https:\/\/lilleartup.com\/en\/wp-json\/wp\/v2\/types\/artist"}],"author":[{"embeddable":true,"href":"https:\/\/lilleartup.com\/en\/wp-json\/wp\/v2\/users\/168"}],"version-history":[{"count":1,"href":"https:\/\/lilleartup.com\/en\/wp-json\/wp\/v2\/artist\/65547\/revisions"}],"predecessor-version":[{"id":65597,"href":"https:\/\/lilleartup.com\/en\/wp-json\/wp\/v2\/artist\/65547\/revisions\/65597"}],"wp:featuredmedia":[{"embeddable":true,"href":"https:\/\/lilleartup.com\/en\/wp-json\/wp\/v2\/media\/65548"}],"wp:attachment":[{"href":"https:\/\/lilleartup.com\/en\/wp-json\/wp\/v2\/media?parent=65547"}],"wp:term":[{"taxonomy":"taxo_year_participe","embeddable":true,"href":"https:\/\/lilleartup.com\/en\/wp-json\/wp\/v2\/taxo_year_participe?post=65547"}],"curies":[{"name":"wp","href":"https:\/\/api.w.org\/{rel}","templated":true}]}}

<p>The act of defining volumes and lines on the two-dimensional support represents a means of understanding and organizing the space that currently surrounds him and that which belongs to his memories. Serena creates her own shades mixing pigments with a neutral acrylic base, trying to recall the textures of the cities where she lived.<br />
In his paintings, memories and current views are fused, giving rise to urban compositions and new narratives.<br />
Born January 26, 1987 in Italy</p>
<p>Academic training :</p>
<p>Ongoing: PhD in Contemporary Arts at the Institution of Colégio das Artes &#8211; University of Coimbra, Portugal</p>
<p>2015 &#8211; 2017<br />
Master in Contemporary Artistic Practices at the Faculty of Fine Arts &#8211; University of Porto, Portugal</p>
<p>2013 &#8211; 2015<br />
Diploma in Fashion Design and Multimedia Art – at the IUAV University of Venice, Italy</p>
<p>2007-2013<br />
Degree in Biological Sciences: University of Florence, Italy</p>
<p>Exhibitions and shows as an artist</p>
<p>2023<br />
Exhibition in Lille Art Up<br />
Personal exhibition at the Estelle Lebas Gallery in Le Touquet Paris Plage.</p>
<p>2020<br />
Personal exhibition, Estelle Lebas Gallery, Lille<br />
2019<br />
Group exhibition &#8220;Motel Coimbra # 4 &#8211; O mundo em transito&#8221; at the Colégio Das Artes &#8211; University of Coimbra, from 04/12 to 06/14/2019.</p>
<p>&#8220;III Bienal Internacional de Arte Gaia 2019&#8221; &#8211; selected works and participation in the exhibition, from 24/04 to 20/06/2019, Vila Nova de Gaia, Portugal.</p>
<p>&#8220;Pentagona&#8221; group exhibition at OKNA Espaço Cultural, Porto, Portugal.</p>
<p>2018<br />
Exhibition of ZONA Artistic Residency Lamego 2018, Casa do Artista of Lamego, Portugal.</p>
<p>&#8220;XX Bienal Internacional de Arte de Cerveira&#8221; &#8211; &#8220;ARTES TRADICIONAIS E ARTES DIGITAIS &#8211; O DISCURSO DA (DES) ORDEM&#8221; &#8211; selected works and participation in the exhibition, from 08/10 to 09/23/2018, Vila Nova de Cerveira , Portugal.</p>
<p>&#8220;X Bienal Internacional de Arte Jovem de Vila Verde 2018&#8221; &#8211; selected works and participation in the exhibition, from 07/07 to 07/28/2018, Vila Verde, Portugal.<br />
Final exhibition of the II edition of the Eco-Art residency, 18/06-23/06/2018, organized by the Town Hall of Póvoa do Lanhoso in the Centro de Interpretação Ambiental do Carvalho de Calvo, Povoa de Lanhoso, Portugal.</p>
<p>&#8220;Topography pessoal&#8221; &#8211; individual exhibition at Division Zero Gallery, Portugal.</p>
<p>2017<br />
&#8220;Intorno&#8221; &#8211; individual exhibition and final project as part of the Master in Contemporary Art Practices, thesis director Prof. Miguel Teixeira da Silva Leal. FBAUP, Faculty of Fine Arts of the University of Porto, Portugal.</p>
<p>&#8220;II Bienal Internacional de Arte Gaia 2017&#8221; &#8211; selected works and participation in the exhibition, from 8/07 to 30/09/2017, Vila Nova de Gaia, Portugal.</p>
<p>&#8220;The Missing Tree&#8221; &#8211; exhibition with the assistance of the artist Miguel Teixeira da Silva Leal in the Casa da Imagem in Gaia, Portugal.<br />
&#8220;Método&#8221; &#8211; group exhibition with the assistance of the artist Miguel Teixeira da Silva Leal at the FBAUP museum, Faculty of Fine Arts of the University of Porto, Portugal.</p>
<p>2016</p>
<p>&#8220;Na Calha # 9 &#8211; Exposições numa parede&#8221;, individual exhibition at Gato Vadio, Porto, Portugal.</p>
<p>Exhibition as part of the Projeto 100% d&#8217;Arga at the Estação Viana Shopping Center, Programa Pulsar Viana (SONAE), Portugal.</p>
<p>Final exhibition of the Land-Art Eco-Art Residence, organized by the Town Hall of Póvoa do Lanhoso in collaboration with Laboratório da Paisagem and Ledro Land Art. Center of Interpretação Ambiental do Carvalho de Calvo, Povoa de Lanhoso, Portugal.</p>
<p>&#8220;Cicatrizes de -&#8220;, group exhibition, Espaço Rua Do Sol 172, Porto, Portugal.</p>
<p>&#8220;FORA E DENTRO #2&#8221;, group exhibition in the GNRation, Praça Conde de Agrolongo, Braga, Portugal.</p>
<p>&#8220;Os nomes opacos que damos às coisas // A noite toda de súbito&#8221;, group exhibition at Fórum da Maia, Porto, Portugal.</p>
<p>2015</p>
<p>&#8220;Six blind men and the elephant&#8221; &#8211; group exhibition organized as part of the Visual Arts Laboratory III, with the assistance of the artist Luca Trevisani. Ligabue warehouses, IUAV University, Venice, Italy.</p>
<p>2014</p>
<p>Group exhibition organized as part of the Visual Arts Laboratory I, with the assistance of the artist Mario Airò. Ligabue warehouses, IUAV University, Venice, Italy.</p>
<p>Exhibitions and shows as curator</p>
<p>2018 &#8220;Circunstâncias&#8221; &#8211; group exhibition at Atelier SantoIsidro, Travessa de Santo Isidro Porto, Portugal.</p>
