{"id":109305,"date":"2025-02-19T13:32:53","date_gmt":"2025-02-19T12:32:53","guid":{"rendered":"https:\/\/lilleartup.com\/?post_type=artist&#038;p=109305"},"modified":"2025-02-19T13:41:05","modified_gmt":"2025-02-19T12:41:05","slug":"action-culturelle-chu","status":"publish","type":"artist","link":"https:\/\/lilleartup.com\/en\/all-artists\/action-culturelle-chu\/","title":{"rendered":"Action culturelle \/ Du vent dans les mots"},"content":{"rendered":"<p>Pour cette nouvelle \u00e9dition, le CHU de Lille pr\u00e9sente l\u2019exposition Transpara\u00eetre, issue des ateliers d\u2019\u00e9criture et graphiques men\u00e9s par Du vent dans les mots aupr\u00e8s des patients hospitalis\u00e9s dans les services de psychog\u00e9riatrie \u00e0 l\u2019H\u00f4pital Fontan 2 et dans l\u2019Unit\u00e9 hospitali\u00e8re s\u00e9curis\u00e9e interr\u00e9gionale (UHSI), et ceux suivis au Centre m\u00e9dico-psychologique Montebello et au Centre de soins, d\u2019accompagnement et de pr\u00e9vention en addictologie (CSAPA).<\/p>\n","protected":false},"author":781,"featured_media":109318,"template":"","taxo_year_participe":[136],"class_list":["post-109305","artist","type-artist","status-publish","has-post-thumbnail","hentry"],"acf":[],"yoast_head":"<!-- This site is optimized with the Yoast SEO plugin v27.4 - https:\/\/yoast.com\/product\/yoast-seo-wordpress\/ -->\n<title>Action culturelle \/ Du vent dans les mots - Lille art up!<\/title>\n<meta name=\"robots\" content=\"index, follow, max-snippet:-1, max-image-preview:large, max-video-preview:-1\" \/>\n<meta property=\"og:locale\" content=\"en_US\" \/>\n<meta property=\"og:type\" content=\"article\" \/>\n<meta property=\"og:title\" content=\"Action culturelle \/ Du vent dans les mots - Lille art up!\" \/>\n<meta property=\"og:description\" content=\"Pour cette nouvelle \u00e9dition, le CHU de Lille pr\u00e9sente l\u2019exposition Transpara\u00eetre, issue des ateliers d\u2019\u00e9criture et graphiques men\u00e9s par Du vent dans les mots aupr\u00e8s des patients hospitalis\u00e9s dans les services de psychog\u00e9riatrie \u00e0 l\u2019H\u00f4pital Fontan 2 et dans l\u2019Unit\u00e9 hospitali\u00e8re s\u00e9curis\u00e9e interr\u00e9gionale (UHSI), et ceux suivis au Centre m\u00e9dico-psychologique Montebello et au Centre de [&hellip;]\" \/>\n<meta property=\"og:url\" content=\"https:\/\/lilleartup.com\/en\/all-artists\/action-culturelle-chu\/\" \/>\n<meta property=\"og:site_name\" content=\"Lille art up!\" \/>\n<meta property=\"article:modified_time\" content=\"2025-02-19T12:41:05+00:00\" \/>\n<meta property=\"og:image\" content=\"https:\/\/lilleartup.com\/wp-content\/uploads\/2025\/02\/454396750_929206882566488_2411415367183627886_n.jpg\" \/>\n\t<meta property=\"og:image:width\" content=\"1440\" \/>\n\t<meta property=\"og:image:height\" content=\"1080\" \/>\n\t<meta property=\"og:image:type\" content=\"image\/jpeg\" \/>\n<meta name=\"twitter:card\" content=\"summary_large_image\" \/>\n<script type=\"application\/ld+json\" class=\"yoast-schema-graph\">{\"@context\":\"https:\\\/\\\/schema.org\",\"@graph\":[{\"@type\":\"WebPage\",\"@id\":\"https:\\\/\\\/lilleartup.com\\\/en\\\/all-artists\\\/action-culturelle-chu\\\/\",\"url\":\"https:\\\/\\\/lilleartup.com\\\/en\\\/all-artists\\\/action-culturelle-chu\\\/\",\"name\":\"Action culturelle \\\/ Du vent dans les mots - Lille art up!\",\"isPartOf\":{\"@id\":\"https:\\\/\\\/lilleartup.com\\\/en\\\/#website\"},\"primaryImageOfPage\":{\"@id\":\"https:\\\/\\\/lilleartup.com\\\/en\\\/all-artists\\\/action-culturelle-chu\\\/#primaryimage\"},\"image\":{\"@id\":\"https:\\\/\\\/lilleartup.com\\\/en\\\/all-artists\\\/action-culturelle-chu\\\/#primaryimage\"},\"thumbnailUrl\":\"https:\\\/\\\/lilleartup.com\\\/wp-content\\\/uploads\\\/2025\\\/02\\\/454396750_929206882566488_2411415367183627886_n.jpg\",\"datePublished\":\"2025-02-19T12:32:53+00:00\",\"dateModified\":\"2025-02-19T12:41:05+00:00\",\"breadcrumb\":{\"@id\":\"https:\\\/\\\/lilleartup.com\\\/en\\\/all-artists\\\/action-culturelle-chu\\\/#breadcrumb\"},\"inLanguage\":\"en-US\",\"potentialAction\":[{\"@type\":\"ReadAction\",\"target\":[\"https:\\\/\\\/lilleartup.com\\\/en\\\/all-artists\\\/action-culturelle-chu\\\/\"]}]},{\"@type\":\"ImageObject\",\"inLanguage\":\"en-US\",\"@id\":\"https:\\\/\\\/lilleartup.com\\\/en\\\/all-artists\\\/action-culturelle-chu\\\/#primaryimage\",\"url\":\"https:\\\/\\\/lilleartup.com\\\/wp-content\\\/uploads\\\/2025\\\/02\\\/454396750_929206882566488_2411415367183627886_n.jpg\",\"contentUrl\":\"https:\\\/\\\/lilleartup.com\\\/wp-content\\\/uploads\\\/2025\\\/02\\\/454396750_929206882566488_2411415367183627886_n.jpg\",\"width\":1440,\"height\":1080},{\"@type\":\"BreadcrumbList\",\"@id\":\"https:\\\/\\\/lilleartup.com\\\/en\\\/all-artists\\\/action-culturelle-chu\\\/#breadcrumb\",\"itemListElement\":[{\"@type\":\"ListItem\",\"position\":1,\"name\":\"Home\",\"item\":\"https:\\\/\\\/lilleartup.com\\\/en\\\/\"},{\"@type\":\"ListItem\",\"position\":2,\"name\":\"Artistes\",\"item\":\"https:\\\/\\\/lilleartup.com\\\/en\\\/all-artists\\\/\"},{\"@type\":\"ListItem\",\"position\":3,\"name\":\"Action culturelle \\\/ Du vent dans les mots\"}]},{\"@type\":\"WebSite\",\"@id\":\"https:\\\/\\\/lilleartup.com\\\/en\\\/#website\",\"url\":\"https:\\\/\\\/lilleartup.com\\\/en\\\/\",\"name\":\"Lille art up!\",\"description\":\"\",\"potentialAction\":[{\"@type\":\"SearchAction\",\"target\":{\"@type\":\"EntryPoint\",\"urlTemplate\":\"https:\\\/\\\/lilleartup.com\\\/en\\\/?s={search_term_string}\"},\"query-input\":{\"@type\":\"PropertyValueSpecification\",\"valueRequired\":true,\"valueName\":\"search_term_string\"}}],\"inLanguage\":\"en-US\"}]}<\/script>\n<!-- \/ Yoast SEO plugin. -->","yoast_head_json":{"title":"Action culturelle \/ Du vent dans les mots - Lille art up!","robots":{"index":"index","follow":"follow","max-snippet":"max-snippet:-1","max-image-preview":"max-image-preview:large","max-video-preview":"max-video-preview:-1"},"og_locale":"en_US","og_type":"article","og_title":"Action culturelle \/ Du vent dans les mots - Lille art up!","og_description":"Pour cette nouvelle \u00e9dition, le CHU de Lille pr\u00e9sente l\u2019exposition Transpara\u00eetre, issue des ateliers d\u2019\u00e9criture et graphiques men\u00e9s par Du vent dans les mots aupr\u00e8s des patients hospitalis\u00e9s dans les services de psychog\u00e9riatrie \u00e0 l\u2019H\u00f4pital Fontan 2 et dans l\u2019Unit\u00e9 hospitali\u00e8re s\u00e9curis\u00e9e interr\u00e9gionale (UHSI), et ceux suivis au Centre m\u00e9dico-psychologique Montebello et au Centre de [&hellip;]","og_url":"https:\/\/lilleartup.com\/en\/all-artists\/action-culturelle-chu\/","og_site_name":"Lille art up!","article_modified_time":"2025-02-19T12:41:05+00:00","og_image":[{"width":1440,"height":1080,"url":"https:\/\/lilleartup.com\/wp-content\/uploads\/2025\/02\/454396750_929206882566488_2411415367183627886_n.jpg","type":"image\/jpeg"}],"twitter_card":"summary_large_image","schema":{"@context":"https:\/\/schema.org","@graph":[{"@type":"WebPage","@id":"https:\/\/lilleartup.com\/en\/all-artists\/action-culturelle-chu\/","url":"https:\/\/lilleartup.com\/en\/all-artists\/action-culturelle-chu\/","name":"Action culturelle \/ Du vent dans les mots - Lille art up!","isPartOf":{"@id":"https:\/\/lilleartup.com\/en\/#website"},"primaryImageOfPage":{"@id":"https:\/\/lilleartup.com\/en\/all-artists\/action-culturelle-chu\/#primaryimage"},"image":{"@id":"https:\/\/lilleartup.com\/en\/all-artists\/action-culturelle-chu\/#primaryimage"},"thumbnailUrl":"https:\/\/lilleartup.com\/wp-content\/uploads\/2025\/02\/454396750_929206882566488_2411415367183627886_n.jpg","datePublished":"2025-02-19T12:32:53+00:00","dateModified":"2025-02-19T12:41:05+00:00","breadcrumb":{"@id":"https:\/\/lilleartup.com\/en\/all-artists\/action-culturelle-chu\/#breadcrumb"},"inLanguage":"en-US","potentialAction":[{"@type":"ReadAction","target":["https:\/\/lilleartup.com\/en\/all-artists\/action-culturelle-chu\/"]}]},{"@type":"ImageObject","inLanguage":"en-US","@id":"https:\/\/lilleartup.com\/en\/all-artists\/action-culturelle-chu\/#primaryimage","url":"https:\/\/lilleartup.com\/wp-content\/uploads\/2025\/02\/454396750_929206882566488_2411415367183627886_n.jpg","contentUrl":"https:\/\/lilleartup.com\/wp-content\/uploads\/2025\/02\/454396750_929206882566488_2411415367183627886_n.jpg","width":1440,"height":1080},{"@type":"BreadcrumbList","@id":"https:\/\/lilleartup.com\/en\/all-artists\/action-culturelle-chu\/#breadcrumb","itemListElement":[{"@type":"ListItem","position":1,"name":"Home","item":"https:\/\/lilleartup.com\/en\/"},{"@type":"ListItem","position":2,"name":"Artistes","item":"https:\/\/lilleartup.com\/en\/all-artists\/"},{"@type":"ListItem","position":3,"name":"Action culturelle \/ Du vent dans les mots"}]},{"@type":"WebSite","@id":"https:\/\/lilleartup.com\/en\/#website","url":"https:\/\/lilleartup.com\/en\/","name":"Lille art up!","description":"","potentialAction":[{"@type":"SearchAction","target":{"@type":"EntryPoint","urlTemplate":"https:\/\/lilleartup.com\/en\/?s={search_term_string}"},"query-input":{"@type":"PropertyValueSpecification","valueRequired":true,"valueName":"search_term_string"}}],"inLanguage":"en-US"}]}},"_links":{"self":[{"href":"https:\/\/lilleartup.com\/en\/wp-json\/wp\/v2\/artist\/109305","targetHints":{"allow":["GET"]}}],"collection":[{"href":"https:\/\/lilleartup.com\/en\/wp-json\/wp\/v2\/artist"}],"about":[{"href":"https:\/\/lilleartup.com\/en\/wp-json\/wp\/v2\/types\/artist"}],"author":[{"embeddable":true,"href":"https:\/\/lilleartup.com\/en\/wp-json\/wp\/v2\/users\/781"}],"version-history":[{"count":3,"href":"https:\/\/lilleartup.com\/en\/wp-json\/wp\/v2\/artist\/109305\/revisions"}],"predecessor-version":[{"id":109325,"href":"https:\/\/lilleartup.com\/en\/wp-json\/wp\/v2\/artist\/109305\/revisions\/109325"}],"wp:featuredmedia":[{"embeddable":true,"href":"https:\/\/lilleartup.com\/en\/wp-json\/wp\/v2\/media\/109318"}],"wp:attachment":[{"href":"https:\/\/lilleartup.com\/en\/wp-json\/wp\/v2\/media?parent=109305"}],"wp:term":[{"taxonomy":"taxo_year_participe","embeddable":true,"href":"https:\/\/lilleartup.com\/en\/wp-json\/wp\/v2\/taxo_year_participe?post=109305"}],"curies":[{"name":"wp","href":"https:\/\/api.w.org\/{rel}","templated":true}]}}

<p>Pour cette nouvelle édition, le CHU de Lille présente l’exposition Transparaître, issue des ateliers d’écriture et graphiques menés par Du vent dans les mots auprès des patients hospitalisés dans les services de psychogériatrie à l’Hôpital Fontan 2 et dans l’Unité hospitalière sécurisée interrégionale (UHSI), et ceux suivis au Centre médico-psychologique Montebello et au Centre de soins, d’accompagnement et de prévention en addictologie (CSAPA).</p>

<!-- This site is optimized with the Yoast SEO plugin v27.4 - https://yoast.com/product/yoast-seo-wordpress/ -->
<title>Action culturelle / Du vent dans les mots - Lille art up!</title>
<meta name="robots" content="index, follow, max-snippet:-1, max-image-preview:large, max-video-preview:-1" />
<meta property="og:locale" content="en_US" />
<meta property="og:type" content="article" />
<meta property="og:title" content="Action culturelle / Du vent dans les mots - Lille art up!" />
<meta property="og:description" content="Pour cette nouvelle édition, le CHU de Lille présente l’exposition Transparaître, issue des ateliers d’écriture et graphiques menés par Du vent dans les mots auprès des patients hospitalisés dans les services de psychogériatrie à l’Hôpital Fontan 2 et dans l’Unité hospitalière sécurisée interrégionale (UHSI), et ceux suivis au Centre médico-psychologique Montebello et au Centre de [&hellip;]" />
<meta property="og:url" content="https://lilleartup.com/en/all-artists/action-culturelle-chu/" />
<meta property="og:site_name" content="Lille art up!" />
<meta property="article:modified_time" content="2025-02-19T12:41:05+00:00" />
<meta property="og:image" content="https://lilleartup.com/wp-content/uploads/2025/02/454396750_929206882566488_2411415367183627886_n.jpg" />
	<meta property="og:image:width" content="1440" />
	<meta property="og:image:height" content="1080" />
	<meta property="og:image:type" content="image/jpeg" />
<meta name="twitter:card" content="summary_large_image" />
<script type="application/ld+json" class="yoast-schema-graph">{"@context":"https:\/\/schema.org","@graph":[{"@type":"WebPage","@id":"https:\/\/lilleartup.com\/en\/all-artists\/action-culturelle-chu\/","url":"https:\/\/lilleartup.com\/en\/all-artists\/action-culturelle-chu\/","name":"Action culturelle \/ Du vent dans les mots - Lille art up!","isPartOf":{"@id":"https:\/\/lilleartup.com\/en\/#website"},"primaryImageOfPage":{"@id":"https:\/\/lilleartup.com\/en\/all-artists\/action-culturelle-chu\/#primaryimage"},"image":{"@id":"https:\/\/lilleartup.com\/en\/all-artists\/action-culturelle-chu\/#primaryimage"},"thumbnailUrl":"https:\/\/lilleartup.com\/wp-content\/uploads\/2025\/02\/454396750_929206882566488_2411415367183627886_n.jpg","datePublished":"2025-02-19T12:32:53+00:00","dateModified":"2025-02-19T12:41:05+00:00","breadcrumb":{"@id":"https:\/\/lilleartup.com\/en\/all-artists\/action-culturelle-chu\/#breadcrumb"},"inLanguage":"en-US","potentialAction":[{"@type":"ReadAction","target":["https:\/\/lilleartup.com\/en\/all-artists\/action-culturelle-chu\/"]}]},{"@type":"ImageObject","inLanguage":"en-US","@id":"https:\/\/lilleartup.com\/en\/all-artists\/action-culturelle-chu\/#primaryimage","url":"https:\/\/lilleartup.com\/wp-content\/uploads\/2025\/02\/454396750_929206882566488_2411415367183627886_n.jpg","contentUrl":"https:\/\/lilleartup.com\/wp-content\/uploads\/2025\/02\/454396750_929206882566488_2411415367183627886_n.jpg","width":1440,"height":1080},{"@type":"BreadcrumbList","@id":"https:\/\/lilleartup.com\/en\/all-artists\/action-culturelle-chu\/#breadcrumb","itemListElement":[{"@type":"ListItem","position":1,"name":"Home","item":"https:\/\/lilleartup.com\/en\/"},{"@type":"ListItem","position":2,"name":"Artistes","item":"https:\/\/lilleartup.com\/en\/all-artists\/"},{"@type":"ListItem","position":3,"name":"Action culturelle \/ Du vent dans les mots"}]},{"@type":"WebSite","@id":"https:\/\/lilleartup.com\/en\/#website","url":"https:\/\/lilleartup.com\/en\/","name":"Lille art up!","description":"","potentialAction":[{"@type":"SearchAction","target":{"@type":"EntryPoint","urlTemplate":"https:\/\/lilleartup.com\/en\/?s={search_term_string}"},"query-input":{"@type":"PropertyValueSpecification","valueRequired":true,"valueName":"search_term_string"}}],"inLanguage":"en-US"}]}</script>
<!-- / Yoast SEO plugin. -->

Pour cette nouvelle édition, le CHU de Lille présente l’exposition Transparaître, issue des ateliers d’écriture et graphiques menés par Du vent dans les mots auprès des patients hospitalisés dans les services de psychogériatrie à l’Hôpital Fontan 2 et dans l’Unité hospitalière sécurisée interrégionale (UHSI), et ceux suivis au Centre médico-psychologique Montebello et au Centre de [&hellip;]
