{"id":109224,"date":"2025-02-19T11:38:36","date_gmt":"2025-02-19T10:38:36","guid":{"rendered":"https:\/\/lilleartup.com\/?post_type=artist&#038;p=109224"},"modified":"2025-02-19T11:44:19","modified_gmt":"2025-02-19T10:44:19","slug":"olivier-debre","status":"publish","type":"artist","link":"https:\/\/lilleartup.com\/en\/all-artists\/olivier-debre\/","title":{"rendered":"Olivier Debr\u00e9"},"content":{"rendered":"<p>Olivier Debr\u00e9 (1920-1999) \u00e9tait un peintre fran\u00e7ais associ\u00e9 \u00e0 l&#8217;abstraction lyrique. Influenc\u00e9 par Nicolas de Sta\u00ebl et Zao Wou-Ki, il d\u00e9veloppe une peinture marqu\u00e9e par des aplats de couleurs intenses et une gestuelle expressive. Il est connu pour ses &#8220;signes-paysages&#8221;, o\u00f9 il traduit l\u2019\u00e9motion ressentie face \u00e0 la nature par des compositions \u00e9pur\u00e9es et vibrantes. Son travail explore la lumi\u00e8re et la mati\u00e8re, souvent en grand format. Il a r\u00e9alis\u00e9 plusieurs commandes publiques, dont le rideau de sc\u00e8ne de l\u2019Op\u00e9ra Bastille.<\/p>\n","protected":false},"author":780,"featured_media":109239,"template":"","taxo_year_participe":[136],"class_list":["post-109224","artist","type-artist","status-publish","has-post-thumbnail","hentry"],"acf":[],"yoast_head":"<!-- This site is optimized with the Yoast SEO plugin v27.4 - https:\/\/yoast.com\/product\/yoast-seo-wordpress\/ -->\n<title>Olivier Debr\u00e9 - Lille art up!<\/title>\n<meta name=\"robots\" content=\"index, follow, max-snippet:-1, max-image-preview:large, max-video-preview:-1\" \/>\n<meta property=\"og:locale\" content=\"en_US\" \/>\n<meta property=\"og:type\" content=\"article\" \/>\n<meta property=\"og:title\" content=\"Olivier Debr\u00e9 - Lille art up!\" \/>\n<meta property=\"og:description\" content=\"Olivier Debr\u00e9 (1920-1999) \u00e9tait un peintre fran\u00e7ais associ\u00e9 \u00e0 l&#8217;abstraction lyrique. Influenc\u00e9 par Nicolas de Sta\u00ebl et Zao Wou-Ki, il d\u00e9veloppe une peinture marqu\u00e9e par des aplats de couleurs intenses et une gestuelle expressive. Il est connu pour ses &#8220;signes-paysages&#8221;, o\u00f9 il traduit l\u2019\u00e9motion ressentie face \u00e0 la nature par des compositions \u00e9pur\u00e9es et vibrantes. [&hellip;]\" \/>\n<meta property=\"og:url\" content=\"https:\/\/lilleartup.com\/en\/all-artists\/olivier-debre\/\" \/>\n<meta property=\"og:site_name\" content=\"Lille art up!\" \/>\n<meta property=\"article:modified_time\" content=\"2025-02-19T10:44:19+00:00\" \/>\n<meta property=\"og:image\" content=\"https:\/\/lilleartup.com\/wp-content\/uploads\/2025\/02\/5edae9cc994d63af7e8b485e.webp\" \/>\n\t<meta property=\"og:image:width\" content=\"1020\" \/>\n\t<meta property=\"og:image:height\" content=\"573\" \/>\n\t<meta property=\"og:image:type\" content=\"image\/webp\" \/>\n<meta name=\"twitter:card\" content=\"summary_large_image\" \/>\n<script type=\"application\/ld+json\" class=\"yoast-schema-graph\">{\"@context\":\"https:\\\/\\\/schema.org\",\"@graph\":[{\"@type\":\"WebPage\",\"@id\":\"https:\\\/\\\/lilleartup.com\\\/en\\\/all-artists\\\/olivier-debre\\\/\",\"url\":\"https:\\\/\\\/lilleartup.com\\\/en\\\/all-artists\\\/olivier-debre\\\/\",\"name\":\"Olivier Debr\u00e9 - Lille art up!\",\"isPartOf\":{\"@id\":\"https:\\\/\\\/lilleartup.com\\\/en\\\/#website\"},\"primaryImageOfPage\":{\"@id\":\"https:\\\/\\\/lilleartup.com\\\/en\\\/all-artists\\\/olivier-debre\\\/#primaryimage\"},\"image\":{\"@id\":\"https:\\\/\\\/lilleartup.com\\\/en\\\/all-artists\\\/olivier-debre\\\/#primaryimage\"},\"thumbnailUrl\":\"https:\\\/\\\/lilleartup.com\\\/wp-content\\\/uploads\\\/2025\\\/02\\\/5edae9cc994d63af7e8b485e.webp\",\"datePublished\":\"2025-02-19T10:38:36+00:00\",\"dateModified\":\"2025-02-19T10:44:19+00:00\",\"breadcrumb\":{\"@id\":\"https:\\\/\\\/lilleartup.com\\\/en\\\/all-artists\\\/olivier-debre\\\/#breadcrumb\"},\"inLanguage\":\"en-US\",\"potentialAction\":[{\"@type\":\"ReadAction\",\"target\":[\"https:\\\/\\\/lilleartup.com\\\/en\\\/all-artists\\\/olivier-debre\\\/\"]}]},{\"@type\":\"ImageObject\",\"inLanguage\":\"en-US\",\"@id\":\"https:\\\/\\\/lilleartup.com\\\/en\\\/all-artists\\\/olivier-debre\\\/#primaryimage\",\"url\":\"https:\\\/\\\/lilleartup.com\\\/wp-content\\\/uploads\\\/2025\\\/02\\\/5edae9cc994d63af7e8b485e.webp\",\"contentUrl\":\"https:\\\/\\\/lilleartup.com\\\/wp-content\\\/uploads\\\/2025\\\/02\\\/5edae9cc994d63af7e8b485e.webp\",\"width\":1020,\"height\":573},{\"@type\":\"BreadcrumbList\",\"@id\":\"https:\\\/\\\/lilleartup.com\\\/en\\\/all-artists\\\/olivier-debre\\\/#breadcrumb\",\"itemListElement\":[{\"@type\":\"ListItem\",\"position\":1,\"name\":\"Home\",\"item\":\"https:\\\/\\\/lilleartup.com\\\/en\\\/\"},{\"@type\":\"ListItem\",\"position\":2,\"name\":\"Artistes\",\"item\":\"https:\\\/\\\/lilleartup.com\\\/en\\\/all-artists\\\/\"},{\"@type\":\"ListItem\",\"position\":3,\"name\":\"Olivier Debr\u00e9\"}]},{\"@type\":\"WebSite\",\"@id\":\"https:\\\/\\\/lilleartup.com\\\/en\\\/#website\",\"url\":\"https:\\\/\\\/lilleartup.com\\\/en\\\/\",\"name\":\"Lille art up!\",\"description\":\"\",\"potentialAction\":[{\"@type\":\"SearchAction\",\"target\":{\"@type\":\"EntryPoint\",\"urlTemplate\":\"https:\\\/\\\/lilleartup.com\\\/en\\\/?s={search_term_string}\"},\"query-input\":{\"@type\":\"PropertyValueSpecification\",\"valueRequired\":true,\"valueName\":\"search_term_string\"}}],\"inLanguage\":\"en-US\"}]}<\/script>\n<!-- \/ Yoast SEO plugin. -->","yoast_head_json":{"title":"Olivier Debr\u00e9 - Lille art up!","robots":{"index":"index","follow":"follow","max-snippet":"max-snippet:-1","max-image-preview":"max-image-preview:large","max-video-preview":"max-video-preview:-1"},"og_locale":"en_US","og_type":"article","og_title":"Olivier Debr\u00e9 - Lille art up!","og_description":"Olivier Debr\u00e9 (1920-1999) \u00e9tait un peintre fran\u00e7ais associ\u00e9 \u00e0 l&#8217;abstraction lyrique. Influenc\u00e9 par Nicolas de Sta\u00ebl et Zao Wou-Ki, il d\u00e9veloppe une peinture marqu\u00e9e par des aplats de couleurs intenses et une gestuelle expressive. Il est connu pour ses &#8220;signes-paysages&#8221;, o\u00f9 il traduit l\u2019\u00e9motion ressentie face \u00e0 la nature par des compositions \u00e9pur\u00e9es et vibrantes. [&hellip;]","og_url":"https:\/\/lilleartup.com\/en\/all-artists\/olivier-debre\/","og_site_name":"Lille art up!","article_modified_time":"2025-02-19T10:44:19+00:00","og_image":[{"width":1020,"height":573,"url":"https:\/\/lilleartup.com\/wp-content\/uploads\/2025\/02\/5edae9cc994d63af7e8b485e.webp","type":"image\/webp"}],"twitter_card":"summary_large_image","schema":{"@context":"https:\/\/schema.org","@graph":[{"@type":"WebPage","@id":"https:\/\/lilleartup.com\/en\/all-artists\/olivier-debre\/","url":"https:\/\/lilleartup.com\/en\/all-artists\/olivier-debre\/","name":"Olivier Debr\u00e9 - Lille art up!","isPartOf":{"@id":"https:\/\/lilleartup.com\/en\/#website"},"primaryImageOfPage":{"@id":"https:\/\/lilleartup.com\/en\/all-artists\/olivier-debre\/#primaryimage"},"image":{"@id":"https:\/\/lilleartup.com\/en\/all-artists\/olivier-debre\/#primaryimage"},"thumbnailUrl":"https:\/\/lilleartup.com\/wp-content\/uploads\/2025\/02\/5edae9cc994d63af7e8b485e.webp","datePublished":"2025-02-19T10:38:36+00:00","dateModified":"2025-02-19T10:44:19+00:00","breadcrumb":{"@id":"https:\/\/lilleartup.com\/en\/all-artists\/olivier-debre\/#breadcrumb"},"inLanguage":"en-US","potentialAction":[{"@type":"ReadAction","target":["https:\/\/lilleartup.com\/en\/all-artists\/olivier-debre\/"]}]},{"@type":"ImageObject","inLanguage":"en-US","@id":"https:\/\/lilleartup.com\/en\/all-artists\/olivier-debre\/#primaryimage","url":"https:\/\/lilleartup.com\/wp-content\/uploads\/2025\/02\/5edae9cc994d63af7e8b485e.webp","contentUrl":"https:\/\/lilleartup.com\/wp-content\/uploads\/2025\/02\/5edae9cc994d63af7e8b485e.webp","width":1020,"height":573},{"@type":"BreadcrumbList","@id":"https:\/\/lilleartup.com\/en\/all-artists\/olivier-debre\/#breadcrumb","itemListElement":[{"@type":"ListItem","position":1,"name":"Home","item":"https:\/\/lilleartup.com\/en\/"},{"@type":"ListItem","position":2,"name":"Artistes","item":"https:\/\/lilleartup.com\/en\/all-artists\/"},{"@type":"ListItem","position":3,"name":"Olivier Debr\u00e9"}]},{"@type":"WebSite","@id":"https:\/\/lilleartup.com\/en\/#website","url":"https:\/\/lilleartup.com\/en\/","name":"Lille art up!","description":"","potentialAction":[{"@type":"SearchAction","target":{"@type":"EntryPoint","urlTemplate":"https:\/\/lilleartup.com\/en\/?s={search_term_string}"},"query-input":{"@type":"PropertyValueSpecification","valueRequired":true,"valueName":"search_term_string"}}],"inLanguage":"en-US"}]}},"_links":{"self":[{"href":"https:\/\/lilleartup.com\/en\/wp-json\/wp\/v2\/artist\/109224","targetHints":{"allow":["GET"]}}],"collection":[{"href":"https:\/\/lilleartup.com\/en\/wp-json\/wp\/v2\/artist"}],"about":[{"href":"https:\/\/lilleartup.com\/en\/wp-json\/wp\/v2\/types\/artist"}],"author":[{"embeddable":true,"href":"https:\/\/lilleartup.com\/en\/wp-json\/wp\/v2\/users\/780"}],"version-history":[{"count":3,"href":"https:\/\/lilleartup.com\/en\/wp-json\/wp\/v2\/artist\/109224\/revisions"}],"predecessor-version":[{"id":109244,"href":"https:\/\/lilleartup.com\/en\/wp-json\/wp\/v2\/artist\/109224\/revisions\/109244"}],"wp:featuredmedia":[{"embeddable":true,"href":"https:\/\/lilleartup.com\/en\/wp-json\/wp\/v2\/media\/109239"}],"wp:attachment":[{"href":"https:\/\/lilleartup.com\/en\/wp-json\/wp\/v2\/media?parent=109224"}],"wp:term":[{"taxonomy":"taxo_year_participe","embeddable":true,"href":"https:\/\/lilleartup.com\/en\/wp-json\/wp\/v2\/taxo_year_participe?post=109224"}],"curies":[{"name":"wp","href":"https:\/\/api.w.org\/{rel}","templated":true}]}}

Olivier Debré

<p>Olivier Debré (1920-1999) était un peintre français associé à l&#8217;abstraction lyrique. Influencé par Nicolas de Staël et Zao Wou-Ki, il développe une peinture marquée par des aplats de couleurs intenses et une gestuelle expressive. Il est connu pour ses &#8220;signes-paysages&#8221;, où il traduit l’émotion ressentie face à la nature par des compositions épurées et vibrantes. Son travail explore la lumière et la matière, souvent en grand format. Il a réalisé plusieurs commandes publiques, dont le rideau de scène de l’Opéra Bastille.</p>

<!-- This site is optimized with the Yoast SEO plugin v27.4 - https://yoast.com/product/yoast-seo-wordpress/ -->
<title>Olivier Debré - Lille art up!</title>
<meta name="robots" content="index, follow, max-snippet:-1, max-image-preview:large, max-video-preview:-1" />
<meta property="og:locale" content="en_US" />
<meta property="og:type" content="article" />
<meta property="og:title" content="Olivier Debré - Lille art up!" />
<meta property="og:description" content="Olivier Debré (1920-1999) était un peintre français associé à l&#8217;abstraction lyrique. Influencé par Nicolas de Staël et Zao Wou-Ki, il développe une peinture marquée par des aplats de couleurs intenses et une gestuelle expressive. Il est connu pour ses &#8220;signes-paysages&#8221;, où il traduit l’émotion ressentie face à la nature par des compositions épurées et vibrantes. [&hellip;]" />
<meta property="og:url" content="https://lilleartup.com/en/all-artists/olivier-debre/" />
<meta property="og:site_name" content="Lille art up!" />
<meta property="article:modified_time" content="2025-02-19T10:44:19+00:00" />
<meta property="og:image" content="https://lilleartup.com/wp-content/uploads/2025/02/5edae9cc994d63af7e8b485e.webp" />
	<meta property="og:image:width" content="1020" />
	<meta property="og:image:height" content="573" />
	<meta property="og:image:type" content="image/webp" />
<meta name="twitter:card" content="summary_large_image" />
<script type="application/ld+json" class="yoast-schema-graph">{"@context":"https:\/\/schema.org","@graph":[{"@type":"WebPage","@id":"https:\/\/lilleartup.com\/en\/all-artists\/olivier-debre\/","url":"https:\/\/lilleartup.com\/en\/all-artists\/olivier-debre\/","name":"Olivier Debré - Lille art up!","isPartOf":{"@id":"https:\/\/lilleartup.com\/en\/#website"},"primaryImageOfPage":{"@id":"https:\/\/lilleartup.com\/en\/all-artists\/olivier-debre\/#primaryimage"},"image":{"@id":"https:\/\/lilleartup.com\/en\/all-artists\/olivier-debre\/#primaryimage"},"thumbnailUrl":"https:\/\/lilleartup.com\/wp-content\/uploads\/2025\/02\/5edae9cc994d63af7e8b485e.webp","datePublished":"2025-02-19T10:38:36+00:00","dateModified":"2025-02-19T10:44:19+00:00","breadcrumb":{"@id":"https:\/\/lilleartup.com\/en\/all-artists\/olivier-debre\/#breadcrumb"},"inLanguage":"en-US","potentialAction":[{"@type":"ReadAction","target":["https:\/\/lilleartup.com\/en\/all-artists\/olivier-debre\/"]}]},{"@type":"ImageObject","inLanguage":"en-US","@id":"https:\/\/lilleartup.com\/en\/all-artists\/olivier-debre\/#primaryimage","url":"https:\/\/lilleartup.com\/wp-content\/uploads\/2025\/02\/5edae9cc994d63af7e8b485e.webp","contentUrl":"https:\/\/lilleartup.com\/wp-content\/uploads\/2025\/02\/5edae9cc994d63af7e8b485e.webp","width":1020,"height":573},{"@type":"BreadcrumbList","@id":"https:\/\/lilleartup.com\/en\/all-artists\/olivier-debre\/#breadcrumb","itemListElement":[{"@type":"ListItem","position":1,"name":"Home","item":"https:\/\/lilleartup.com\/en\/"},{"@type":"ListItem","position":2,"name":"Artistes","item":"https:\/\/lilleartup.com\/en\/all-artists\/"},{"@type":"ListItem","position":3,"name":"Olivier Debré"}]},{"@type":"WebSite","@id":"https:\/\/lilleartup.com\/en\/#website","url":"https:\/\/lilleartup.com\/en\/","name":"Lille art up!","description":"","potentialAction":[{"@type":"SearchAction","target":{"@type":"EntryPoint","urlTemplate":"https:\/\/lilleartup.com\/en\/?s={search_term_string}"},"query-input":{"@type":"PropertyValueSpecification","valueRequired":true,"valueName":"search_term_string"}}],"inLanguage":"en-US"}]}</script>
<!-- / Yoast SEO plugin. -->

Olivier Debré - Lille art up!

Olivier Debré (1920-1999) était un peintre français associé à l&#8217;abstraction lyrique. Influencé par Nicolas de Staël et Zao Wou-Ki, il développe une peinture marquée par des aplats de couleurs intenses et une gestuelle expressive. Il est connu pour ses &#8220;signes-paysages&#8221;, où il traduit l’émotion ressentie face à la nature par des compositions épurées et vibrantes. [&hellip;]
