{"id":104403,"date":"2025-01-17T09:22:25","date_gmt":"2025-01-17T08:22:25","guid":{"rendered":"https:\/\/lilleartup.com\/?post_type=artist&#038;p=104403"},"modified":"2025-01-23T09:55:08","modified_gmt":"2025-01-23T08:55:08","slug":"le-symbolisme","status":"publish","type":"artist","link":"https:\/\/lilleartup.com\/en\/all-artists\/le-symbolisme\/","title":{"rendered":"Le symbolisme"},"content":{"rendered":"<p>Dans un monde domin\u00e9 par le mat\u00e9rialisme, le progr\u00e8s scientifique et les cons\u00e9quences de la r\u00e9volution industrielle, le symbolisme constitue un ensemble de manifestations po\u00e9tiques et artistiques qui invoquent le droit au r\u00eave et le retour \u00e0 l\u2019int\u00e9riorit\u00e9. \u00c0 partir de la fin des ann\u00e9es 1880, peintres, sculpteurs, \u00e9crivains et musiciens se d\u00e9tournent du r\u00e9el pour questionner l\u2019invisible et approfondir une repr\u00e9sentation id\u00e9aliste du monde. \u00c0 travers des pratiques et des recherches esth\u00e9tiques aussi vari\u00e9es que singuli\u00e8res, les symbolistes parviennent, comme l\u2019\u00e9crit Tancr\u00e8de de Visan, \u00ab \u00e0 r\u00e9soudre l\u2019\u00e9quation : tout ce qu\u2019on voit, plus tout ce qu\u2019on ne voit pas \u00bb.<br \/>\nDe Gustave Moreau \u00e0 Paul Gauguin et \u00e0 Gustav Klimt, d\u2019Edvard Munch \u00e0 Odilon Redon et \u00e0 St\u00e9phane Mallarm\u00e9 et d\u2019Auguste Rodin \u00e0 Claude Debussy, ce sont deux g\u00e9n\u00e9rations de cr\u00e9ateurs qui, jusqu\u2019\u00e0 la veille de la Premi\u00e8re Guerre mondiale, t\u00e9moignent de ce moment de civilisation o\u00f9 l\u2019on n\u2019aura jamais autant explor\u00e9 les ressorts cach\u00e9s de l\u2019art et de la vie. Maillon essentiel de l\u2019histoire de l\u2019art, le symbolisme constitue \u00e0 la fois l\u2019examen de conscience d\u2019un si\u00e8cle troubl\u00e9 et l\u2019une des sources essentielles des avant-gardes.<br \/>\nCodirig\u00e9 et r\u00e9dig\u00e9 par des sp\u00e9cialistes \u00e9minents de l\u2019art de la fin du XIXe si\u00e8cle, ce livre donne la premi\u00e8re place aux \u0153uvres, point de d\u00e9part de toute analyse. Il comble ainsi un manque de la bibliographie d\u00e9j\u00e0 ancienne. Les images symbolistes parlent, parfois myst\u00e9rieusement : cet ouvrage permet d\u2019entendre leur message empli d\u2019humanit\u00e9 et de richesse visionnaire.<\/p>\n","protected":false},"author":21,"featured_media":104404,"template":"","taxo_year_participe":[136],"class_list":["post-104403","artist","type-artist","status-publish","has-post-thumbnail","hentry"],"acf":[],"yoast_head":"<!-- This site is optimized with the Yoast SEO plugin v27.4 - https:\/\/yoast.com\/product\/yoast-seo-wordpress\/ -->\n<title>Le symbolisme - Lille art up!<\/title>\n<meta name=\"robots\" content=\"index, follow, max-snippet:-1, max-image-preview:large, max-video-preview:-1\" \/>\n<meta property=\"og:locale\" content=\"en_US\" \/>\n<meta property=\"og:type\" content=\"article\" \/>\n<meta property=\"og:title\" content=\"Le symbolisme - Lille art up!\" \/>\n<meta property=\"og:description\" content=\"Dans un monde domin\u00e9 par le mat\u00e9rialisme, le progr\u00e8s scientifique et les cons\u00e9quences de la r\u00e9volution industrielle, le symbolisme constitue un ensemble de manifestations po\u00e9tiques et artistiques qui invoquent le droit au r\u00eave et le retour \u00e0 l\u2019int\u00e9riorit\u00e9. \u00c0 partir de la fin des ann\u00e9es 1880, peintres, sculpteurs, \u00e9crivains et musiciens se d\u00e9tournent du r\u00e9el [&hellip;]\" \/>\n<meta property=\"og:url\" content=\"https:\/\/lilleartup.com\/en\/all-artists\/le-symbolisme\/\" \/>\n<meta property=\"og:site_name\" content=\"Lille art up!\" \/>\n<meta property=\"article:modified_time\" content=\"2025-01-23T08:55:08+00:00\" \/>\n<meta property=\"og:image\" content=\"https:\/\/lilleartup.com\/wp-content\/uploads\/2025\/01\/COUV_Symbolisme.jpg\" \/>\n\t<meta property=\"og:image:width\" content=\"914\" \/>\n\t<meta property=\"og:image:height\" content=\"1080\" \/>\n\t<meta property=\"og:image:type\" content=\"image\/jpeg\" \/>\n<meta name=\"twitter:card\" content=\"summary_large_image\" \/>\n<meta name=\"twitter:label1\" content=\"Est. reading time\" \/>\n\t<meta name=\"twitter:data1\" content=\"1 minute\" \/>\n<script type=\"application\/ld+json\" class=\"yoast-schema-graph\">{\"@context\":\"https:\\\/\\\/schema.org\",\"@graph\":[{\"@type\":\"WebPage\",\"@id\":\"https:\\\/\\\/lilleartup.com\\\/en\\\/all-artists\\\/le-symbolisme\\\/\",\"url\":\"https:\\\/\\\/lilleartup.com\\\/en\\\/all-artists\\\/le-symbolisme\\\/\",\"name\":\"Le symbolisme - Lille art up!\",\"isPartOf\":{\"@id\":\"https:\\\/\\\/lilleartup.com\\\/en\\\/#website\"},\"primaryImageOfPage\":{\"@id\":\"https:\\\/\\\/lilleartup.com\\\/en\\\/all-artists\\\/le-symbolisme\\\/#primaryimage\"},\"image\":{\"@id\":\"https:\\\/\\\/lilleartup.com\\\/en\\\/all-artists\\\/le-symbolisme\\\/#primaryimage\"},\"thumbnailUrl\":\"https:\\\/\\\/lilleartup.com\\\/wp-content\\\/uploads\\\/2025\\\/01\\\/COUV_Symbolisme.jpg\",\"datePublished\":\"2025-01-17T08:22:25+00:00\",\"dateModified\":\"2025-01-23T08:55:08+00:00\",\"breadcrumb\":{\"@id\":\"https:\\\/\\\/lilleartup.com\\\/en\\\/all-artists\\\/le-symbolisme\\\/#breadcrumb\"},\"inLanguage\":\"en-US\",\"potentialAction\":[{\"@type\":\"ReadAction\",\"target\":[\"https:\\\/\\\/lilleartup.com\\\/en\\\/all-artists\\\/le-symbolisme\\\/\"]}]},{\"@type\":\"ImageObject\",\"inLanguage\":\"en-US\",\"@id\":\"https:\\\/\\\/lilleartup.com\\\/en\\\/all-artists\\\/le-symbolisme\\\/#primaryimage\",\"url\":\"https:\\\/\\\/lilleartup.com\\\/wp-content\\\/uploads\\\/2025\\\/01\\\/COUV_Symbolisme.jpg\",\"contentUrl\":\"https:\\\/\\\/lilleartup.com\\\/wp-content\\\/uploads\\\/2025\\\/01\\\/COUV_Symbolisme.jpg\",\"width\":914,\"height\":1080},{\"@type\":\"BreadcrumbList\",\"@id\":\"https:\\\/\\\/lilleartup.com\\\/en\\\/all-artists\\\/le-symbolisme\\\/#breadcrumb\",\"itemListElement\":[{\"@type\":\"ListItem\",\"position\":1,\"name\":\"Home\",\"item\":\"https:\\\/\\\/lilleartup.com\\\/en\\\/\"},{\"@type\":\"ListItem\",\"position\":2,\"name\":\"Artistes\",\"item\":\"https:\\\/\\\/lilleartup.com\\\/en\\\/all-artists\\\/\"},{\"@type\":\"ListItem\",\"position\":3,\"name\":\"Le symbolisme\"}]},{\"@type\":\"WebSite\",\"@id\":\"https:\\\/\\\/lilleartup.com\\\/en\\\/#website\",\"url\":\"https:\\\/\\\/lilleartup.com\\\/en\\\/\",\"name\":\"Lille art up!\",\"description\":\"\",\"potentialAction\":[{\"@type\":\"SearchAction\",\"target\":{\"@type\":\"EntryPoint\",\"urlTemplate\":\"https:\\\/\\\/lilleartup.com\\\/en\\\/?s={search_term_string}\"},\"query-input\":{\"@type\":\"PropertyValueSpecification\",\"valueRequired\":true,\"valueName\":\"search_term_string\"}}],\"inLanguage\":\"en-US\"}]}<\/script>\n<!-- \/ Yoast SEO plugin. -->","yoast_head_json":{"title":"Le symbolisme - Lille art up!","robots":{"index":"index","follow":"follow","max-snippet":"max-snippet:-1","max-image-preview":"max-image-preview:large","max-video-preview":"max-video-preview:-1"},"og_locale":"en_US","og_type":"article","og_title":"Le symbolisme - Lille art up!","og_description":"Dans un monde domin\u00e9 par le mat\u00e9rialisme, le progr\u00e8s scientifique et les cons\u00e9quences de la r\u00e9volution industrielle, le symbolisme constitue un ensemble de manifestations po\u00e9tiques et artistiques qui invoquent le droit au r\u00eave et le retour \u00e0 l\u2019int\u00e9riorit\u00e9. \u00c0 partir de la fin des ann\u00e9es 1880, peintres, sculpteurs, \u00e9crivains et musiciens se d\u00e9tournent du r\u00e9el [&hellip;]","og_url":"https:\/\/lilleartup.com\/en\/all-artists\/le-symbolisme\/","og_site_name":"Lille art up!","article_modified_time":"2025-01-23T08:55:08+00:00","og_image":[{"width":914,"height":1080,"url":"https:\/\/lilleartup.com\/wp-content\/uploads\/2025\/01\/COUV_Symbolisme.jpg","type":"image\/jpeg"}],"twitter_card":"summary_large_image","twitter_misc":{"Est. reading time":"1 minute"},"schema":{"@context":"https:\/\/schema.org","@graph":[{"@type":"WebPage","@id":"https:\/\/lilleartup.com\/en\/all-artists\/le-symbolisme\/","url":"https:\/\/lilleartup.com\/en\/all-artists\/le-symbolisme\/","name":"Le symbolisme - Lille art up!","isPartOf":{"@id":"https:\/\/lilleartup.com\/en\/#website"},"primaryImageOfPage":{"@id":"https:\/\/lilleartup.com\/en\/all-artists\/le-symbolisme\/#primaryimage"},"image":{"@id":"https:\/\/lilleartup.com\/en\/all-artists\/le-symbolisme\/#primaryimage"},"thumbnailUrl":"https:\/\/lilleartup.com\/wp-content\/uploads\/2025\/01\/COUV_Symbolisme.jpg","datePublished":"2025-01-17T08:22:25+00:00","dateModified":"2025-01-23T08:55:08+00:00","breadcrumb":{"@id":"https:\/\/lilleartup.com\/en\/all-artists\/le-symbolisme\/#breadcrumb"},"inLanguage":"en-US","potentialAction":[{"@type":"ReadAction","target":["https:\/\/lilleartup.com\/en\/all-artists\/le-symbolisme\/"]}]},{"@type":"ImageObject","inLanguage":"en-US","@id":"https:\/\/lilleartup.com\/en\/all-artists\/le-symbolisme\/#primaryimage","url":"https:\/\/lilleartup.com\/wp-content\/uploads\/2025\/01\/COUV_Symbolisme.jpg","contentUrl":"https:\/\/lilleartup.com\/wp-content\/uploads\/2025\/01\/COUV_Symbolisme.jpg","width":914,"height":1080},{"@type":"BreadcrumbList","@id":"https:\/\/lilleartup.com\/en\/all-artists\/le-symbolisme\/#breadcrumb","itemListElement":[{"@type":"ListItem","position":1,"name":"Home","item":"https:\/\/lilleartup.com\/en\/"},{"@type":"ListItem","position":2,"name":"Artistes","item":"https:\/\/lilleartup.com\/en\/all-artists\/"},{"@type":"ListItem","position":3,"name":"Le symbolisme"}]},{"@type":"WebSite","@id":"https:\/\/lilleartup.com\/en\/#website","url":"https:\/\/lilleartup.com\/en\/","name":"Lille art up!","description":"","potentialAction":[{"@type":"SearchAction","target":{"@type":"EntryPoint","urlTemplate":"https:\/\/lilleartup.com\/en\/?s={search_term_string}"},"query-input":{"@type":"PropertyValueSpecification","valueRequired":true,"valueName":"search_term_string"}}],"inLanguage":"en-US"}]}},"_links":{"self":[{"href":"https:\/\/lilleartup.com\/en\/wp-json\/wp\/v2\/artist\/104403","targetHints":{"allow":["GET"]}}],"collection":[{"href":"https:\/\/lilleartup.com\/en\/wp-json\/wp\/v2\/artist"}],"about":[{"href":"https:\/\/lilleartup.com\/en\/wp-json\/wp\/v2\/types\/artist"}],"author":[{"embeddable":true,"href":"https:\/\/lilleartup.com\/en\/wp-json\/wp\/v2\/users\/21"}],"version-history":[{"count":2,"href":"https:\/\/lilleartup.com\/en\/wp-json\/wp\/v2\/artist\/104403\/revisions"}],"predecessor-version":[{"id":105932,"href":"https:\/\/lilleartup.com\/en\/wp-json\/wp\/v2\/artist\/104403\/revisions\/105932"}],"wp:featuredmedia":[{"embeddable":true,"href":"https:\/\/lilleartup.com\/en\/wp-json\/wp\/v2\/media\/104404"}],"wp:attachment":[{"href":"https:\/\/lilleartup.com\/en\/wp-json\/wp\/v2\/media?parent=104403"}],"wp:term":[{"taxonomy":"taxo_year_participe","embeddable":true,"href":"https:\/\/lilleartup.com\/en\/wp-json\/wp\/v2\/taxo_year_participe?post=104403"}],"curies":[{"name":"wp","href":"https:\/\/api.w.org\/{rel}","templated":true}]}}

<p>Dans un monde dominé par le matérialisme, le progrès scientifique et les conséquences de la révolution industrielle, le symbolisme constitue un ensemble de manifestations poétiques et artistiques qui invoquent le droit au rêve et le retour à l’intériorité. À partir de la fin des années 1880, peintres, sculpteurs, écrivains et musiciens se détournent du réel pour questionner l’invisible et approfondir une représentation idéaliste du monde. À travers des pratiques et des recherches esthétiques aussi variées que singulières, les symbolistes parviennent, comme l’écrit Tancrède de Visan, « à résoudre l’équation : tout ce qu’on voit, plus tout ce qu’on ne voit pas ».<br />
De Gustave Moreau à Paul Gauguin et à Gustav Klimt, d’Edvard Munch à Odilon Redon et à Stéphane Mallarmé et d’Auguste Rodin à Claude Debussy, ce sont deux générations de créateurs qui, jusqu’à la veille de la Première Guerre mondiale, témoignent de ce moment de civilisation où l’on n’aura jamais autant exploré les ressorts cachés de l’art et de la vie. Maillon essentiel de l’histoire de l’art, le symbolisme constitue à la fois l’examen de conscience d’un siècle troublé et l’une des sources essentielles des avant-gardes.<br />
Codirigé et rédigé par des spécialistes éminents de l’art de la fin du XIXe siècle, ce livre donne la première place aux œuvres, point de départ de toute analyse. Il comble ainsi un manque de la bibliographie déjà ancienne. Les images symbolistes parlent, parfois mystérieusement : cet ouvrage permet d’entendre leur message empli d’humanité et de richesse visionnaire.</p>

<!-- This site is optimized with the Yoast SEO plugin v27.4 - https://yoast.com/product/yoast-seo-wordpress/ -->
<title>Le symbolisme - Lille art up!</title>
<meta name="robots" content="index, follow, max-snippet:-1, max-image-preview:large, max-video-preview:-1" />
<meta property="og:locale" content="en_US" />
<meta property="og:type" content="article" />
<meta property="og:title" content="Le symbolisme - Lille art up!" />
<meta property="og:description" content="Dans un monde dominé par le matérialisme, le progrès scientifique et les conséquences de la révolution industrielle, le symbolisme constitue un ensemble de manifestations poétiques et artistiques qui invoquent le droit au rêve et le retour à l’intériorité. À partir de la fin des années 1880, peintres, sculpteurs, écrivains et musiciens se détournent du réel [&hellip;]" />
<meta property="og:url" content="https://lilleartup.com/en/all-artists/le-symbolisme/" />
<meta property="og:site_name" content="Lille art up!" />
<meta property="article:modified_time" content="2025-01-23T08:55:08+00:00" />
<meta property="og:image" content="https://lilleartup.com/wp-content/uploads/2025/01/COUV_Symbolisme.jpg" />
	<meta property="og:image:width" content="914" />
	<meta property="og:image:height" content="1080" />
	<meta property="og:image:type" content="image/jpeg" />
<meta name="twitter:card" content="summary_large_image" />
<meta name="twitter:label1" content="Est. reading time" />
	<meta name="twitter:data1" content="1 minute" />
<script type="application/ld+json" class="yoast-schema-graph">{"@context":"https:\/\/schema.org","@graph":[{"@type":"WebPage","@id":"https:\/\/lilleartup.com\/en\/all-artists\/le-symbolisme\/","url":"https:\/\/lilleartup.com\/en\/all-artists\/le-symbolisme\/","name":"Le symbolisme - Lille art up!","isPartOf":{"@id":"https:\/\/lilleartup.com\/en\/#website"},"primaryImageOfPage":{"@id":"https:\/\/lilleartup.com\/en\/all-artists\/le-symbolisme\/#primaryimage"},"image":{"@id":"https:\/\/lilleartup.com\/en\/all-artists\/le-symbolisme\/#primaryimage"},"thumbnailUrl":"https:\/\/lilleartup.com\/wp-content\/uploads\/2025\/01\/COUV_Symbolisme.jpg","datePublished":"2025-01-17T08:22:25+00:00","dateModified":"2025-01-23T08:55:08+00:00","breadcrumb":{"@id":"https:\/\/lilleartup.com\/en\/all-artists\/le-symbolisme\/#breadcrumb"},"inLanguage":"en-US","potentialAction":[{"@type":"ReadAction","target":["https:\/\/lilleartup.com\/en\/all-artists\/le-symbolisme\/"]}]},{"@type":"ImageObject","inLanguage":"en-US","@id":"https:\/\/lilleartup.com\/en\/all-artists\/le-symbolisme\/#primaryimage","url":"https:\/\/lilleartup.com\/wp-content\/uploads\/2025\/01\/COUV_Symbolisme.jpg","contentUrl":"https:\/\/lilleartup.com\/wp-content\/uploads\/2025\/01\/COUV_Symbolisme.jpg","width":914,"height":1080},{"@type":"BreadcrumbList","@id":"https:\/\/lilleartup.com\/en\/all-artists\/le-symbolisme\/#breadcrumb","itemListElement":[{"@type":"ListItem","position":1,"name":"Home","item":"https:\/\/lilleartup.com\/en\/"},{"@type":"ListItem","position":2,"name":"Artistes","item":"https:\/\/lilleartup.com\/en\/all-artists\/"},{"@type":"ListItem","position":3,"name":"Le symbolisme"}]},{"@type":"WebSite","@id":"https:\/\/lilleartup.com\/en\/#website","url":"https:\/\/lilleartup.com\/en\/","name":"Lille art up!","description":"","potentialAction":[{"@type":"SearchAction","target":{"@type":"EntryPoint","urlTemplate":"https:\/\/lilleartup.com\/en\/?s={search_term_string}"},"query-input":{"@type":"PropertyValueSpecification","valueRequired":true,"valueName":"search_term_string"}}],"inLanguage":"en-US"}]}</script>
<!-- / Yoast SEO plugin. -->

Dans un monde dominé par le matérialisme, le progrès scientifique et les conséquences de la révolution industrielle, le symbolisme constitue un ensemble de manifestations poétiques et artistiques qui invoquent le droit au rêve et le retour à l’intériorité. À partir de la fin des années 1880, peintres, sculpteurs, écrivains et musiciens se détournent du réel [&hellip;]
