{"id":102999,"date":"2025-01-14T16:58:15","date_gmt":"2025-01-14T15:58:15","guid":{"rendered":"https:\/\/lilleartup.com\/?post_type=artist&#038;p=102999"},"modified":"2025-01-22T14:24:28","modified_gmt":"2025-01-22T13:24:28","slug":"dali","status":"publish","type":"artist","link":"https:\/\/lilleartup.com\/en\/all-artists\/dali\/","title":{"rendered":"Dal\u00ed"},"content":{"rendered":"<p>Salvador Felipe Jacinto Dal\u00ed y Dom\u00e9nech was born in 1904 in Figueras, Spain. He is known worldly to be a prominent figure of the surrealist art movement and a 20th-century icon. He was a painter, sculptor, and author.<\/p>\n<p>Influenced by Impressionism, he began his artistic training at the Academy of Madrid. On Joan Miro\u2019s advice, he then left for Paris, where he joined other artists, such as Pablo Picasso and Ren\u00e9 Magritte. and met his future wife and inspiration Gala.<br \/>\nHe found his unique style around 1929 by inventing the paranoid critical method. His works revolve around the themes of dreams, sexuality, his wife Gala, and religion.<\/p>\n","protected":false},"author":554,"featured_media":103000,"template":"","taxo_year_participe":[136],"class_list":["post-102999","artist","type-artist","status-publish","has-post-thumbnail","hentry"],"acf":[],"yoast_head":"<!-- This site is optimized with the Yoast SEO plugin v27.4 - https:\/\/yoast.com\/product\/yoast-seo-wordpress\/ -->\n<title>Dal\u00ed - Lille art up!<\/title>\n<meta name=\"robots\" content=\"index, follow, max-snippet:-1, max-image-preview:large, max-video-preview:-1\" \/>\n<meta property=\"og:locale\" content=\"en_US\" \/>\n<meta property=\"og:type\" content=\"article\" \/>\n<meta property=\"og:title\" content=\"Dal\u00ed - Lille art up!\" \/>\n<meta property=\"og:description\" content=\"Salvador Felipe Jacinto Dal\u00ed y Dom\u00e9nech was born in 1904 in Figueras, Spain. He is known worldly to be a prominent figure of the surrealist art movement and a 20th-century icon. He was a painter, sculptor, and author. Influenced by Impressionism, he began his artistic training at the Academy of Madrid. On Joan Miro\u2019s advice, [&hellip;]\" \/>\n<meta property=\"og:url\" content=\"https:\/\/lilleartup.com\/en\/all-artists\/dali\/\" \/>\n<meta property=\"og:site_name\" content=\"Lille art up!\" \/>\n<meta property=\"article:modified_time\" content=\"2025-01-22T13:24:28+00:00\" \/>\n<meta property=\"og:image\" content=\"https:\/\/lilleartup.com\/wp-content\/uploads\/2025\/01\/DALI-2.jpg\" \/>\n\t<meta property=\"og:image:width\" content=\"980\" \/>\n\t<meta property=\"og:image:height\" content=\"1080\" \/>\n\t<meta property=\"og:image:type\" content=\"image\/jpeg\" \/>\n<meta name=\"twitter:card\" content=\"summary_large_image\" \/>\n<meta name=\"twitter:label1\" content=\"Est. reading time\" \/>\n\t<meta name=\"twitter:data1\" content=\"1 minute\" \/>\n<script type=\"application\/ld+json\" class=\"yoast-schema-graph\">{\"@context\":\"https:\\\/\\\/schema.org\",\"@graph\":[{\"@type\":\"WebPage\",\"@id\":\"https:\\\/\\\/lilleartup.com\\\/en\\\/all-artists\\\/dali\\\/\",\"url\":\"https:\\\/\\\/lilleartup.com\\\/en\\\/all-artists\\\/dali\\\/\",\"name\":\"Dal\u00ed - Lille art up!\",\"isPartOf\":{\"@id\":\"https:\\\/\\\/lilleartup.com\\\/en\\\/#website\"},\"primaryImageOfPage\":{\"@id\":\"https:\\\/\\\/lilleartup.com\\\/en\\\/all-artists\\\/dali\\\/#primaryimage\"},\"image\":{\"@id\":\"https:\\\/\\\/lilleartup.com\\\/en\\\/all-artists\\\/dali\\\/#primaryimage\"},\"thumbnailUrl\":\"https:\\\/\\\/lilleartup.com\\\/wp-content\\\/uploads\\\/2025\\\/01\\\/DALI-2.jpg\",\"datePublished\":\"2025-01-14T15:58:15+00:00\",\"dateModified\":\"2025-01-22T13:24:28+00:00\",\"breadcrumb\":{\"@id\":\"https:\\\/\\\/lilleartup.com\\\/en\\\/all-artists\\\/dali\\\/#breadcrumb\"},\"inLanguage\":\"en-US\",\"potentialAction\":[{\"@type\":\"ReadAction\",\"target\":[\"https:\\\/\\\/lilleartup.com\\\/en\\\/all-artists\\\/dali\\\/\"]}]},{\"@type\":\"ImageObject\",\"inLanguage\":\"en-US\",\"@id\":\"https:\\\/\\\/lilleartup.com\\\/en\\\/all-artists\\\/dali\\\/#primaryimage\",\"url\":\"https:\\\/\\\/lilleartup.com\\\/wp-content\\\/uploads\\\/2025\\\/01\\\/DALI-2.jpg\",\"contentUrl\":\"https:\\\/\\\/lilleartup.com\\\/wp-content\\\/uploads\\\/2025\\\/01\\\/DALI-2.jpg\",\"width\":980,\"height\":1080},{\"@type\":\"BreadcrumbList\",\"@id\":\"https:\\\/\\\/lilleartup.com\\\/en\\\/all-artists\\\/dali\\\/#breadcrumb\",\"itemListElement\":[{\"@type\":\"ListItem\",\"position\":1,\"name\":\"Home\",\"item\":\"https:\\\/\\\/lilleartup.com\\\/en\\\/\"},{\"@type\":\"ListItem\",\"position\":2,\"name\":\"Artistes\",\"item\":\"https:\\\/\\\/lilleartup.com\\\/en\\\/all-artists\\\/\"},{\"@type\":\"ListItem\",\"position\":3,\"name\":\"Dal\u00ed\"}]},{\"@type\":\"WebSite\",\"@id\":\"https:\\\/\\\/lilleartup.com\\\/en\\\/#website\",\"url\":\"https:\\\/\\\/lilleartup.com\\\/en\\\/\",\"name\":\"Lille art up!\",\"description\":\"\",\"potentialAction\":[{\"@type\":\"SearchAction\",\"target\":{\"@type\":\"EntryPoint\",\"urlTemplate\":\"https:\\\/\\\/lilleartup.com\\\/en\\\/?s={search_term_string}\"},\"query-input\":{\"@type\":\"PropertyValueSpecification\",\"valueRequired\":true,\"valueName\":\"search_term_string\"}}],\"inLanguage\":\"en-US\"}]}<\/script>\n<!-- \/ Yoast SEO plugin. -->","yoast_head_json":{"title":"Dal\u00ed - Lille art up!","robots":{"index":"index","follow":"follow","max-snippet":"max-snippet:-1","max-image-preview":"max-image-preview:large","max-video-preview":"max-video-preview:-1"},"og_locale":"en_US","og_type":"article","og_title":"Dal\u00ed - Lille art up!","og_description":"Salvador Felipe Jacinto Dal\u00ed y Dom\u00e9nech was born in 1904 in Figueras, Spain. He is known worldly to be a prominent figure of the surrealist art movement and a 20th-century icon. He was a painter, sculptor, and author. Influenced by Impressionism, he began his artistic training at the Academy of Madrid. On Joan Miro\u2019s advice, [&hellip;]","og_url":"https:\/\/lilleartup.com\/en\/all-artists\/dali\/","og_site_name":"Lille art up!","article_modified_time":"2025-01-22T13:24:28+00:00","og_image":[{"width":980,"height":1080,"url":"https:\/\/lilleartup.com\/wp-content\/uploads\/2025\/01\/DALI-2.jpg","type":"image\/jpeg"}],"twitter_card":"summary_large_image","twitter_misc":{"Est. reading time":"1 minute"},"schema":{"@context":"https:\/\/schema.org","@graph":[{"@type":"WebPage","@id":"https:\/\/lilleartup.com\/en\/all-artists\/dali\/","url":"https:\/\/lilleartup.com\/en\/all-artists\/dali\/","name":"Dal\u00ed - Lille art up!","isPartOf":{"@id":"https:\/\/lilleartup.com\/en\/#website"},"primaryImageOfPage":{"@id":"https:\/\/lilleartup.com\/en\/all-artists\/dali\/#primaryimage"},"image":{"@id":"https:\/\/lilleartup.com\/en\/all-artists\/dali\/#primaryimage"},"thumbnailUrl":"https:\/\/lilleartup.com\/wp-content\/uploads\/2025\/01\/DALI-2.jpg","datePublished":"2025-01-14T15:58:15+00:00","dateModified":"2025-01-22T13:24:28+00:00","breadcrumb":{"@id":"https:\/\/lilleartup.com\/en\/all-artists\/dali\/#breadcrumb"},"inLanguage":"en-US","potentialAction":[{"@type":"ReadAction","target":["https:\/\/lilleartup.com\/en\/all-artists\/dali\/"]}]},{"@type":"ImageObject","inLanguage":"en-US","@id":"https:\/\/lilleartup.com\/en\/all-artists\/dali\/#primaryimage","url":"https:\/\/lilleartup.com\/wp-content\/uploads\/2025\/01\/DALI-2.jpg","contentUrl":"https:\/\/lilleartup.com\/wp-content\/uploads\/2025\/01\/DALI-2.jpg","width":980,"height":1080},{"@type":"BreadcrumbList","@id":"https:\/\/lilleartup.com\/en\/all-artists\/dali\/#breadcrumb","itemListElement":[{"@type":"ListItem","position":1,"name":"Home","item":"https:\/\/lilleartup.com\/en\/"},{"@type":"ListItem","position":2,"name":"Artistes","item":"https:\/\/lilleartup.com\/en\/all-artists\/"},{"@type":"ListItem","position":3,"name":"Dal\u00ed"}]},{"@type":"WebSite","@id":"https:\/\/lilleartup.com\/en\/#website","url":"https:\/\/lilleartup.com\/en\/","name":"Lille art up!","description":"","potentialAction":[{"@type":"SearchAction","target":{"@type":"EntryPoint","urlTemplate":"https:\/\/lilleartup.com\/en\/?s={search_term_string}"},"query-input":{"@type":"PropertyValueSpecification","valueRequired":true,"valueName":"search_term_string"}}],"inLanguage":"en-US"}]}},"_links":{"self":[{"href":"https:\/\/lilleartup.com\/en\/wp-json\/wp\/v2\/artist\/102999","targetHints":{"allow":["GET"]}}],"collection":[{"href":"https:\/\/lilleartup.com\/en\/wp-json\/wp\/v2\/artist"}],"about":[{"href":"https:\/\/lilleartup.com\/en\/wp-json\/wp\/v2\/types\/artist"}],"author":[{"embeddable":true,"href":"https:\/\/lilleartup.com\/en\/wp-json\/wp\/v2\/users\/554"}],"version-history":[{"count":2,"href":"https:\/\/lilleartup.com\/en\/wp-json\/wp\/v2\/artist\/102999\/revisions"}],"predecessor-version":[{"id":105643,"href":"https:\/\/lilleartup.com\/en\/wp-json\/wp\/v2\/artist\/102999\/revisions\/105643"}],"wp:featuredmedia":[{"embeddable":true,"href":"https:\/\/lilleartup.com\/en\/wp-json\/wp\/v2\/media\/103000"}],"wp:attachment":[{"href":"https:\/\/lilleartup.com\/en\/wp-json\/wp\/v2\/media?parent=102999"}],"wp:term":[{"taxonomy":"taxo_year_participe","embeddable":true,"href":"https:\/\/lilleartup.com\/en\/wp-json\/wp\/v2\/taxo_year_participe?post=102999"}],"curies":[{"name":"wp","href":"https:\/\/api.w.org\/{rel}","templated":true}]}}

Dalí

<p>Salvador Felipe Jacinto Dalí y Doménech was born in 1904 in Figueras, Spain. He is known worldly to be a prominent figure of the surrealist art movement and a 20th-century icon. He was a painter, sculptor, and author.</p>
<p>Influenced by Impressionism, he began his artistic training at the Academy of Madrid. On Joan Miro’s advice, he then left for Paris, where he joined other artists, such as Pablo Picasso and René Magritte. and met his future wife and inspiration Gala.<br />
He found his unique style around 1929 by inventing the paranoid critical method. His works revolve around the themes of dreams, sexuality, his wife Gala, and religion.</p>

<!-- This site is optimized with the Yoast SEO plugin v27.4 - https://yoast.com/product/yoast-seo-wordpress/ -->
<title>Dalí - Lille art up!</title>
<meta name="robots" content="index, follow, max-snippet:-1, max-image-preview:large, max-video-preview:-1" />
<meta property="og:locale" content="en_US" />
<meta property="og:type" content="article" />
<meta property="og:title" content="Dalí - Lille art up!" />
<meta property="og:description" content="Salvador Felipe Jacinto Dalí y Doménech was born in 1904 in Figueras, Spain. He is known worldly to be a prominent figure of the surrealist art movement and a 20th-century icon. He was a painter, sculptor, and author. Influenced by Impressionism, he began his artistic training at the Academy of Madrid. On Joan Miro’s advice, [&hellip;]" />
<meta property="og:url" content="https://lilleartup.com/en/all-artists/dali/" />
<meta property="og:site_name" content="Lille art up!" />
<meta property="article:modified_time" content="2025-01-22T13:24:28+00:00" />
<meta property="og:image" content="https://lilleartup.com/wp-content/uploads/2025/01/DALI-2.jpg" />
	<meta property="og:image:width" content="980" />
	<meta property="og:image:height" content="1080" />
	<meta property="og:image:type" content="image/jpeg" />
<meta name="twitter:card" content="summary_large_image" />
<meta name="twitter:label1" content="Est. reading time" />
	<meta name="twitter:data1" content="1 minute" />
<script type="application/ld+json" class="yoast-schema-graph">{"@context":"https:\/\/schema.org","@graph":[{"@type":"WebPage","@id":"https:\/\/lilleartup.com\/en\/all-artists\/dali\/","url":"https:\/\/lilleartup.com\/en\/all-artists\/dali\/","name":"Dalí - Lille art up!","isPartOf":{"@id":"https:\/\/lilleartup.com\/en\/#website"},"primaryImageOfPage":{"@id":"https:\/\/lilleartup.com\/en\/all-artists\/dali\/#primaryimage"},"image":{"@id":"https:\/\/lilleartup.com\/en\/all-artists\/dali\/#primaryimage"},"thumbnailUrl":"https:\/\/lilleartup.com\/wp-content\/uploads\/2025\/01\/DALI-2.jpg","datePublished":"2025-01-14T15:58:15+00:00","dateModified":"2025-01-22T13:24:28+00:00","breadcrumb":{"@id":"https:\/\/lilleartup.com\/en\/all-artists\/dali\/#breadcrumb"},"inLanguage":"en-US","potentialAction":[{"@type":"ReadAction","target":["https:\/\/lilleartup.com\/en\/all-artists\/dali\/"]}]},{"@type":"ImageObject","inLanguage":"en-US","@id":"https:\/\/lilleartup.com\/en\/all-artists\/dali\/#primaryimage","url":"https:\/\/lilleartup.com\/wp-content\/uploads\/2025\/01\/DALI-2.jpg","contentUrl":"https:\/\/lilleartup.com\/wp-content\/uploads\/2025\/01\/DALI-2.jpg","width":980,"height":1080},{"@type":"BreadcrumbList","@id":"https:\/\/lilleartup.com\/en\/all-artists\/dali\/#breadcrumb","itemListElement":[{"@type":"ListItem","position":1,"name":"Home","item":"https:\/\/lilleartup.com\/en\/"},{"@type":"ListItem","position":2,"name":"Artistes","item":"https:\/\/lilleartup.com\/en\/all-artists\/"},{"@type":"ListItem","position":3,"name":"Dalí"}]},{"@type":"WebSite","@id":"https:\/\/lilleartup.com\/en\/#website","url":"https:\/\/lilleartup.com\/en\/","name":"Lille art up!","description":"","potentialAction":[{"@type":"SearchAction","target":{"@type":"EntryPoint","urlTemplate":"https:\/\/lilleartup.com\/en\/?s={search_term_string}"},"query-input":{"@type":"PropertyValueSpecification","valueRequired":true,"valueName":"search_term_string"}}],"inLanguage":"en-US"}]}</script>
<!-- / Yoast SEO plugin. -->

Dalí - Lille art up!

Salvador Felipe Jacinto Dalí y Doménech was born in 1904 in Figueras, Spain. He is known worldly to be a prominent figure of the surrealist art movement and a 20th-century icon. He was a painter, sculptor, and author. Influenced by Impressionism, he began his artistic training at the Academy of Madrid. On Joan Miro’s advice, [&hellip;]
