{"version":"1.0","provider_name":"Lille art up!","provider_url":"https:\/\/lilleartup.com\/en\/","author_name":"GALERIE AUDET","author_url":"https:\/\/lilleartup.com\/en\/author\/galerie-audet\/","title":"Doucet - Lille art up!","type":"rich","width":600,"height":338,"html":"<blockquote class=\"wp-embedded-content\" data-secret=\"qiKJXNdCD6\"><a href=\"https:\/\/lilleartup.com\/en\/all-artists\/doucet\/\">Doucet<\/a><\/blockquote><iframe sandbox=\"allow-scripts\" security=\"restricted\" src=\"https:\/\/lilleartup.com\/en\/all-artists\/doucet\/embed\/#?secret=qiKJXNdCD6\" width=\"600\" height=\"338\" title=\"&#8220;Doucet&#8221; &#8212; Lille art up!\" data-secret=\"qiKJXNdCD6\" frameborder=\"0\" marginwidth=\"0\" marginheight=\"0\" scrolling=\"no\" class=\"wp-embedded-content\"><\/iframe><script type=\"text\/javascript\">\n\/* <![CDATA[ *\/\n\/*! This file is auto-generated *\/\n!function(d,l){\"use strict\";l.querySelector&&d.addEventListener&&\"undefined\"!=typeof URL&&(d.wp=d.wp||{},d.wp.receiveEmbedMessage||(d.wp.receiveEmbedMessage=function(e){var t=e.data;if((t||t.secret||t.message||t.value)&&!\/[^a-zA-Z0-9]\/.test(t.secret)){for(var s,r,n,a=l.querySelectorAll('iframe[data-secret=\"'+t.secret+'\"]'),o=l.querySelectorAll('blockquote[data-secret=\"'+t.secret+'\"]'),c=new RegExp(\"^https?:$\",\"i\"),i=0;i<o.length;i++)o[i].style.display=\"none\";for(i=0;i<a.length;i++)s=a[i],e.source===s.contentWindow&&(s.removeAttribute(\"style\"),\"height\"===t.message?(1e3<(r=parseInt(t.value,10))?r=1e3:~~r<200&&(r=200),s.height=r):\"link\"===t.message&&(r=new URL(s.getAttribute(\"src\")),n=new URL(t.value),c.test(n.protocol))&&n.host===r.host&&l.activeElement===s&&(d.top.location.href=t.value))}},d.addEventListener(\"message\",d.wp.receiveEmbedMessage,!1),l.addEventListener(\"DOMContentLoaded\",function(){for(var e,t,s=l.querySelectorAll(\"iframe.wp-embedded-content\"),r=0;r<s.length;r++)(t=(e=s[r]).getAttribute(\"data-secret\"))||(t=Math.random().toString(36).substring(2,12),e.src+=\"#?secret=\"+t,e.setAttribute(\"data-secret\",t)),e.contentWindow.postMessage({message:\"ready\",secret:t},\"*\")},!1)))}(window,document);\n\/\/# sourceURL=https:\/\/lilleartup.com\/wp-includes\/js\/wp-embed.min.js\n\/* ]]> *\/\n<\/script>\n","description":"Jeune, il pr\u00e9f\u00e8re les galeries \u00e0 l\u2019\u00c9cole des beaux-arts, qu&#8217;il trouve peu int\u00e9ressante. Il expose au Salon d\u2019automne en 1943 et 1944, puis au Salon des surind\u00e9pendants en 1945 et 1946. En 1947, \u00e0 la galerie Kahnweiler, il rencontre une collectionneuse hongroise qui l\u2019invite \u00e0 Budapest. L\u00e0, il r\u00e9alise sa premi\u00e8re exposition \u00e0 l\u2019Europai Iskola, [&hellip;]"}

Jeune, il préfère les galeries à l’École des beaux-arts, qu&#8217;il trouve peu intéressante. Il expose au Salon d’automne en 1943 et 1944, puis au Salon des surindépendants en 1945 et 1946. En 1947, à la galerie Kahnweiler, il rencontre une collectionneuse hongroise qui l’invite à Budapest. Là, il réalise sa première exposition à l’Europai Iskola, [&hellip;]
